{"id":419,"date":"2024-03-01T12:58:33","date_gmt":"2024-03-01T11:58:33","guid":{"rendered":"https:\/\/monitorykomercyjne.pl\/?post_type=product&#038;p=419"},"modified":"2024-05-09T09:39:53","modified_gmt":"2024-05-09T07:39:53","slug":"nec-multisync-ea271f-monitor-27","status":"publish","type":"product","link":"https:\/\/monitorykomercyjne.pl\/index.php\/produkt\/nec-multisync-ea271f-monitor-27\/","title":{"rendered":"NEC MultiSync\u00ae\u00a0EA271F &#8211; Monitor 27&#8243;"},"content":{"rendered":"<section id=\"overview\" class=\"row\">\n<div class=\"columns medium-6\">\n<p><!-- ossproductdescstart --><\/p>\n<p><b>NEC MultiSync\u00ae EA271F \u2013 monitor gotowy na\u00a0wyzwania przysz\u0142o\u015bci, \u0142\u0105cz\u0105cy najwy\u017csz\u0105 jako\u015b\u0107 wy\u015bwietlania z\u00a0najwy\u017cszym poziomem ergonomii<\/b><\/p>\n<p>Monitor o\u00a0przek\u0105tnej 27\u201d i\u00a0bardzo cienkiej ramce oferuje wysoki zakres regulacji, dzi\u0119ki czemu mo\u017ce idealnie dostosowa\u0107 si\u0119 do\u00a0scenariusza u\u017cytkowego, co pomo\u017ce w\u00a0osi\u0105gni\u0119ciu maksymalnej wydajno\u015bci biurowej.<\/p>\n<p>Wyj\u0105tkowo szeroki zakres funkcji wspomagaj\u0105cych ergonomi\u0119 pracy umo\u017cliwia doskona\u0142e dopasowanie do\u00a0indywidualnych potrzeb. Szczeg\u00f3ln\u0105 uwag\u0119 zwr\u00f3cono na\u00a0kwesti\u0119 dobrego samopoczucia u\u017cytkownika, dlatego zastosowano zintegrowany czujnik nat\u0119\u017cenia o\u015bwietlenia w\u00a0otoczeniu oraz chroni\u0105ce wzrok technologie Low Blue Light i\u00a0Flicker-Free. Liczne mo\u017cliwo\u015bci pod\u0142\u0105cze\u0144 gwarantuj\u0105 d\u0142ugoterminow\u0105 ochron\u0119 zainwestowanych \u015brodk\u00f3w.<\/p>\n<p>&#8222;Zalety urz\u0105dzenia doceni\u0105 pracownicy biur, sterowni oraz parkiet\u00f3w gie\u0142dowych. Ze wzgl\u0119du na\u00a0ultraw\u0105sk\u0105 ramk\u0119 urz\u0105dzenie doskonale sprawdzi si\u0119 w\u00a0konfiguracjach wielomonitorowych, gdy\u017c odleg\u0142o\u015bci mi\u0119dzy obszarami roboczymi s\u0105 bardzo niewielkie.&#8221;<\/p>\n<p><!-- ossproductdescend --><\/p>\n<\/div>\n<div class=\"columns medium-6\">\n<h3>Korzy\u015bci<\/h3>\n<ul>\n<li><b>Ergonomia w biurze<\/b> \u2013pe\u0142na regulacja wysoko\u015bci (150 mm) wraz z mo\u017cliwo\u015bci\u0105 zmiany orientacji ekranu (pivot), pochylenia (tilt) i obrotu w poziomie (swivel) pozwalaj\u0105 na doskona\u0142e dostosowanie monitora do ergonomicznych wymaga\u0144 u\u017cytkownika.<\/li>\n<li><b>Ochrona oczu przed nadmiernym wysi\u0142kiem i\u00a0uszkodzeniem<\/b> \u2013Wbudowana technologia Low Blue Light odfiltrowuje szkodliwe emisje niebieskiego \u015bwiat\u0142a, a\u00a0technologia Flicker-Free eliminuje migotanie pod\u015bwietlenia, chroni\u0105c oczy przed za\u0107m\u0105 i\u00a0zwyrodnieniem plamki \u017c\u00f3\u0142tej bez pogarszania rzeczywistego oddawania barw przez monitor.<\/li>\n<li><b>Przewaga formy i\u00a0funkcjonalno\u015bci<\/b> \u2013urz\u0105dzenie jest gotowe na\u00a0technologie przysz\u0142o\u015bci, dysponuje tr\u00f3jstronn\u0105 ultraw\u0105sk\u0105 ramk\u0105 o\u00a0szeroko\u015bci, jest dost\u0119pne w\u00a0czerni lub bieli i\u00a0doskonale pasuje do\u00a0wzornictwa nowoczesnych przestrzeni biurowych.<\/li>\n<li><b>\u0141atwo\u015b\u0107 sterowania wieloma wy\u015bwietlaczami <\/b> \u2013technologia ControlSync\u00ae na\u00a0urz\u0105dzeniu g\u0142\u00f3wnym umo\u017cliwia dokonywanie zmian ustawie\u0144 nawet do 5 urz\u0105dze\u0144 w\u00a0konfiguracji wielomonitorowej.<\/li>\n<li><b>Zmaksymalizuj jako\u015b\u0107 wy\u015bwietlania dzi\u0119ki funkcji \u201ejednorodno\u015b\u0107 wy\u015bwietlania\u201d<\/b> \u2013jednym klikni\u0119ciem menu ekranowego uzyskasz wzorcow\u0105 jednorodno\u015b\u0107 wy\u015bwietlania w\u00a0konfiguracjach wielomonitorowych.<\/li>\n<\/ul>\n<\/div>\n<\/section>\n<dl id=\"speciList\" class=\"js-accordion\">\n<dt class=\"js-accordion__toggle accordion__toggle\">WY\u015aWIETLACZ<\/dt>\n<dd class=\"js-accordion__content\">\n<table class=\"datalist datalist--divided-inset\">\n<tbody>\n<tr>\n<td>Rodzaj panelu<\/td>\n<td>AH-IPS LCD with LED Backlight<\/td>\n<\/tr>\n<tr>\n<td>Wielko\u015b\u0107 ekranu [cale\/cm]<\/td>\n<td>27 \/ 69<\/td>\n<\/tr>\n<tr>\n<td>Proporcje obrazu<\/td>\n<td>16:9<\/td>\n<\/tr>\n<tr>\n<td>Rozmiar gamutu barwowego<\/td>\n<td>102 % sRGB; 75.5% AdobeRGB, 72% NTSC<\/td>\n<\/tr>\n<tr>\n<td>Rozmiar plamki [mm]<\/td>\n<td>0.311<\/td>\n<\/tr>\n<tr>\n<td>Jasno\u015b\u0107 [cd\/m\u00b2]<\/td>\n<td>250<\/td>\n<\/tr>\n<tr>\n<td>Kontrast<\/td>\n<td>1000:1 (5000:1 kontrast dynamiczny)<\/td>\n<\/tr>\n<tr>\n<td>Czas reakcji [ms]<\/td>\n<td>6<\/td>\n<\/tr>\n<tr>\n<td>Ilo\u015b\u0107 kolor\u00f3w [Mln]<\/td>\n<td>16.777<\/td>\n<\/tr>\n<\/tbody>\n<\/table>\n<\/dd>\n<dt class=\"js-accordion__toggle accordion__toggle\">CZ\u0118STOTLIWO\u015a\u0106 SYNCHRONIZACJI<\/dt>\n<dd class=\"js-accordion__content\">\n<table class=\"datalist datalist--divided-inset\">\n<tbody>\n<tr>\n<td>Cz\u0119stotliwo\u015b\u0107 pozioma [kHz]<\/td>\n<td>31.5 &#8211; 83<\/td>\n<\/tr>\n<tr>\n<td>Cz\u0119stotliwo\u015b\u0107 pionowa [Hz]<\/td>\n<td>56 &#8211; 75<\/td>\n<\/tr>\n<\/tbody>\n<\/table>\n<\/dd>\n<dt class=\"js-accordion__toggle accordion__toggle\">ROZDZIELCZO\u015a\u0106<\/dt>\n<dd class=\"js-accordion__content\">\n<table class=\"datalist datalist--divided-inset\">\n<tbody>\n<tr>\n<td>Rozdzielczo\u015b\u0107 optymalna<\/td>\n<td>\n<div class=\"productSpecRes productSpecRes--columns\">1920 x 1080 przy 60 Hz<\/div>\n<\/td>\n<\/tr>\n<tr>\n<td>Obs\u0142ugiwane rozdzielczo\u015bci<\/td>\n<td>\n<div class=\"productSpecRes productSpecRes--columns\">1024 x 768; 1280 x 1024; 1280 x 720; 1280 x 960; 1440 x 900; 1680 x 1050; 1920 x 1080; 640 x 480; 720 x 400 (70 Hz); 800 x 600<\/div>\n<\/td>\n<\/tr>\n<\/tbody>\n<\/table>\n<\/dd>\n<dt class=\"js-accordion__toggle accordion__toggle\">MO\u017bLIWO\u015aCI POD\u0141\u0104CZANIA<\/dt>\n<dd class=\"js-accordion__content\">\n<table class=\"datalist datalist--divided-inset\">\n<tbody>\n<tr>\n<td>Cyfrowe<\/td>\n<td>1 x DisplayPort; 1 x DVI-D; 1 x HDMI; USB wer. 3.1 (3 porty downstream \/ 1 porty upstream)<\/td>\n<\/tr>\n<tr>\n<td>Analogowe<\/td>\n<td>1 x VGA<\/td>\n<\/tr>\n<\/tbody>\n<\/table>\n<\/dd>\n<dt class=\"js-accordion__toggle accordion__toggle\">PARAMETRY ELEKTRYCZNE<\/dt>\n<dd class=\"js-accordion__content\">\n<table class=\"datalist datalist--divided-inset\">\n<tbody>\n<tr>\n<td>Pob\u00f3r mocy [W]<\/td>\n<td>12 (Tryb Eco 2); 17 (Tryb Eco); 17 (typ.); 45 (maks.)<\/td>\n<\/tr>\n<tr>\n<td>Tryb Power Save [W]<\/td>\n<td>&lt; 0.5<\/td>\n<\/tr>\n<tr>\n<td>Zasilanie<\/td>\n<td>0.85 A\/0.45 A; 100-240 V; zintegrowany zasilacz<\/td>\n<\/tr>\n<\/tbody>\n<\/table>\n<\/dd>\n<dt class=\"js-accordion__toggle accordion__toggle\">WARUNKI OTOCZENIA<\/dt>\n<dd class=\"js-accordion__content\">\n<table class=\"datalist datalist--divided-inset\">\n<tbody>\n<tr>\n<td>Temperatura otoczenia podczes pracy [\u00b0C]<\/td>\n<td>+5 do +35<\/td>\n<\/tr>\n<tr>\n<td>Wilgotno\u015b\u0107 otoczenia podczas pracy [%]<\/td>\n<td>20 do 80<\/td>\n<\/tr>\n<tr>\n<td>Wilgotno\u015b\u0107 otoczenia podczas przechowywania [%]<\/td>\n<td>10 do 85<\/td>\n<\/tr>\n<tr>\n<td>Temperatura otoczenia podczas przechowywania [\u00b0C]<\/td>\n<td>-10 do 60<\/td>\n<\/tr>\n<\/tbody>\n<\/table>\n<\/dd>\n<dt class=\"js-accordion__toggle accordion__toggle\">ERGONOMIA<\/dt>\n<dd class=\"js-accordion__content\">\n<table class=\"datalist datalist--divided-inset\">\n<tbody>\n<tr>\n<td>Regulacja wysoko\u015bci[mm]<\/td>\n<td>150 (w trybie Landscape)<\/td>\n<\/tr>\n<tr>\n<td>Pochylenie ekranu w pionie [\u00b0]<\/td>\n<td>-5 to 35<\/td>\n<\/tr>\n<tr>\n<td>Obr\u00f3t ekranu w poziomie [\u00b0]<\/td>\n<td>-170 to Value<\/td>\n<\/tr>\n<tr>\n<td>Ekran obrotowy (Pivot) [\u00b0]<\/td>\n<td>-90 do 90 (tryb standardowy i portretowy)<\/td>\n<\/tr>\n<\/tbody>\n<\/table>\n<\/dd>\n<dt class=\"js-accordion__toggle accordion__toggle\">PARAMETRY MECHANICZNE<\/dt>\n<dd class=\"js-accordion__content\">\n<table class=\"datalist datalist--divided-inset\">\n<tbody>\n<tr>\n<td>Szeroko\u015b\u0107 ramki [mm]<\/td>\n<td>1 (g\u00f3ra); 1 (prawa i lewa)<\/td>\n<\/tr>\n<tr>\n<td>Wymiary [mm]<\/td>\n<td>359.8 x 628.4 &#8211; 652.6 x 250 (Portrait mode); 610.2 x 377.3 &#8211; 527.3 x 250 (Landscape mode)<\/td>\n<\/tr>\n<tr>\n<td>Waga [kg]<\/td>\n<td>Bez stopki: 5; Z n\u00f3\u017ckami: 7,6<\/td>\n<\/tr>\n<tr>\n<td>Mocowanie VESA [mm]<\/td>\n<td>100 x 100<\/td>\n<\/tr>\n<\/tbody>\n<\/table>\n<\/dd>\n<dt class=\"js-accordion__toggle accordion__toggle\">DODATKOWE FUNKCJE<\/dt>\n<dd class=\"js-accordion__content\">\n<table class=\"datalist datalist--divided-inset\">\n<tbody>\n<tr>\n<td>Cechy Specjalne<\/td>\n<td>Automatyczna regulacja kontrastu; ControlSync<sup>\u00ae<\/sup>; Czujnik nat\u0119\u017cenia o\u015bwietlenia otoczenia dla zachowania optymalnej jasno\u015bci; Czujnik obecno\u015bci u\u017cytkownika przed monitorem; ErgoDesign<sup>\u00ae<\/sup>: regulacja wysoko\u015bci ekranu do (150 mm) oraz funcja Pivot 90\u00b0; Funkcja Customize Setting [przywracanie ustawie\u0144 po zmianach u\u017cytkownik\u00f3w]; Kompatybilno\u015b\u0107 z Windows 10; Licznik Carbon footprint; Licznik carbon savings; Stopka i uchwyty z mo\u017cliwo\u015bci\u0105 szybkiego od\u0142\u0105czenia; Symulacja DICOM; System pod\u015bwietlenia za pomoc\u0105 diod LED; Tryby ekonomiczne; USB wer. 3.1 (3 porty downstream \/ 1 porty upstream); Wszechstronno\u015b\u0107 i prosta instalacja (standard VESA) dzi\u0119ki NaViSet i NaViKey<\/td>\n<\/tr>\n<tr>\n<td>Wersje kolorystyczne<\/td>\n<td>Bia\u0142a ramka ekranu, bia\u0142a obudowa; Czarna ramka ekranu, czarna obudowa<\/td>\n<\/tr>\n<tr>\n<td>Zarz\u0105dzanie kablami<\/td>\n<td>tak<\/td>\n<\/tr>\n<tr>\n<td>Z\u0142\u0105cze Kensington<\/td>\n<td>tak<\/td>\n<\/tr>\n<tr>\n<td>Plug and Play<\/td>\n<td>DDC2B\/2Bi; EDID Standard; VESA DDC\/CI<\/td>\n<\/tr>\n<tr>\n<td>G\u0142o\u015bniki<\/td>\n<td>Headphone Jack; Wbudowane (1 W + 1 W)<\/td>\n<\/tr>\n<tr>\n<td>Funkcje regulacji<\/td>\n<td>Audio Volume \/ Lock-Out; Automatyczne dostosowanie; Blokada menu OSD; Control Sync; DV Mode; Fine Adjust (tylko dla z\u0142\u0105cza analogowego); Human Sensing; Informacje o monitorze; Inteligentny system zarz\u0105dzania energi\u0105; NTAA (Non-Touch-Auto-Adjustment); Power-Off Timer; powr\u00f3t do ustawie\u0144 fabrycznych; przywracanie ustawie\u0144 za pomoc\u0105 jednego przycisku; Regulacja jasno\u015bci; regulacja kontrastu; sRGB; temperatury barwowej; Tryb ekonomiczny; wyb\u00f3r j\u0119zyka OSD<\/td>\n<\/tr>\n<tr>\n<td>Zawarto\u015b\u0107 opakowania<\/td>\n<td>kabel Control Sync; Kabel DisplayPort; kabel USB; Kabel zasilaj\u0105cy; Monitor; Przewodnik po instalacji; Set-up Manual<\/td>\n<\/tr>\n<tr>\n<td>Bezpiecze\u0144stwo i ergonomia<\/td>\n<td>CE; EAC; EnergyStar 8.0; ErP; FCC Class B; Flicker-free; ISO 9241-307 (pixel failure class I); Low Blue Light; PSB; RoHS; TCO 8.0; T\u00dcV Ergonomics; T\u00dcV GS; UL\/C-UL lub CSA<\/td>\n<\/tr>\n<tr>\n<td>Gwarancja<\/td>\n<td>3 lata (w tym na pod\u015bwietlenie ekranu); opcjonalna gwarancja ca\u0142odobowej pracy przez 7\u00a0dni w\u00a0tygodniu na lata 1\u20133; opcjonalne przed\u0142u\u017cenie gwarancji na 4. i\u00a05. rok<\/td>\n<\/tr>\n<tr>\n<td>Dost\u0119pne akcesoria<\/td>\n<td>MDSVSENSOR Value<\/td>\n<\/tr>\n<\/tbody>\n<\/table>\n<\/dd>\n<dt class=\"js-accordion__toggle accordion__toggle\">FUNKCJE EKO<\/dt>\n<dd class=\"js-accordion__content\">\n<table class=\"datalist datalist--divided-inset\">\n<tbody>\n<tr>\n<td>U\u017cyteczna powierzchnia [cale\/cm]<\/td>\n<td>Automatyczna regulacja jasno\u015bci; Czujnik obecno\u015bci u\u017cytkownika; Czujnik \u015bwiat\u0142a zewn\u0119trznego; Klasa efektywno\u015bci energetycznej: C; Licznik Carbon footprint \/ Licznik carbon savings; Technologia pod\u015bwietlenia LED; Tryb ECO; Zu\u017cycie energii: 11 kWh\/1000 godzin<\/td>\n<\/tr>\n<tr>\n<td>Materia\u0142y ekologiczne<\/td>\n<td>Efektywny projekt mechaniczny w celu minimalizacji opakowania; Minimalne u\u017cycie szkodliwych materia\u0142\u00f3w<\/td>\n<\/tr>\n<tr>\n<td>Normy ekologiczne<\/td>\n<td>Energy Star 8.0; TCO 8.0; WEEE; Zgodno\u015b\u0107 z ErP<\/td>\n<\/tr>\n<\/tbody>\n<\/table>\n<\/dd>\n<\/dl>\n","protected":false},"excerpt":{"rendered":"<div class=\"columns medium-6 product-features\">\n<table class=\"datalist datalist--divided-fullwidth\">\n<tbody>\n<tr>\n<td>Regulacja wysoko\u015bci [mm]<\/td>\n<td>150<\/td>\n<\/tr>\n<tr>\n<td>Jasno\u015b\u0107 [cd\/m\u00b2]<\/td>\n<td>250<\/td>\n<\/tr>\n<tr>\n<td>Rozdzielczo\u015b\u0107 (optymalna)<\/td>\n<td>1920 x 1080<\/td>\n<\/tr>\n<tr>\n<td>Kod produktu<\/td>\n<td>60004304 (BK), 60004634 (WH)<\/td>\n<\/tr>\n<\/tbody>\n<\/table>\n<\/div>\n","protected":false},"featured_media":416,"template":"","meta":{"inline_featured_image":false,"neve_meta_sidebar":"","neve_meta_container":"","neve_meta_enable_content_width":"off","neve_meta_content_width":100,"neve_meta_title_alignment":"","neve_meta_author_avatar":"","neve_post_elements_order":"","neve_meta_disable_header":"","neve_meta_disable_footer":"","neve_meta_disable_title":""},"pwb-brand":[28],"product_cat":[22],"product_tag":[],"yoast_head":"<!-- This site is optimized with the Yoast SEO plugin v22.6 - https:\/\/yoast.com\/wordpress\/plugins\/seo\/ -->\n<title>NEC MultiSync\u00ae\u00a0EA271F - Monitor 27&quot; - Monitory Komercyjne Monitory komercyjne<\/title>\n<meta name=\"robots\" content=\"index, follow, max-snippet:-1, max-image-preview:large, max-video-preview:-1\" \/>\n<link rel=\"canonical\" href=\"https:\/\/monitorykomercyjne.pl\/index.php\/produkt\/nec-multisync-ea271f-monitor-27\/\" \/>\n<meta property=\"og:locale\" content=\"pl_PL\" \/>\n<meta property=\"og:type\" content=\"article\" \/>\n<meta property=\"og:title\" content=\"NEC MultiSync\u00ae\u00a0EA271F - Monitor 27&quot; - Monitory Komercyjne Monitory komercyjne\" \/>\n<meta property=\"og:description\" content=\"Regulacja wysoko\u015bci [mm] 150   Jasno\u015b\u0107 [cd\/m\u00b2] 250   Rozdzielczo\u015b\u0107 (optymalna) 1920 x 1080   Kod produktu 60004304 (BK), 60004634 (WH)\" \/>\n<meta property=\"og:url\" content=\"https:\/\/monitorykomercyjne.pl\/index.php\/produkt\/nec-multisync-ea271f-monitor-27\/\" \/>\n<meta property=\"og:site_name\" content=\"Monitory Komercyjne\" \/>\n<meta property=\"article:modified_time\" content=\"2024-05-09T07:39:53+00:00\" \/>\n<meta property=\"og:image\" content=\"https:\/\/monitorykomercyjne.pl\/wp-content\/uploads\/2024\/03\/NEC-MultiSync-EA271Q1.jpg\" \/>\n\t<meta property=\"og:image:width\" content=\"1600\" \/>\n\t<meta property=\"og:image:height\" content=\"1200\" \/>\n\t<meta property=\"og:image:type\" content=\"image\/jpeg\" \/>\n<meta name=\"twitter:card\" content=\"summary_large_image\" \/>\n<meta name=\"twitter:label1\" content=\"Szacowany czas czytania\" \/>\n\t<meta name=\"twitter:data1\" content=\"4 minuty\" \/>\n<script type=\"application\/ld+json\" class=\"yoast-schema-graph\">{\"@context\":\"https:\/\/schema.org\",\"@graph\":[{\"@type\":\"WebPage\",\"@id\":\"https:\/\/monitorykomercyjne.pl\/index.php\/produkt\/nec-multisync-ea271f-monitor-27\/\",\"url\":\"https:\/\/monitorykomercyjne.pl\/index.php\/produkt\/nec-multisync-ea271f-monitor-27\/\",\"name\":\"NEC MultiSync\u00ae\u00a0EA271F - Monitor 27\\\" - Monitory Komercyjne Monitory komercyjne\",\"isPartOf\":{\"@id\":\"https:\/\/monitorykomercyjne.pl\/#website\"},\"primaryImageOfPage\":{\"@id\":\"https:\/\/monitorykomercyjne.pl\/index.php\/produkt\/nec-multisync-ea271f-monitor-27\/#primaryimage\"},\"image\":{\"@id\":\"https:\/\/monitorykomercyjne.pl\/index.php\/produkt\/nec-multisync-ea271f-monitor-27\/#primaryimage\"},\"thumbnailUrl\":\"https:\/\/monitorykomercyjne.pl\/wp-content\/uploads\/2024\/03\/NEC-MultiSync-EA271Q1.jpg\",\"datePublished\":\"2024-03-01T11:58:33+00:00\",\"dateModified\":\"2024-05-09T07:39:53+00:00\",\"breadcrumb\":{\"@id\":\"https:\/\/monitorykomercyjne.pl\/index.php\/produkt\/nec-multisync-ea271f-monitor-27\/#breadcrumb\"},\"inLanguage\":\"pl-PL\",\"potentialAction\":[{\"@type\":\"ReadAction\",\"target\":[\"https:\/\/monitorykomercyjne.pl\/index.php\/produkt\/nec-multisync-ea271f-monitor-27\/\"]}]},{\"@type\":\"ImageObject\",\"inLanguage\":\"pl-PL\",\"@id\":\"https:\/\/monitorykomercyjne.pl\/index.php\/produkt\/nec-multisync-ea271f-monitor-27\/#primaryimage\",\"url\":\"https:\/\/monitorykomercyjne.pl\/wp-content\/uploads\/2024\/03\/NEC-MultiSync-EA271Q1.jpg\",\"contentUrl\":\"https:\/\/monitorykomercyjne.pl\/wp-content\/uploads\/2024\/03\/NEC-MultiSync-EA271Q1.jpg\",\"width\":1600,\"height\":1200},{\"@type\":\"BreadcrumbList\",\"@id\":\"https:\/\/monitorykomercyjne.pl\/index.php\/produkt\/nec-multisync-ea271f-monitor-27\/#breadcrumb\",\"itemListElement\":[{\"@type\":\"ListItem\",\"position\":1,\"name\":\"Strona g\u0142\u00f3wna\",\"item\":\"https:\/\/monitorykomercyjne.pl\/\"},{\"@type\":\"ListItem\",\"position\":2,\"name\":\"Produkty\",\"item\":\"https:\/\/monitorykomercyjne.pl\/index.php\/produkty\/\"},{\"@type\":\"ListItem\",\"position\":3,\"name\":\"NEC MultiSync\u00ae\u00a0EA271F &#8211; Monitor 27&#8243;\"}]},{\"@type\":\"WebSite\",\"@id\":\"https:\/\/monitorykomercyjne.pl\/#website\",\"url\":\"https:\/\/monitorykomercyjne.pl\/\",\"name\":\"Monitory Komercyjne\",\"description\":\"\",\"potentialAction\":[{\"@type\":\"SearchAction\",\"target\":{\"@type\":\"EntryPoint\",\"urlTemplate\":\"https:\/\/monitorykomercyjne.pl\/?s={search_term_string}\"},\"query-input\":\"required name=search_term_string\"}],\"inLanguage\":\"pl-PL\"}]}<\/script>\n<!-- \/ Yoast SEO plugin. -->","yoast_head_json":{"title":"NEC MultiSync\u00ae\u00a0EA271F - Monitor 27\" - Monitory Komercyjne Monitory komercyjne","robots":{"index":"index","follow":"follow","max-snippet":"max-snippet:-1","max-image-preview":"max-image-preview:large","max-video-preview":"max-video-preview:-1"},"canonical":"https:\/\/monitorykomercyjne.pl\/index.php\/produkt\/nec-multisync-ea271f-monitor-27\/","og_locale":"pl_PL","og_type":"article","og_title":"NEC MultiSync\u00ae\u00a0EA271F - Monitor 27\" - Monitory Komercyjne Monitory komercyjne","og_description":"Regulacja wysoko\u015bci [mm] 150   Jasno\u015b\u0107 [cd\/m\u00b2] 250   Rozdzielczo\u015b\u0107 (optymalna) 1920 x 1080   Kod produktu 60004304 (BK), 60004634 (WH)","og_url":"https:\/\/monitorykomercyjne.pl\/index.php\/produkt\/nec-multisync-ea271f-monitor-27\/","og_site_name":"Monitory Komercyjne","article_modified_time":"2024-05-09T07:39:53+00:00","og_image":[{"width":1600,"height":1200,"url":"https:\/\/monitorykomercyjne.pl\/wp-content\/uploads\/2024\/03\/NEC-MultiSync-EA271Q1.jpg","type":"image\/jpeg"}],"twitter_card":"summary_large_image","twitter_misc":{"Szacowany czas czytania":"4 minuty"},"schema":{"@context":"https:\/\/schema.org","@graph":[{"@type":"WebPage","@id":"https:\/\/monitorykomercyjne.pl\/index.php\/produkt\/nec-multisync-ea271f-monitor-27\/","url":"https:\/\/monitorykomercyjne.pl\/index.php\/produkt\/nec-multisync-ea271f-monitor-27\/","name":"NEC MultiSync\u00ae\u00a0EA271F - Monitor 27\" - Monitory Komercyjne Monitory komercyjne","isPartOf":{"@id":"https:\/\/monitorykomercyjne.pl\/#website"},"primaryImageOfPage":{"@id":"https:\/\/monitorykomercyjne.pl\/index.php\/produkt\/nec-multisync-ea271f-monitor-27\/#primaryimage"},"image":{"@id":"https:\/\/monitorykomercyjne.pl\/index.php\/produkt\/nec-multisync-ea271f-monitor-27\/#primaryimage"},"thumbnailUrl":"https:\/\/monitorykomercyjne.pl\/wp-content\/uploads\/2024\/03\/NEC-MultiSync-EA271Q1.jpg","datePublished":"2024-03-01T11:58:33+00:00","dateModified":"2024-05-09T07:39:53+00:00","breadcrumb":{"@id":"https:\/\/monitorykomercyjne.pl\/index.php\/produkt\/nec-multisync-ea271f-monitor-27\/#breadcrumb"},"inLanguage":"pl-PL","potentialAction":[{"@type":"ReadAction","target":["https:\/\/monitorykomercyjne.pl\/index.php\/produkt\/nec-multisync-ea271f-monitor-27\/"]}]},{"@type":"ImageObject","inLanguage":"pl-PL","@id":"https:\/\/monitorykomercyjne.pl\/index.php\/produkt\/nec-multisync-ea271f-monitor-27\/#primaryimage","url":"https:\/\/monitorykomercyjne.pl\/wp-content\/uploads\/2024\/03\/NEC-MultiSync-EA271Q1.jpg","contentUrl":"https:\/\/monitorykomercyjne.pl\/wp-content\/uploads\/2024\/03\/NEC-MultiSync-EA271Q1.jpg","width":1600,"height":1200},{"@type":"BreadcrumbList","@id":"https:\/\/monitorykomercyjne.pl\/index.php\/produkt\/nec-multisync-ea271f-monitor-27\/#breadcrumb","itemListElement":[{"@type":"ListItem","position":1,"name":"Strona g\u0142\u00f3wna","item":"https:\/\/monitorykomercyjne.pl\/"},{"@type":"ListItem","position":2,"name":"Produkty","item":"https:\/\/monitorykomercyjne.pl\/index.php\/produkty\/"},{"@type":"ListItem","position":3,"name":"NEC MultiSync\u00ae\u00a0EA271F &#8211; Monitor 27&#8243;"}]},{"@type":"WebSite","@id":"https:\/\/monitorykomercyjne.pl\/#website","url":"https:\/\/monitorykomercyjne.pl\/","name":"Monitory Komercyjne","description":"","potentialAction":[{"@type":"SearchAction","target":{"@type":"EntryPoint","urlTemplate":"https:\/\/monitorykomercyjne.pl\/?s={search_term_string}"},"query-input":"required name=search_term_string"}],"inLanguage":"pl-PL"}]}},"brands":[{"id":28,"name":"SharpNEC","slug":"sharpnec"}],"_links":{"self":[{"href":"https:\/\/monitorykomercyjne.pl\/index.php\/wp-json\/wp\/v2\/product\/419"}],"collection":[{"href":"https:\/\/monitorykomercyjne.pl\/index.php\/wp-json\/wp\/v2\/product"}],"about":[{"href":"https:\/\/monitorykomercyjne.pl\/index.php\/wp-json\/wp\/v2\/types\/product"}],"wp:featuredmedia":[{"embeddable":true,"href":"https:\/\/monitorykomercyjne.pl\/index.php\/wp-json\/wp\/v2\/media\/416"}],"wp:attachment":[{"href":"https:\/\/monitorykomercyjne.pl\/index.php\/wp-json\/wp\/v2\/media?parent=419"}],"wp:term":[{"taxonomy":"pwb-brand","embeddable":true,"href":"https:\/\/monitorykomercyjne.pl\/index.php\/wp-json\/wp\/v2\/pwb-brand?post=419"},{"taxonomy":"product_cat","embeddable":true,"href":"https:\/\/monitorykomercyjne.pl\/index.php\/wp-json\/wp\/v2\/product_cat?post=419"},{"taxonomy":"product_tag","embeddable":true,"href":"https:\/\/monitorykomercyjne.pl\/index.php\/wp-json\/wp\/v2\/product_tag?post=419"}],"curies":[{"name":"wp","href":"https:\/\/api.w.org\/{rel}","templated":true}]}}