{"id":663,"date":"2024-03-05T13:49:19","date_gmt":"2024-03-05T12:49:19","guid":{"rendered":"https:\/\/monitorykomercyjne.pl\/?post_type=product&#038;p=663"},"modified":"2024-05-09T09:39:46","modified_gmt":"2024-05-09T07:39:46","slug":"nec-led-fe012i2-220-modul-led","status":"publish","type":"product","link":"https:\/\/monitorykomercyjne.pl\/index.php\/produkt\/nec-led-fe012i2-220-modul-led\/","title":{"rendered":"NEC LED-FE012i2-220 &#8211; Modu\u0142 LED"},"content":{"rendered":"<section id=\"overview\" class=\"row\">\n<div class=\"columns medium-6\">\n<p><!-- ossproductdescstart --><\/p>\n<p><b>Elastyczno\u015b\u0107. Skalowalno\u015b\u0107. Jasny, wyrazisty obraz. <\/b><\/p>\n<p>Seria FE bezramkowych monitor\u00f3w firmy NEC, oparta na daj\u0105cej wyrazisty obraz technologii LED, zapewnia dostosowan\u0105 do potrzeb wizualizacj\u0119 dla du\u017cych, skalowalnych powierzchni cyfrowych prezentacji. Nawet w\u00a0przypadku oszcz\u0119dnych wdro\u017ce\u0144 na potrzeby prezentacji i\u00a0zastosowa\u0144 informacyjno-reklamowych seria FE zapewnia trwa\u0142o\u015b\u0107 i\u00a0jako\u015b\u0107 typow\u0105 dla produkt\u00f3w NEC dzi\u0119ki przemys\u0142owym zasilaczom w\u00a0\u0142atwych do monta\u017cu, gotowych do u\u017cycia rozwi\u0105zaniach pakietowych dla bezpiecznej eksploatacji i\u00a0jak najkr\u00f3tszych przerw.<\/p>\n<p>Natywne rozdzielczo\u015bci HD, FHD i\u00a0UHD mo\u017cna uzyskiwa\u0107, konfiguruj\u0105c wiele jednostek 16:9 po\u0142\u0105czonych w\u00a0pakiet z\u00a0listw\u0105 zasilaj\u0105c\u0105, ramami, elementami monta\u017cowymi i\u00a0sterownikiem.<\/p>\n<p>Dzi\u0119ki smuk\u0142ej budowie monitory prezentuj\u0105 si\u0119 szykownie i\u00a0elegancko zar\u00f3wno wyodr\u0119bnione z\u00a0otoczenia, jak i\u00a0wkomponowane w\u00a0wystr\u00f3j wn\u0119trza \u2013 jako najnowsze innowacje w\u00a0zakresie dostarczania tre\u015bci cyfrowych. Korzystaj z\u00a0szerokich k\u0105t\u00f3w ogl\u0105dania, stale \u017cywych kolor\u00f3w, doskona\u0142ej jasno\u015bci i\u00a0stale wysokich parametr\u00f3w eksploatacyjnych w\u00a0salach konferencyjnych i\u00a0zastosowaniach informacyjno-reklamowych.<\/p>\n<p><!-- ossproductdescend --><\/p>\n<\/div>\n<div class=\"columns medium-6\">\n<h3>Korzy\u015bci<\/h3>\n<ul>\n<li><b>Bezproblemowa instalacja<\/b> \u2013pakiet rozwi\u0105za\u0144 obejmuje wszystkie elementy potrzebne do zbudowania i\u00a0uruchomienia \u015bciany wideo LED.<\/li>\n<li><b>Wielkoskalowy obraz z\u00a0perfekcyjnymi szczeg\u00f3\u0142ami <\/b> \u2013konstrukcja ca\u0142kowicie pozbawiona ramek oraz wysoki kontrast gwarantuj\u0105 niezapomniane do\u015bwiadczenia wizualne.<\/li>\n<li><b>P\u0142aska konstrukcja<\/b> \u2013p\u0142aska tylna powierzchnia pozwala na umieszczenie modu\u0142\u00f3w LED bezpo\u015brednio przy \u015bcianie, jedynie z minimalnym odst\u0119pem \u2013 r\u00f3wnie\u017c ze wzgl\u0119du na bardzo nisk\u0105 emisj\u0119 ciep\u0142a.<\/li>\n<li><b>Modu\u0142y serwisowane od przodu<\/b> \u2013\u0142atwa konserwacja dzi\u0119ki dost\u0119powi do modu\u0142\u00f3w LED z\u00a0przodu.<\/li>\n<li><b>Doskona\u0142e parametry obrazu<\/b> \u2013wysoki kontrast i\u00a0jasno\u015b\u0107 charakterystyczne dla technologii LED, trwa\u0142o\u015b\u0107 i\u00a0jako\u015b\u0107 od firmy NEC.<\/li>\n<\/ul>\n<\/div>\n<\/section>\n","protected":false},"excerpt":{"rendered":"<div class=\"columns medium-6 product-features\">\n<table class=\"datalist datalist--divided-fullwidth\">\n<tbody>\n<tr>\n<td>Rozstaw pikseli [mm]<\/td>\n<td>1,2<\/td>\n<\/tr>\n<tr>\n<td>Jasno\u015b\u0107  [cd\/m\u00b2]<\/td>\n<td>700<\/td>\n<\/tr>\n<tr>\n<td>Format obrazu<\/td>\n<td>16:9<\/td>\n<\/tr>\n<tr>\n<td>Kod produktu<\/td>\n<td>81000184<\/td>\n<\/tr>\n<\/tbody>\n<\/table>\n<\/div>\n","protected":false},"featured_media":639,"template":"","meta":{"inline_featured_image":false,"neve_meta_sidebar":"","neve_meta_container":"","neve_meta_enable_content_width":"off","neve_meta_content_width":100,"neve_meta_title_alignment":"","neve_meta_author_avatar":"","neve_post_elements_order":"","neve_meta_disable_header":"","neve_meta_disable_footer":"","neve_meta_disable_title":""},"pwb-brand":[28],"product_cat":[26],"product_tag":[],"yoast_head":"<!-- This site is optimized with the Yoast SEO plugin v22.6 - https:\/\/yoast.com\/wordpress\/plugins\/seo\/ -->\n<title>NEC LED-FE012i2-220 - Modu\u0142 LED - Monitory Komercyjne Monitory komercyjne<\/title>\n<meta name=\"robots\" content=\"index, follow, max-snippet:-1, max-image-preview:large, max-video-preview:-1\" \/>\n<link rel=\"canonical\" href=\"https:\/\/monitorykomercyjne.pl\/index.php\/produkt\/nec-led-fe012i2-220-modul-led\/\" \/>\n<meta property=\"og:locale\" content=\"pl_PL\" \/>\n<meta property=\"og:type\" content=\"article\" \/>\n<meta property=\"og:title\" content=\"NEC LED-FE012i2-220 - Modu\u0142 LED - Monitory Komercyjne Monitory komercyjne\" \/>\n<meta property=\"og:description\" content=\"Rozstaw pikseli [mm]1,2Jasno\u015b\u0107 [cd\/m\u00b2]700Format obrazu16:9Kod produktu81000184\" \/>\n<meta property=\"og:url\" content=\"https:\/\/monitorykomercyjne.pl\/index.php\/produkt\/nec-led-fe012i2-220-modul-led\/\" \/>\n<meta property=\"og:site_name\" content=\"Monitory Komercyjne\" \/>\n<meta property=\"article:modified_time\" content=\"2024-05-09T07:39:46+00:00\" \/>\n<meta property=\"og:image\" content=\"https:\/\/monitorykomercyjne.pl\/wp-content\/uploads\/2024\/03\/NEC-LED-FE009i2-1651-1024x768.png\" \/>\n\t<meta property=\"og:image:width\" content=\"1024\" \/>\n\t<meta property=\"og:image:height\" content=\"768\" \/>\n\t<meta property=\"og:image:type\" content=\"image\/png\" \/>\n<meta name=\"twitter:card\" content=\"summary_large_image\" \/>\n<meta name=\"twitter:label1\" content=\"Szacowany czas czytania\" \/>\n\t<meta name=\"twitter:data1\" content=\"1 minuta\" \/>\n<script type=\"application\/ld+json\" class=\"yoast-schema-graph\">{\"@context\":\"https:\/\/schema.org\",\"@graph\":[{\"@type\":\"WebPage\",\"@id\":\"https:\/\/monitorykomercyjne.pl\/index.php\/produkt\/nec-led-fe012i2-220-modul-led\/\",\"url\":\"https:\/\/monitorykomercyjne.pl\/index.php\/produkt\/nec-led-fe012i2-220-modul-led\/\",\"name\":\"NEC LED-FE012i2-220 - Modu\u0142 LED - Monitory Komercyjne Monitory komercyjne\",\"isPartOf\":{\"@id\":\"https:\/\/monitorykomercyjne.pl\/#website\"},\"primaryImageOfPage\":{\"@id\":\"https:\/\/monitorykomercyjne.pl\/index.php\/produkt\/nec-led-fe012i2-220-modul-led\/#primaryimage\"},\"image\":{\"@id\":\"https:\/\/monitorykomercyjne.pl\/index.php\/produkt\/nec-led-fe012i2-220-modul-led\/#primaryimage\"},\"thumbnailUrl\":\"https:\/\/monitorykomercyjne.pl\/wp-content\/uploads\/2024\/03\/NEC-LED-FE009i2-1651.png\",\"datePublished\":\"2024-03-05T12:49:19+00:00\",\"dateModified\":\"2024-05-09T07:39:46+00:00\",\"breadcrumb\":{\"@id\":\"https:\/\/monitorykomercyjne.pl\/index.php\/produkt\/nec-led-fe012i2-220-modul-led\/#breadcrumb\"},\"inLanguage\":\"pl-PL\",\"potentialAction\":[{\"@type\":\"ReadAction\",\"target\":[\"https:\/\/monitorykomercyjne.pl\/index.php\/produkt\/nec-led-fe012i2-220-modul-led\/\"]}]},{\"@type\":\"ImageObject\",\"inLanguage\":\"pl-PL\",\"@id\":\"https:\/\/monitorykomercyjne.pl\/index.php\/produkt\/nec-led-fe012i2-220-modul-led\/#primaryimage\",\"url\":\"https:\/\/monitorykomercyjne.pl\/wp-content\/uploads\/2024\/03\/NEC-LED-FE009i2-1651.png\",\"contentUrl\":\"https:\/\/monitorykomercyjne.pl\/wp-content\/uploads\/2024\/03\/NEC-LED-FE009i2-1651.png\",\"width\":3200,\"height\":2400},{\"@type\":\"BreadcrumbList\",\"@id\":\"https:\/\/monitorykomercyjne.pl\/index.php\/produkt\/nec-led-fe012i2-220-modul-led\/#breadcrumb\",\"itemListElement\":[{\"@type\":\"ListItem\",\"position\":1,\"name\":\"Strona g\u0142\u00f3wna\",\"item\":\"https:\/\/monitorykomercyjne.pl\/\"},{\"@type\":\"ListItem\",\"position\":2,\"name\":\"Produkty\",\"item\":\"https:\/\/monitorykomercyjne.pl\/index.php\/produkty\/\"},{\"@type\":\"ListItem\",\"position\":3,\"name\":\"NEC LED-FE012i2-220 &#8211; Modu\u0142 LED\"}]},{\"@type\":\"WebSite\",\"@id\":\"https:\/\/monitorykomercyjne.pl\/#website\",\"url\":\"https:\/\/monitorykomercyjne.pl\/\",\"name\":\"Monitory Komercyjne\",\"description\":\"\",\"potentialAction\":[{\"@type\":\"SearchAction\",\"target\":{\"@type\":\"EntryPoint\",\"urlTemplate\":\"https:\/\/monitorykomercyjne.pl\/?s={search_term_string}\"},\"query-input\":\"required name=search_term_string\"}],\"inLanguage\":\"pl-PL\"}]}<\/script>\n<!-- \/ Yoast SEO plugin. -->","yoast_head_json":{"title":"NEC LED-FE012i2-220 - Modu\u0142 LED - Monitory Komercyjne Monitory komercyjne","robots":{"index":"index","follow":"follow","max-snippet":"max-snippet:-1","max-image-preview":"max-image-preview:large","max-video-preview":"max-video-preview:-1"},"canonical":"https:\/\/monitorykomercyjne.pl\/index.php\/produkt\/nec-led-fe012i2-220-modul-led\/","og_locale":"pl_PL","og_type":"article","og_title":"NEC LED-FE012i2-220 - Modu\u0142 LED - Monitory Komercyjne Monitory komercyjne","og_description":"Rozstaw pikseli [mm]1,2Jasno\u015b\u0107 [cd\/m\u00b2]700Format obrazu16:9Kod produktu81000184","og_url":"https:\/\/monitorykomercyjne.pl\/index.php\/produkt\/nec-led-fe012i2-220-modul-led\/","og_site_name":"Monitory Komercyjne","article_modified_time":"2024-05-09T07:39:46+00:00","og_image":[{"width":1024,"height":768,"url":"https:\/\/monitorykomercyjne.pl\/wp-content\/uploads\/2024\/03\/NEC-LED-FE009i2-1651-1024x768.png","type":"image\/png"}],"twitter_card":"summary_large_image","twitter_misc":{"Szacowany czas czytania":"1 minuta"},"schema":{"@context":"https:\/\/schema.org","@graph":[{"@type":"WebPage","@id":"https:\/\/monitorykomercyjne.pl\/index.php\/produkt\/nec-led-fe012i2-220-modul-led\/","url":"https:\/\/monitorykomercyjne.pl\/index.php\/produkt\/nec-led-fe012i2-220-modul-led\/","name":"NEC LED-FE012i2-220 - Modu\u0142 LED - Monitory Komercyjne Monitory komercyjne","isPartOf":{"@id":"https:\/\/monitorykomercyjne.pl\/#website"},"primaryImageOfPage":{"@id":"https:\/\/monitorykomercyjne.pl\/index.php\/produkt\/nec-led-fe012i2-220-modul-led\/#primaryimage"},"image":{"@id":"https:\/\/monitorykomercyjne.pl\/index.php\/produkt\/nec-led-fe012i2-220-modul-led\/#primaryimage"},"thumbnailUrl":"https:\/\/monitorykomercyjne.pl\/wp-content\/uploads\/2024\/03\/NEC-LED-FE009i2-1651.png","datePublished":"2024-03-05T12:49:19+00:00","dateModified":"2024-05-09T07:39:46+00:00","breadcrumb":{"@id":"https:\/\/monitorykomercyjne.pl\/index.php\/produkt\/nec-led-fe012i2-220-modul-led\/#breadcrumb"},"inLanguage":"pl-PL","potentialAction":[{"@type":"ReadAction","target":["https:\/\/monitorykomercyjne.pl\/index.php\/produkt\/nec-led-fe012i2-220-modul-led\/"]}]},{"@type":"ImageObject","inLanguage":"pl-PL","@id":"https:\/\/monitorykomercyjne.pl\/index.php\/produkt\/nec-led-fe012i2-220-modul-led\/#primaryimage","url":"https:\/\/monitorykomercyjne.pl\/wp-content\/uploads\/2024\/03\/NEC-LED-FE009i2-1651.png","contentUrl":"https:\/\/monitorykomercyjne.pl\/wp-content\/uploads\/2024\/03\/NEC-LED-FE009i2-1651.png","width":3200,"height":2400},{"@type":"BreadcrumbList","@id":"https:\/\/monitorykomercyjne.pl\/index.php\/produkt\/nec-led-fe012i2-220-modul-led\/#breadcrumb","itemListElement":[{"@type":"ListItem","position":1,"name":"Strona g\u0142\u00f3wna","item":"https:\/\/monitorykomercyjne.pl\/"},{"@type":"ListItem","position":2,"name":"Produkty","item":"https:\/\/monitorykomercyjne.pl\/index.php\/produkty\/"},{"@type":"ListItem","position":3,"name":"NEC LED-FE012i2-220 &#8211; Modu\u0142 LED"}]},{"@type":"WebSite","@id":"https:\/\/monitorykomercyjne.pl\/#website","url":"https:\/\/monitorykomercyjne.pl\/","name":"Monitory Komercyjne","description":"","potentialAction":[{"@type":"SearchAction","target":{"@type":"EntryPoint","urlTemplate":"https:\/\/monitorykomercyjne.pl\/?s={search_term_string}"},"query-input":"required name=search_term_string"}],"inLanguage":"pl-PL"}]}},"brands":[{"id":28,"name":"SharpNEC","slug":"sharpnec"}],"_links":{"self":[{"href":"https:\/\/monitorykomercyjne.pl\/index.php\/wp-json\/wp\/v2\/product\/663"}],"collection":[{"href":"https:\/\/monitorykomercyjne.pl\/index.php\/wp-json\/wp\/v2\/product"}],"about":[{"href":"https:\/\/monitorykomercyjne.pl\/index.php\/wp-json\/wp\/v2\/types\/product"}],"wp:featuredmedia":[{"embeddable":true,"href":"https:\/\/monitorykomercyjne.pl\/index.php\/wp-json\/wp\/v2\/media\/639"}],"wp:attachment":[{"href":"https:\/\/monitorykomercyjne.pl\/index.php\/wp-json\/wp\/v2\/media?parent=663"}],"wp:term":[{"taxonomy":"pwb-brand","embeddable":true,"href":"https:\/\/monitorykomercyjne.pl\/index.php\/wp-json\/wp\/v2\/pwb-brand?post=663"},{"taxonomy":"product_cat","embeddable":true,"href":"https:\/\/monitorykomercyjne.pl\/index.php\/wp-json\/wp\/v2\/product_cat?post=663"},{"taxonomy":"product_tag","embeddable":true,"href":"https:\/\/monitorykomercyjne.pl\/index.php\/wp-json\/wp\/v2\/product_tag?post=663"}],"curies":[{"name":"wp","href":"https:\/\/api.w.org\/{rel}","templated":true}]}}

NEC LED-FE012i2-220 &#8211; Moduł LED

<section id="overview" class="row">
<div class="columns medium-6">
<p><!-- ossproductdescstart --></p>
<p><b>Elastyczność. Skalowalność. Jasny, wyrazisty obraz. </b></p>
<p>Seria FE bezramkowych monitorów firmy NEC, oparta na dającej wyrazisty obraz technologii LED, zapewnia dostosowaną do potrzeb wizualizację dla dużych, skalowalnych powierzchni cyfrowych prezentacji. Nawet w przypadku oszczędnych wdrożeń na potrzeby prezentacji i zastosowań informacyjno-reklamowych seria FE zapewnia trwałość i jakość typową dla produktów NEC dzięki przemysłowym zasilaczom w łatwych do montażu, gotowych do użycia rozwiązaniach pakietowych dla bezpiecznej eksploatacji i jak najkrótszych przerw.</p>
<p>Natywne rozdzielczości HD, FHD i UHD można uzyskiwać, konfigurując wiele jednostek 16:9 połączonych w pakiet z listwą zasilającą, ramami, elementami montażowymi i sterownikiem.</p>
<p>Dzięki smukłej budowie monitory prezentują się szykownie i elegancko zarówno wyodrębnione z otoczenia, jak i wkomponowane w wystrój wnętrza – jako najnowsze innowacje w zakresie dostarczania treści cyfrowych. Korzystaj z szerokich kątów oglądania, stale żywych kolorów, doskonałej jasności i stale wysokich parametrów eksploatacyjnych w salach konferencyjnych i zastosowaniach informacyjno-reklamowych.</p>
<p><!-- ossproductdescend --></p>
</div>
<div class="columns medium-6">
<h3>Korzyści</h3>
<ul>
<li><b>Bezproblemowa instalacja</b> –pakiet rozwiązań obejmuje wszystkie elementy potrzebne do zbudowania i uruchomienia ściany wideo LED.</li>
<li><b>Wielkoskalowy obraz z perfekcyjnymi szczegółami </b> –konstrukcja całkowicie pozbawiona ramek oraz wysoki kontrast gwarantują niezapomniane doświadczenia wizualne.</li>
<li><b>Płaska konstrukcja</b> –płaska tylna powierzchnia pozwala na umieszczenie modułów LED bezpośrednio przy ścianie, jedynie z minimalnym odstępem – również ze względu na bardzo niską emisję ciepła.</li>
<li><b>Moduły serwisowane od przodu</b> –łatwa konserwacja dzięki dostępowi do modułów LED z przodu.</li>
<li><b>Doskonałe parametry obrazu</b> –wysoki kontrast i jasność charakterystyczne dla technologii LED, trwałość i jakość od firmy NEC.</li>
</ul>
</div>
</section>

<div class="columns medium-6 product-features">
<table class="datalist datalist--divided-fullwidth">
<tbody>
<tr>
<td>Rozstaw pikseli [mm]</td>
<td>1,2</td>
</tr>
<tr>
<td>Jasność  [cd/m²]</td>
<td>700</td>
</tr>
<tr>
<td>Format obrazu</td>
<td>16:9</td>
</tr>
<tr>
<td>Kod produktu</td>
<td>81000184</td>
</tr>
</tbody>
</table>
</div>

<!-- This site is optimized with the Yoast SEO plugin v22.6 - https://yoast.com/wordpress/plugins/seo/ -->
<title>NEC LED-FE012i2-220 - Moduł LED - Monitory Komercyjne Monitory komercyjne</title>
<meta name="robots" content="index, follow, max-snippet:-1, max-image-preview:large, max-video-preview:-1" />
<link rel="canonical" href="https://monitorykomercyjne.pl/index.php/produkt/nec-led-fe012i2-220-modul-led/" />
<meta property="og:locale" content="pl_PL" />
<meta property="og:type" content="article" />
<meta property="og:title" content="NEC LED-FE012i2-220 - Moduł LED - Monitory Komercyjne Monitory komercyjne" />
<meta property="og:description" content="Rozstaw pikseli [mm]1,2Jasność [cd/m²]700Format obrazu16:9Kod produktu81000184" />
<meta property="og:url" content="https://monitorykomercyjne.pl/index.php/produkt/nec-led-fe012i2-220-modul-led/" />
<meta property="og:site_name" content="Monitory Komercyjne" />
<meta property="article:modified_time" content="2024-05-09T07:39:46+00:00" />
<meta property="og:image" content="https://monitorykomercyjne.pl/wp-content/uploads/2024/03/NEC-LED-FE009i2-1651-1024x768.png" />
	<meta property="og:image:width" content="1024" />
	<meta property="og:image:height" content="768" />
	<meta property="og:image:type" content="image/png" />
<meta name="twitter:card" content="summary_large_image" />
<meta name="twitter:label1" content="Szacowany czas czytania" />
	<meta name="twitter:data1" content="1 minuta" />
<script type="application/ld+json" class="yoast-schema-graph">{"@context":"https://schema.org","@graph":[{"@type":"WebPage","@id":"https://monitorykomercyjne.pl/index.php/produkt/nec-led-fe012i2-220-modul-led/","url":"https://monitorykomercyjne.pl/index.php/produkt/nec-led-fe012i2-220-modul-led/","name":"NEC LED-FE012i2-220 - Moduł LED - Monitory Komercyjne Monitory komercyjne","isPartOf":{"@id":"https://monitorykomercyjne.pl/#website"},"primaryImageOfPage":{"@id":"https://monitorykomercyjne.pl/index.php/produkt/nec-led-fe012i2-220-modul-led/#primaryimage"},"image":{"@id":"https://monitorykomercyjne.pl/index.php/produkt/nec-led-fe012i2-220-modul-led/#primaryimage"},"thumbnailUrl":"https://monitorykomercyjne.pl/wp-content/uploads/2024/03/NEC-LED-FE009i2-1651.png","datePublished":"2024-03-05T12:49:19+00:00","dateModified":"2024-05-09T07:39:46+00:00","breadcrumb":{"@id":"https://monitorykomercyjne.pl/index.php/produkt/nec-led-fe012i2-220-modul-led/#breadcrumb"},"inLanguage":"pl-PL","potentialAction":[{"@type":"ReadAction","target":["https://monitorykomercyjne.pl/index.php/produkt/nec-led-fe012i2-220-modul-led/"]}]},{"@type":"ImageObject","inLanguage":"pl-PL","@id":"https://monitorykomercyjne.pl/index.php/produkt/nec-led-fe012i2-220-modul-led/#primaryimage","url":"https://monitorykomercyjne.pl/wp-content/uploads/2024/03/NEC-LED-FE009i2-1651.png","contentUrl":"https://monitorykomercyjne.pl/wp-content/uploads/2024/03/NEC-LED-FE009i2-1651.png","width":3200,"height":2400},{"@type":"BreadcrumbList","@id":"https://monitorykomercyjne.pl/index.php/produkt/nec-led-fe012i2-220-modul-led/#breadcrumb","itemListElement":[{"@type":"ListItem","position":1,"name":"Strona główna","item":"https://monitorykomercyjne.pl/"},{"@type":"ListItem","position":2,"name":"Produkty","item":"https://monitorykomercyjne.pl/index.php/produkty/"},{"@type":"ListItem","position":3,"name":"NEC LED-FE012i2-220 &#8211; Moduł LED"}]},{"@type":"WebSite","@id":"https://monitorykomercyjne.pl/#website","url":"https://monitorykomercyjne.pl/","name":"Monitory Komercyjne","description":"","potentialAction":[{"@type":"SearchAction","target":{"@type":"EntryPoint","urlTemplate":"https://monitorykomercyjne.pl/?s={search_term_string}"},"query-input":"required name=search_term_string"}],"inLanguage":"pl-PL"}]}</script>
<!-- / Yoast SEO plugin. -->

NEC LED-FE012i2-220 - Moduł LED - Monitory Komercyjne Monitory komercyjne

Rozstaw pikseli [mm]1,2Jasność [cd/m²]700Format obrazu16:9Kod produktu81000184

Strona główna
