{"id":693,"date":"2024-03-05T14:47:36","date_gmt":"2024-03-05T13:47:36","guid":{"rendered":"https:\/\/monitorykomercyjne.pl\/?post_type=product&#038;p=693"},"modified":"2024-05-09T09:39:45","modified_gmt":"2024-05-09T07:39:45","slug":"nec-px2201ul-projektor","status":"publish","type":"product","link":"https:\/\/monitorykomercyjne.pl\/index.php\/produkt\/nec-px2201ul-projektor\/","title":{"rendered":"NEC PX2201UL &#8211; Projektor"},"content":{"rendered":"<section id=\"overview\" class=\"row\">\n<div class=\"columns medium-6\">\n<p><!-- ossproductdescstart --><\/p>\n<p><b>Zaawansowane parametry w kompaktowej formie<\/b><\/p>\n<p>Ten projektor przeznaczony do du\u017cych obiekt\u00f3w ma kompaktowe rozmiary i jest \u0142atwy w transporcie, ale oferuje wiele zaawansowanych rozwi\u0105za\u0144 technologicznych. Model PX2201UL oferuje imponuj\u0105co korzystny stosunek jako\u015bci do ceny oraz niezwykle bogaty i intensywny kolor osi\u0105gany dzi\u0119ki technologii wy\u015bwietlania lasera czerwono-niebieskiego. Niezwykle jasn\u0105 projekcj\u0119 20\u00a0500 mo\u017cna zwielokrotni\u0107 z u\u017cyciem interfejsu szerokok\u0105tnego oraz funkcji \u0142\u0105czenia kraw\u0119dzi obrazu z dw\u00f3ch lub wi\u0119kszej liczby projektor\u00f3w, aby uzyska\u0107 szerszy, wi\u0119kszy, a nawet ja\u015bniejszy obraz z korekt\u0105 geometrii usuwaj\u0105c\u0105 zniekszta\u0142cenia.<\/p>\n<p>Bezfiltrowa konstrukcja uk\u0142adu optycznego chroni go przed kurzem, co sprawia, \u017ce urz\u0105dzenie wymaga tylko minimalnej konserwacji i gwarantuje wysoki poziom niezawodno\u015bci oraz d\u0142ugi czas u\u017cytkowania. Zdalna regulacja sprawia, \u017ce po monta\u017cu nie ma potrzeby uzyskania fizycznego dost\u0119pu do projektora. Niski poziom szum\u00f3w, interfejs SDI oraz wsparcie technologii 3D to cechy, kt\u00f3re czyni\u0105 z tego innowacyjnego projektora doskona\u0142e narz\u0119dzie do wizualizacji dla szk\u00f3\u0142 wy\u017cszych oraz bran\u017cy rozrywkowej, szczeg\u00f3lnie muze\u00f3w i na potrzeby mapowania.<\/p>\n<p><!-- ossproductdescend --><\/p>\n<\/div>\n<div class=\"columns medium-6\">\n<h3>Korzy\u015bci<\/h3>\n<ul>\n<li><b>Znakomita jako\u015b\u0107 obrazu<\/b> \u2013technologia lasera czerwono-niebieskiego (RB) wykorzystuje lasery czerwone, rozszerzaj\u0105c palet\u0119 barw w\u00a0celu generowania bardziej \u017cywych obraz\u00f3w, niespotykanych jak dot\u0105d w\u00a0jednochipowych projektorach DLP, a\u00a0dodatkowo obs\u0142uguje wysokie poziomy \u015bwiat\u0142a w\u00a0specjalnym trybie podbicia jasno\u015bci (Brightness Boost).<\/li>\n<li><b>Wyeliminowanie prac konserwacyjnych<\/b> \u2013bezfiltrowy projektor laserowy wykorzystuje specjaln\u0105 technologi\u0119 ko\u0142a luminoforu firmy NEC, kt\u00f3ra po wst\u0119pnym skonfigurowaniu wymaga jedynie minimalnej uwagi w\u00a0ca\u0142ym okresie eksploatacji.<\/li>\n<li><b>Bezproblemowa zdalna regulacja<\/b> \u2013ustawianie przesuni\u0119cia, ostro\u015bci i\u00a0powi\u0119kszenia obiektywu z\u00a0u\u017cyciem nap\u0119du pozwala na \u0142atw\u0105, elastyczn\u0105 konfiguracj\u0119 bez k\u0142opotliwej konieczno\u015bci zapewnienia fizycznego dost\u0119pu do projektora.<\/li>\n<li><b>\u0141atwe przenoszenie<\/b> \u2013dzi\u0119ki lekkiej (51kg) i\u00a0solidnej konstrukcji model ten jest p\u00f3\u0142przeno\u015bny, co przek\u0142ada si\u0119 na elastyczno\u015b\u0107 jego zastosowa\u0144.<\/li>\n<\/ul>\n<\/div>\n<\/section>\n<dl id=\"speciList\" class=\"js-accordion\">\n<dt class=\"js-accordion__toggle accordion__toggle\">PARAMETRY OPTYCZNE<\/dt>\n<dd class=\"js-accordion__content\">\n<table class=\"datalist datalist--divided-inset\">\n<tbody>\n<tr>\n<td>Technologia projekcji<\/td>\n<td>1-chip DLP\u2122 Technology<\/td>\n<\/tr>\n<tr>\n<td>Rozdzielczo\u015b\u0107 natywna<\/td>\n<td>\n<div class=\"productSpecRes productSpecRes--columns\">1920 x 1200 (WUXGA)<\/div>\n<\/td>\n<\/tr>\n<tr>\n<td>Proporcje obrazu<\/td>\n<td>16:10<\/td>\n<\/tr>\n<tr>\n<td>Kontrast <sup>1<\/sup><\/td>\n<td>10000:1 z DynamicBlack\u2122<\/td>\n<\/tr>\n<tr>\n<td>Jasno\u015b\u0107 <sup>1<\/sup><\/td>\n<td>20500 ANSI lumen\u00f3w w trybie normalnym \/ 16400 w trybie eko; 21500 w trybie centre<\/td>\n<\/tr>\n<tr>\n<td>Moc lampy<\/td>\n<td>Laserowe \u017ar\u00f3d\u0142o \u015bwiat\u0142a<\/td>\n<\/tr>\n<tr>\n<td>\u017bywotno\u015b\u0107 \u017ar\u00f3d\u0142a \u015bwiat\u0142a [godz.]<\/td>\n<td>20000 <sup>2<\/sup><\/td>\n<\/tr>\n<tr>\n<td>Obiektyw<\/td>\n<td>5 opcjonalne obiektywy z\u00a0mocowaniem bagnetowym<\/td>\n<\/tr>\n<tr>\n<td>Przesuwanie obiektywu<\/td>\n<td>H:-15,+15, V:-50,+50<\/td>\n<\/tr>\n<tr>\n<td>Korekcja zniekszta\u0142ce\u0144 trapezowych<\/td>\n<td>+\/-60\u00b0 w\u00a0poziomie (r\u0119cznie) \/ +\/-40\u00b0 w\u00a0pionie (r\u0119cznie)<\/td>\n<\/tr>\n<tr>\n<td>Wsp\u00f3\u0142czynnik projekcji<\/td>\n<td>w zale\u017cno\u015bci od wyboru obiektywu<\/td>\n<\/tr>\n<tr>\n<td>Odleg\u0142o\u015b\u0107 projekcji [m]<\/td>\n<td>0.81 \u2013 84<\/td>\n<\/tr>\n<tr>\n<td>Wielko\u015b\u0107 (przek\u0105tna) ekranu [cm] \/ [cale]<\/td>\n<td>Maksymalnie: 1\u00a0270 \/ 500&#8243;; Minimalnie: 100 \/ 40&#8243;<\/td>\n<\/tr>\n<tr>\n<td>Zoom<\/td>\n<td>Motorized<\/td>\n<\/tr>\n<tr>\n<td>Regulacja ogniskowej<\/td>\n<td>Mechaniczny<\/td>\n<\/tr>\n<tr>\n<td>Obs\u0142ugiwane rozdzielczo\u015bci<\/td>\n<td>\n<div class=\"productSpecRes productSpecRes--columns\">1080i\/50\/60; 1080p\/24\/25\/30\/50\/60; 2560 x 1600 (WQXGA); 480i\/50; 480p\/60; 576i\/50; 576p\/50; 720p\/50; 720p\/60<\/div>\n<\/td>\n<\/tr>\n<\/tbody>\n<\/table>\n<\/dd>\n<dt class=\"js-accordion__toggle accordion__toggle\">MO\u017bLIWO\u015aCI POD\u0141\u0104CZANIA<\/dt>\n<dd class=\"js-accordion__content\">\n<table class=\"datalist datalist--divided-inset\">\n<tbody>\n<tr>\n<td>Komputer (analogowe)<\/td>\n<td>Wej\u015bcie: 1 x 5BNC; 1 x Mini D-sub 15 pin<br \/>\nWyj\u015bcie: 1 x Mini D-sub 15 pin<\/td>\n<\/tr>\n<tr>\n<td>Cyfrowe<\/td>\n<td>Wej\u015bcie: 1 x 3G-SDI; 1 x DisplayPort z\u00a0obs\u0142ug\u0105 HDCP; 1 x DVI-D; 1 x HDBaseT; 2 x HDMI\u2122 z\u00a0obs\u0142ug\u0105 HDCP<br \/>\nWyj\u015bcie: 1 x 3G-SDI<\/td>\n<\/tr>\n<tr>\n<td>Control<\/td>\n<td>Wej\u015bcie: 1 x 9-pinowe D-Sub (RS-232), Ethernet; 1 x stereofoniczne gniazdo mini jack 3,5\u00a0mm (pilot kablowy)<\/td>\n<\/tr>\n<tr>\n<td>LAN<\/td>\n<td>1 x RJ45<\/td>\n<\/tr>\n<tr>\n<td>3D Sync<\/td>\n<td>Wyj\u015bcie: 1 x BNC IN; 1 x BNC OUT<\/td>\n<\/tr>\n<tr>\n<td>Video<\/td>\n<td>NTSC; NTSC 4,43; PAL; PAL-M; PAL-N; PAL60; SECAM<\/td>\n<\/tr>\n<\/tbody>\n<\/table>\n<\/dd>\n<dt class=\"js-accordion__toggle accordion__toggle\">FUNKCJE PILOTA<\/dt>\n<dd class=\"js-accordion__content\">\n<table class=\"datalist datalist--divided-inset\">\n<tbody>\n<tr>\n<td>Wej\u015bcie:<\/td>\n<td>1 x 3.5 mm Stereo Mini Jack<\/td>\n<\/tr>\n<tr>\n<td>Wyj\u015bcie:<\/td>\n<td>2 x 3.5 mm Mini Jack dla wyzwalacza ekranu<\/td>\n<\/tr>\n<tr>\n<td>Funkcje pilota<\/td>\n<td>Funkcja przys\u0142ony; Kontrola audio; Korekcja geometryczna; Mo\u017cliwo\u015b\u0107 regulacji ostro\u015bci, powi\u0119kszenia obrazu oraz przesuni\u0119cia obiektywu (lens shift); Nawigacja (g\u00f3ra, d\u00f3\u0142, lewy, prawy); Numer ID; Obraz testowy; Power (On-OFF); Wyb\u00f3r ID; Wyb\u00f3r \u017cr\u00f3d\u0142a sygna\u0142u; Zoom cyfrowy<\/td>\n<\/tr>\n<\/tbody>\n<\/table>\n<\/dd>\n<dt class=\"js-accordion__toggle accordion__toggle\">PARAMETRY ELEKTRYCZNE<\/dt>\n<dd class=\"js-accordion__content\">\n<table class=\"datalist datalist--divided-inset\">\n<tbody>\n<tr>\n<td>Zasilanie<\/td>\n<td>200-240 V AC; 50 &#8211; 60 Hz<\/td>\n<\/tr>\n<tr>\n<td>Pob\u00f3r mocy [W]<\/td>\n<td>1775 Normal Mode<\/td>\n<\/tr>\n<\/tbody>\n<\/table>\n<\/dd>\n<dt class=\"js-accordion__toggle accordion__toggle\">PARAMETRY MECHANICZNE<\/dt>\n<dd class=\"js-accordion__content\">\n<table class=\"datalist datalist--divided-inset\">\n<tbody>\n<tr>\n<td>Wymiary [mm]<\/td>\n<td>530 x 248 x 745 (bez n\u00f3\u017cek i obiektywu)<\/td>\n<\/tr>\n<tr>\n<td>Waga [kg]<\/td>\n<td>51<\/td>\n<\/tr>\n<tr>\n<td>Poziom szumu [dB (A)]<\/td>\n<td>46 \/ 48 (Eco \/ Normal)<\/td>\n<\/tr>\n<tr>\n<td>Wersje kolorystyczne<\/td>\n<td>Czarny<\/td>\n<\/tr>\n<\/tbody>\n<\/table>\n<\/dd>\n<dt class=\"js-accordion__toggle accordion__toggle\">WARUNKI OTOCZENIA<\/dt>\n<dd class=\"js-accordion__content\">\n<table class=\"datalist datalist--divided-inset\">\n<tbody>\n<tr>\n<td>Temperatura otoczenia podczes pracy [\u00b0C]<\/td>\n<td>0 do 40<\/td>\n<\/tr>\n<tr>\n<td>Wilgotno\u015b\u0107 otoczenia podczas pracy [%]<\/td>\n<td>0 do 80<\/td>\n<\/tr>\n<\/tbody>\n<\/table>\n<\/dd>\n<dt class=\"js-accordion__toggle accordion__toggle\">ERGONOMIA<\/dt>\n<dd class=\"js-accordion__content\">\n<table class=\"datalist datalist--divided-inset\">\n<tbody>\n<tr>\n<td>Bezpiecze\u0144stwo i ergonomia<\/td>\n<td>CE; EAC; ErP; RoHS<\/td>\n<\/tr>\n<\/tbody>\n<\/table>\n<\/dd>\n<dt class=\"js-accordion__toggle accordion__toggle\">DODATKOWE FUNKCJE<\/dt>\n<dd class=\"js-accordion__content\">\n<table class=\"datalist datalist--divided-inset\">\n<tbody>\n<tr>\n<td>Cechy Specjalne<\/td>\n<td>Funkcja \u0142\u0105czenia kraw\u0119dzi (Edge Blending) (Build In); HDBaseT; kontrola przez RS232; Korekcja geometryczna; LAN; Mo\u017cliwo\u015b\u0107 wy\u015bwietlania obraz\u00f3w 3D; NaViSet Administrator 2; Pe\u0142na obs\u0142uga 3D w\u00a0HDMI; PJ LINK; Regulacja \u017ar\u00f3d\u0142a \u015bwiat\u0142a; R\u0119czna regulacja kompensacji koloru \u015bciany; Swobodnie wychylany; Symulacja standardu DICOM; Ustawienie w\u00a0orientacji pionowej<\/td>\n<\/tr>\n<\/tbody>\n<\/table>\n<\/dd>\n<dt class=\"js-accordion__toggle accordion__toggle\">FUNKCJE EKO<\/dt>\n<dd class=\"js-accordion__content\">\n<table class=\"datalist datalist--divided-inset\">\n<tbody>\n<tr>\n<td>Wydajno\u015b\u0107 energetyczna<\/td>\n<td>Laserowe \u017ar\u00f3d\u0142o \u015bwiat\u0142a<\/td>\n<\/tr>\n<tr>\n<td>Materia\u0142y ekologiczne<\/td>\n<td>Instrukcje do pobrania w wersji elektronicznej; Opakowania w 100% recyklowalne<\/td>\n<\/tr>\n<tr>\n<td>Normy ekologiczne<\/td>\n<td>Zgodno\u015b\u0107 z ErP<\/td>\n<\/tr>\n<\/tbody>\n<\/table>\n<\/dd>\n<dt class=\"js-accordion__toggle accordion__toggle\">GWARANCJA<\/dt>\n<dd class=\"js-accordion__content\">\n<table class=\"datalist datalist--divided-inset\">\n<tbody>\n<tr>\n<td>Na projektor<\/td>\n<td>Serwis w ca\u0142ej Europie przez 3 lata<\/td>\n<\/tr>\n<tr>\n<td>\u0179r\u00f3d\u0142o \u015bwiat\u0142a<\/td>\n<td>3 lat lub 10000 h ( w zale\u017cno\u015bci od tego, co nast\u0105pi wcze\u015bniej)<\/td>\n<\/tr>\n<\/tbody>\n<\/table>\n<\/dd>\n<dt class=\"js-accordion__toggle accordion__toggle\">ZAWARTO\u015a\u0106 OPAKOWANIA<\/dt>\n<dd class=\"js-accordion__content\">\n<table class=\"datalist datalist--divided-inset\">\n<tbody>\n<tr>\n<td>Zawarto\u015b\u0107 opakowania<\/td>\n<td>Kabel zasilaj\u0105cy; Kr\u00f3tka instrukcja obs\u0142ugi; Pilot (RD &#8211; 480E); Podr\u0119cznik u\u017cytkownika na p\u0142ycie CD; Projektor<\/td>\n<\/tr>\n<\/tbody>\n<\/table>\n<\/dd>\n<dt class=\"js-accordion__toggle accordion__toggle\">WYPOSA\u017bENIE DODATKOWE<\/dt>\n<dd class=\"js-accordion__content\">\n<table class=\"datalist datalist--divided-inset\">\n<tbody>\n<tr>\n<td>Dost\u0119pne akcesoria<\/td>\n<td>Emiter RF XpanD 3D (AD025-RF-X1); Okulary XpanD 3D (X105-RFX2)<\/td>\n<\/tr>\n<tr>\n<td>Obiektywu:<\/td>\n<td>NP45ZL (0.9-1.2:1); NP46ZL (1.2-1.56:1); NP47ZL (1.5-2:1); NP48ZL (2-4:1); NP49ZL (4-7:1)<\/td>\n<\/tr>\n<\/tbody>\n<\/table>\n<\/dd>\n<\/dl>\n","protected":false},"excerpt":{"rendered":"<div class=\"columns medium-6 product-features\">\n<table class=\"datalist datalist--divided-fullwidth\">\n<tbody>\n<tr>\n<td>Typ<\/td>\n<td>DLP<\/td>\n<\/tr>\n<tr>\n<td>Jasno\u015b\u0107  [AL]<\/td>\n<td>20500<\/td>\n<\/tr>\n<tr>\n<td>Rozdzielczo\u015b\u0107<\/td>\n<td>1920 x 1200<\/td>\n<\/tr>\n<tr>\n<td>\u0179r\u00f3d\u0142o \u015bwiat\u0142a<\/td>\n<td>Laser<\/td>\n<\/tr>\n<tr>\n<td>\u017bywotno\u015b\u0107 \u017ar\u00f3d\u0142a \u015bwiat\u0142a  [godz]<\/td>\n<td>20000<\/td>\n<\/tr>\n<tr>\n<td>Masa  [kg]<\/td>\n<td>51<\/td>\n<\/tr>\n<tr>\n<td>Kod produktu<\/td>\n<td>60005581<\/td>\n<\/tr>\n<\/tbody>\n<\/table>\n<\/div>\n","protected":false},"featured_media":694,"template":"","meta":{"inline_featured_image":false,"neve_meta_sidebar":"","neve_meta_container":"","neve_meta_enable_content_width":"off","neve_meta_content_width":100,"neve_meta_title_alignment":"","neve_meta_author_avatar":"","neve_post_elements_order":"","neve_meta_disable_header":"","neve_meta_disable_footer":"","neve_meta_disable_title":""},"pwb-brand":[28],"product_cat":[31],"product_tag":[],"yoast_head":"<!-- This site is optimized with the Yoast SEO plugin v22.6 - https:\/\/yoast.com\/wordpress\/plugins\/seo\/ -->\n<title>NEC PX2201UL - Projektor - Monitory Komercyjne Monitory komercyjne<\/title>\n<meta name=\"robots\" content=\"index, follow, max-snippet:-1, max-image-preview:large, max-video-preview:-1\" \/>\n<link rel=\"canonical\" href=\"https:\/\/monitorykomercyjne.pl\/index.php\/produkt\/nec-px2201ul-projektor\/\" \/>\n<meta property=\"og:locale\" content=\"pl_PL\" \/>\n<meta property=\"og:type\" content=\"article\" \/>\n<meta property=\"og:title\" content=\"NEC PX2201UL - Projektor - Monitory Komercyjne Monitory komercyjne\" \/>\n<meta property=\"og:description\" content=\"TypDLPJasno\u015b\u0107 [AL]20500Rozdzielczo\u015b\u01071920 x 1200\u0179r\u00f3d\u0142o \u015bwiat\u0142aLaser\u017bywotno\u015b\u0107 \u017ar\u00f3d\u0142a \u015bwiat\u0142a [godz]20000Masa [kg]51Kod produktu60005581\" \/>\n<meta property=\"og:url\" content=\"https:\/\/monitorykomercyjne.pl\/index.php\/produkt\/nec-px2201ul-projektor\/\" \/>\n<meta property=\"og:site_name\" content=\"Monitory Komercyjne\" \/>\n<meta property=\"article:modified_time\" content=\"2024-05-09T07:39:45+00:00\" \/>\n<meta property=\"og:image\" content=\"https:\/\/monitorykomercyjne.pl\/wp-content\/uploads\/2024\/03\/NEC_PX2201ULNP46ZL_upperslant_right_web.jpg\" \/>\n\t<meta property=\"og:image:width\" content=\"1600\" \/>\n\t<meta property=\"og:image:height\" content=\"1200\" \/>\n\t<meta property=\"og:image:type\" content=\"image\/jpeg\" \/>\n<meta name=\"twitter:card\" content=\"summary_large_image\" \/>\n<meta name=\"twitter:label1\" content=\"Szacowany czas czytania\" \/>\n\t<meta name=\"twitter:data1\" content=\"4 minuty\" \/>\n<script type=\"application\/ld+json\" class=\"yoast-schema-graph\">{\"@context\":\"https:\/\/schema.org\",\"@graph\":[{\"@type\":\"WebPage\",\"@id\":\"https:\/\/monitorykomercyjne.pl\/index.php\/produkt\/nec-px2201ul-projektor\/\",\"url\":\"https:\/\/monitorykomercyjne.pl\/index.php\/produkt\/nec-px2201ul-projektor\/\",\"name\":\"NEC PX2201UL - Projektor - Monitory Komercyjne Monitory komercyjne\",\"isPartOf\":{\"@id\":\"https:\/\/monitorykomercyjne.pl\/#website\"},\"primaryImageOfPage\":{\"@id\":\"https:\/\/monitorykomercyjne.pl\/index.php\/produkt\/nec-px2201ul-projektor\/#primaryimage\"},\"image\":{\"@id\":\"https:\/\/monitorykomercyjne.pl\/index.php\/produkt\/nec-px2201ul-projektor\/#primaryimage\"},\"thumbnailUrl\":\"https:\/\/monitorykomercyjne.pl\/wp-content\/uploads\/2024\/03\/NEC_PX2201ULNP46ZL_upperslant_right_web.jpg\",\"datePublished\":\"2024-03-05T13:47:36+00:00\",\"dateModified\":\"2024-05-09T07:39:45+00:00\",\"breadcrumb\":{\"@id\":\"https:\/\/monitorykomercyjne.pl\/index.php\/produkt\/nec-px2201ul-projektor\/#breadcrumb\"},\"inLanguage\":\"pl-PL\",\"potentialAction\":[{\"@type\":\"ReadAction\",\"target\":[\"https:\/\/monitorykomercyjne.pl\/index.php\/produkt\/nec-px2201ul-projektor\/\"]}]},{\"@type\":\"ImageObject\",\"inLanguage\":\"pl-PL\",\"@id\":\"https:\/\/monitorykomercyjne.pl\/index.php\/produkt\/nec-px2201ul-projektor\/#primaryimage\",\"url\":\"https:\/\/monitorykomercyjne.pl\/wp-content\/uploads\/2024\/03\/NEC_PX2201ULNP46ZL_upperslant_right_web.jpg\",\"contentUrl\":\"https:\/\/monitorykomercyjne.pl\/wp-content\/uploads\/2024\/03\/NEC_PX2201ULNP46ZL_upperslant_right_web.jpg\",\"width\":1600,\"height\":1200},{\"@type\":\"BreadcrumbList\",\"@id\":\"https:\/\/monitorykomercyjne.pl\/index.php\/produkt\/nec-px2201ul-projektor\/#breadcrumb\",\"itemListElement\":[{\"@type\":\"ListItem\",\"position\":1,\"name\":\"Strona g\u0142\u00f3wna\",\"item\":\"https:\/\/monitorykomercyjne.pl\/\"},{\"@type\":\"ListItem\",\"position\":2,\"name\":\"Produkty\",\"item\":\"https:\/\/monitorykomercyjne.pl\/index.php\/produkty\/\"},{\"@type\":\"ListItem\",\"position\":3,\"name\":\"NEC PX2201UL &#8211; Projektor\"}]},{\"@type\":\"WebSite\",\"@id\":\"https:\/\/monitorykomercyjne.pl\/#website\",\"url\":\"https:\/\/monitorykomercyjne.pl\/\",\"name\":\"Monitory Komercyjne\",\"description\":\"\",\"potentialAction\":[{\"@type\":\"SearchAction\",\"target\":{\"@type\":\"EntryPoint\",\"urlTemplate\":\"https:\/\/monitorykomercyjne.pl\/?s={search_term_string}\"},\"query-input\":\"required name=search_term_string\"}],\"inLanguage\":\"pl-PL\"}]}<\/script>\n<!-- \/ Yoast SEO plugin. -->","yoast_head_json":{"title":"NEC PX2201UL - Projektor - Monitory Komercyjne Monitory komercyjne","robots":{"index":"index","follow":"follow","max-snippet":"max-snippet:-1","max-image-preview":"max-image-preview:large","max-video-preview":"max-video-preview:-1"},"canonical":"https:\/\/monitorykomercyjne.pl\/index.php\/produkt\/nec-px2201ul-projektor\/","og_locale":"pl_PL","og_type":"article","og_title":"NEC PX2201UL - Projektor - Monitory Komercyjne Monitory komercyjne","og_description":"TypDLPJasno\u015b\u0107 [AL]20500Rozdzielczo\u015b\u01071920 x 1200\u0179r\u00f3d\u0142o \u015bwiat\u0142aLaser\u017bywotno\u015b\u0107 \u017ar\u00f3d\u0142a \u015bwiat\u0142a [godz]20000Masa [kg]51Kod produktu60005581","og_url":"https:\/\/monitorykomercyjne.pl\/index.php\/produkt\/nec-px2201ul-projektor\/","og_site_name":"Monitory Komercyjne","article_modified_time":"2024-05-09T07:39:45+00:00","og_image":[{"width":1600,"height":1200,"url":"https:\/\/monitorykomercyjne.pl\/wp-content\/uploads\/2024\/03\/NEC_PX2201ULNP46ZL_upperslant_right_web.jpg","type":"image\/jpeg"}],"twitter_card":"summary_large_image","twitter_misc":{"Szacowany czas czytania":"4 minuty"},"schema":{"@context":"https:\/\/schema.org","@graph":[{"@type":"WebPage","@id":"https:\/\/monitorykomercyjne.pl\/index.php\/produkt\/nec-px2201ul-projektor\/","url":"https:\/\/monitorykomercyjne.pl\/index.php\/produkt\/nec-px2201ul-projektor\/","name":"NEC PX2201UL - Projektor - Monitory Komercyjne Monitory komercyjne","isPartOf":{"@id":"https:\/\/monitorykomercyjne.pl\/#website"},"primaryImageOfPage":{"@id":"https:\/\/monitorykomercyjne.pl\/index.php\/produkt\/nec-px2201ul-projektor\/#primaryimage"},"image":{"@id":"https:\/\/monitorykomercyjne.pl\/index.php\/produkt\/nec-px2201ul-projektor\/#primaryimage"},"thumbnailUrl":"https:\/\/monitorykomercyjne.pl\/wp-content\/uploads\/2024\/03\/NEC_PX2201ULNP46ZL_upperslant_right_web.jpg","datePublished":"2024-03-05T13:47:36+00:00","dateModified":"2024-05-09T07:39:45+00:00","breadcrumb":{"@id":"https:\/\/monitorykomercyjne.pl\/index.php\/produkt\/nec-px2201ul-projektor\/#breadcrumb"},"inLanguage":"pl-PL","potentialAction":[{"@type":"ReadAction","target":["https:\/\/monitorykomercyjne.pl\/index.php\/produkt\/nec-px2201ul-projektor\/"]}]},{"@type":"ImageObject","inLanguage":"pl-PL","@id":"https:\/\/monitorykomercyjne.pl\/index.php\/produkt\/nec-px2201ul-projektor\/#primaryimage","url":"https:\/\/monitorykomercyjne.pl\/wp-content\/uploads\/2024\/03\/NEC_PX2201ULNP46ZL_upperslant_right_web.jpg","contentUrl":"https:\/\/monitorykomercyjne.pl\/wp-content\/uploads\/2024\/03\/NEC_PX2201ULNP46ZL_upperslant_right_web.jpg","width":1600,"height":1200},{"@type":"BreadcrumbList","@id":"https:\/\/monitorykomercyjne.pl\/index.php\/produkt\/nec-px2201ul-projektor\/#breadcrumb","itemListElement":[{"@type":"ListItem","position":1,"name":"Strona g\u0142\u00f3wna","item":"https:\/\/monitorykomercyjne.pl\/"},{"@type":"ListItem","position":2,"name":"Produkty","item":"https:\/\/monitorykomercyjne.pl\/index.php\/produkty\/"},{"@type":"ListItem","position":3,"name":"NEC PX2201UL &#8211; Projektor"}]},{"@type":"WebSite","@id":"https:\/\/monitorykomercyjne.pl\/#website","url":"https:\/\/monitorykomercyjne.pl\/","name":"Monitory Komercyjne","description":"","potentialAction":[{"@type":"SearchAction","target":{"@type":"EntryPoint","urlTemplate":"https:\/\/monitorykomercyjne.pl\/?s={search_term_string}"},"query-input":"required name=search_term_string"}],"inLanguage":"pl-PL"}]}},"brands":[{"id":28,"name":"SharpNEC","slug":"sharpnec"}],"_links":{"self":[{"href":"https:\/\/monitorykomercyjne.pl\/index.php\/wp-json\/wp\/v2\/product\/693"}],"collection":[{"href":"https:\/\/monitorykomercyjne.pl\/index.php\/wp-json\/wp\/v2\/product"}],"about":[{"href":"https:\/\/monitorykomercyjne.pl\/index.php\/wp-json\/wp\/v2\/types\/product"}],"wp:featuredmedia":[{"embeddable":true,"href":"https:\/\/monitorykomercyjne.pl\/index.php\/wp-json\/wp\/v2\/media\/694"}],"wp:attachment":[{"href":"https:\/\/monitorykomercyjne.pl\/index.php\/wp-json\/wp\/v2\/media?parent=693"}],"wp:term":[{"taxonomy":"pwb-brand","embeddable":true,"href":"https:\/\/monitorykomercyjne.pl\/index.php\/wp-json\/wp\/v2\/pwb-brand?post=693"},{"taxonomy":"product_cat","embeddable":true,"href":"https:\/\/monitorykomercyjne.pl\/index.php\/wp-json\/wp\/v2\/product_cat?post=693"},{"taxonomy":"product_tag","embeddable":true,"href":"https:\/\/monitorykomercyjne.pl\/index.php\/wp-json\/wp\/v2\/product_tag?post=693"}],"curies":[{"name":"wp","href":"https:\/\/api.w.org\/{rel}","templated":true}]}}