{"id":711,"date":"2024-03-06T08:48:56","date_gmt":"2024-03-06T07:48:56","guid":{"rendered":"https:\/\/monitorykomercyjne.pl\/?post_type=product&#038;p=711"},"modified":"2024-05-09T09:39:45","modified_gmt":"2024-05-09T07:39:45","slug":"nec-pa1004ul-projektor","status":"publish","type":"product","link":"https:\/\/monitorykomercyjne.pl\/index.php\/produkt\/nec-pa1004ul-projektor\/","title":{"rendered":"NEC PA1004UL &#8211; Projektor"},"content":{"rendered":"<section id=\"overview\" class=\"row\">\n<div class=\"columns medium-6\">\n<p><!-- ossproductdescstart --><\/p>\n<p><b>Nowa klasa w\u00a0dziedzinie cichej projekcji<\/b><\/p>\n<p>Po wprowadzeniu na rynek projektora laserowego PA1004UL o\u00a0jasno\u015bci 10\u00a0tys. lumen\u00f3w innowacje firmy NEC w\u00a0zakresie supercichych technologii mo\u017cna wykorzystywa\u0107 w\u00a0jeszcze wi\u0119kszych przestrzeniach, skupiaj\u0105c uwag\u0119 wszystkich widz\u00f3w na ol\u015bniewaj\u0105cym obrazie.<\/p>\n<p>Niezr\u00f3wnana wydajno\u015b\u0107 funkcji korekcji punktu bieli, fabrycznie kalibrowanej w\u00a0celu uzyskania idealnie bia\u0142ej barwy, 12-bitowe przetwarzanie sygna\u0142u barwnego oraz szeroka przestrze\u0144 barw przek\u0142adaj\u0105 si\u0119 na wyj\u0105tkowo intensywne nasycenie kolor\u00f3w i\u00a0niespotykane poziomy kontrastu.<\/p>\n<p>Udoskonalony, uszczelniony mechanizm optyczny umo\u017cliwi\u0142 zastosowanie konstrukcji pozbawionej filtr\u00f3w, o stopniu ochrony IP5X przed wnikaniem py\u0142u \u2014 nie wyst\u0119puje zatem ryzyko zanieczyszczenia paneli LCD py\u0142em, co zapewnia d\u0142ugotrwa\u0142\u0105 stabilno\u015b\u0107 obrazu i doskona\u0142\u0105 jasno\u015b\u0107 kolor\u00f3w. Ponadto dzi\u0119ki bezfiltrowej konstrukcji projektora LCD i braku konieczno\u015bci wymiany lampy znacznie obni\u017cono koszty serwisowania, zapewniaj\u0105c w ten spos\u00f3b niski koszt posiadania oraz \u017cywotno\u015b\u0107 si\u0119gaj\u0105c\u0105 a\u017c 20 000 godzin.<\/p>\n<p>Pe\u0142na kompatybilno\u015b\u0107 z\u00a0mechanicznymi obiektywami z\u00a0lampowej serii PA wcze\u015bniejszej generacji u\u0142atwia klientom firmy NEC przej\u015bcie na najnowocze\u015bniejsz\u0105 technologi\u0119 laserow\u0105. PA1004UL to profesjonalny projektor instalacyjny wyposa\u017cony w\u00a0zaawansowane mo\u017cliwo\u015bci instalacji wymagane w\u00a0sektorach edukacji wy\u017cszej, rekreacji i\u00a0muze\u00f3w.<\/p>\n<p><!-- ossproductdescend --><\/p>\n<\/div>\n<div class=\"columns medium-6\">\n<h3>Korzy\u015bci<\/h3>\n<ul>\n<li><b>Koniec z wymian\u0105 lamp<\/b> \u2013a\u017c do 20.000 godzin bezobs\u0142ugowego dzia\u0142ania dzi\u0119ki laserowemu \u017ar\u00f3d\u0142u \u015bwiat\u0142a.<\/li>\n<li><b>Brak konieczno\u015bci serwisowania filtra<\/b> \u2013ca\u0142kowicie szczelny laserowy silnik optyczny LCD umo\u017cliwia zastosowanie konstrukcji bezfiltrowej. Produkt oferuje doskona\u0142\u0105 jasno\u015b\u0107 kolor\u00f3w i pozwala zapomnie\u0107 o kosztach serwisowania.<\/li>\n<li><b>Wyj\u0105tkowo cicha praca<\/b> \u2013dzi\u0119ki chronionemu patentem uszczelnionemu silnikowi o\u015bwietlenia z innowacyjn\u0105 konstrukcj\u0105 wentylatora urz\u0105dzenie jest zabezpieczone przed kurzem, ale te\u017c emituje zdecydowanie mniej ha\u0142asu.<\/li>\n<li><b>Inspiruj widz\u00f3w \u017cywym kolorem i g\u0142\u0119bokim kontrastem<\/b> \u2013doskona\u0142\u0105 biel\u0105, szerok\u0105 przestrzeni\u0105 kolor\u00f3w i dynamicznym kontrastem zgodnym z norm\u0105 HDR10 z wykorzystaniem interfejsu HDMI.<\/li>\n<li><b>Niesamowite mo\u017cliwo\u015bci wizualizacji<\/b> \u2013imponuj\u0105ce mo\u017cliwo\u015bci swobodnego przechylania i\u00a0instalacji z\u00a0obrazem wy\u015bwietlanym w\u00a0pionie, wyj\u0105tkowa regulacja geometrii, tryb obrazu w\u00a0obrazie, zestawianie obraz\u00f3w obok siebie, obs\u0142uga obrazu 3D oraz \u0142\u0105czenie kraw\u0119dzi \/ nak\u0142adanie obraz\u00f3w a\u017c do rozdzielczo\u015bci 4K przy zastosowaniu kamery.<\/li>\n<\/ul>\n<\/div>\n<\/section>\n<dl id=\"speciList\" class=\"js-accordion\">\n<dt class=\"js-accordion__toggle accordion__toggle\">PARAMETRY OPTYCZNE<\/dt>\n<dd class=\"js-accordion__content\">\n<table class=\"datalist datalist--divided-inset\">\n<tbody>\n<tr>\n<td>Technologia projekcji<\/td>\n<td>3LCD Technology<\/td>\n<\/tr>\n<tr>\n<td>Rozdzielczo\u015b\u0107 natywna<\/td>\n<td>\n<div class=\"productSpecRes productSpecRes--columns\">1920 x 1200 (WUXGA)<\/div>\n<\/td>\n<\/tr>\n<tr>\n<td>Proporcje obrazu<\/td>\n<td>16:10<\/td>\n<\/tr>\n<tr>\n<td>Kontrast <sup>1<\/sup><\/td>\n<td>3000000:1<\/td>\n<\/tr>\n<tr>\n<td>Jasno\u015b\u0107 <sup>1<\/sup><\/td>\n<td>9000 ANSI lumen\u00f3w (ok. 80% w trybie Eko), ze standardowym opcjonalnym obiektywem<\/td>\n<\/tr>\n<tr>\n<td>Jasno\u015b\u0107 (tryb do\u0142adowania)<\/td>\n<td>10000 ANSI Lumen<\/td>\n<\/tr>\n<tr>\n<td>Moc lampy<\/td>\n<td>Laserowe \u017ar\u00f3d\u0142o \u015bwiat\u0142a<\/td>\n<\/tr>\n<tr>\n<td>\u017bywotno\u015b\u0107 \u017ar\u00f3d\u0142a \u015bwiat\u0142a [godz.]<\/td>\n<td>20000 <sup>2<\/sup><\/td>\n<\/tr>\n<tr>\n<td>Obiektyw<\/td>\n<td>Liczba opcji obiektyw\u00f3w r\u0119cznych: 5; Liczba opcji obiektyw\u00f3w z nap\u0119dem: 4<\/td>\n<\/tr>\n<tr>\n<td>Regulacja soczewek<\/td>\n<td>Z nap\u0119dem i r\u0119cznie (w\u00a0zale\u017cno\u015bci od obiektywu)<\/td>\n<\/tr>\n<tr>\n<td>Przesuwanie obiektywu<\/td>\n<td>H:\u00b120, V:+10,-50<\/td>\n<\/tr>\n<tr>\n<td>Korekcja zniekszta\u0142ce\u0144 trapezowych<\/td>\n<td>+\/-40\u00b0 w\u00a0poziomie (r\u0119cznie) \/ +\/-40\u00b0 w\u00a0pionie (r\u0119cznie)<\/td>\n<\/tr>\n<tr>\n<td>Wsp\u00f3\u0142czynnik projekcji<\/td>\n<td>w zale\u017cno\u015bci od wyboru obiektywu (opcja standardowa NP41ZL, 1,3:3,02:1)<\/td>\n<\/tr>\n<tr>\n<td>Odleg\u0142o\u015b\u0107 projekcji [m]<\/td>\n<td>0.7 \u2013 50.9<\/td>\n<\/tr>\n<tr>\n<td>Wielko\u015b\u0107 (przek\u0105tna) ekranu [cm] \/ [cale]<\/td>\n<td>Maksymalnie: 1\u00a0270 \/ 500&#8243;; Minimalnie: 101,6 \/ 40&#8243;<\/td>\n<\/tr>\n<tr>\n<td>Zoom<\/td>\n<td>Z nap\u0119dem i r\u0119cznie (w\u00a0zale\u017cno\u015bci od obiektywu)<\/td>\n<\/tr>\n<tr>\n<td>Regulacja ogniskowej<\/td>\n<td>Z nap\u0119dem i r\u0119cznie (w\u00a0zale\u017cno\u015bci od obiektywu)<\/td>\n<\/tr>\n<tr>\n<td>Obs\u0142ugiwane rozdzielczo\u015bci<\/td>\n<td>\n<div class=\"productSpecRes productSpecRes--columns\">1080i\/50\/60; 1080p\/24\/25\/30\/50\/60; 1920&#215;1200 (WUXGA) &#8211; 640&#215;480 (VGA); 2048 x 1080 (2k); 2560 x 1600 (WQXGA); 4096 x 2160 (4k); 480i\/50; 480p\/60; 576i\/50; 576p\/50; 720p\/50; 720p\/60<\/div>\n<\/td>\n<\/tr>\n<tr>\n<td>Cz\u0119stotliwo\u015b\u0107<\/td>\n<td>W\u00a0pionie: analogowe: 48\u2013120\u00a0Hz, cyfrowe: 48\u2013120\u00a0Hz; W\u00a0poziomie: analogowe: 15\/24\u2013100\u00a0kHz, cyfrowe: 15\/24\u2013153\u00a0kHz<\/td>\n<\/tr>\n<\/tbody>\n<\/table>\n<\/dd>\n<dt class=\"js-accordion__toggle accordion__toggle\">MO\u017bLIWO\u015aCI POD\u0141\u0104CZANIA<\/dt>\n<dd class=\"js-accordion__content\">\n<table class=\"datalist datalist--divided-inset\">\n<tbody>\n<tr>\n<td>Komputer (analogowe)<\/td>\n<td>Wej\u015bcie: 1 x Mini D-sub 15-pin, kompatybilne z component (YPbPr)<\/td>\n<\/tr>\n<tr>\n<td>Cyfrowe<\/td>\n<td>Wej\u015bcie: 1 x DisplayPort; 1 x HDBaseT; 2 x HDMI\u2122 z obs\u0142ug\u0105 HDCP 2.2<br \/>\nWyj\u015bcie: 1 x HDBaseT z\u00a0obs\u0142ug\u0105 HDCP 2.2<\/td>\n<\/tr>\n<tr>\n<td>Audio<\/td>\n<td>Wej\u015bcie: 1 x DisplayPort Audio support; 1 x HDBaseT wsparcie dla sygna\u0142u audio; 2 x 3,5 mm wej\u015bcie Stereo Mini Jack; 2 x HDMI wsparcie dla sygna\u0142u audio<br \/>\nWyj\u015bcie: 1 x 3.5 mm Stereo Mini Jack (variable)<\/td>\n<\/tr>\n<tr>\n<td>Control<\/td>\n<td>Wej\u015bcie: 1 x 9-pinowe D-Sub (RS-232), Ethernet; 1 x stereofoniczne gniazdo mini jack 3,5\u00a0mm (pilot kablowy)<\/td>\n<\/tr>\n<tr>\n<td>LAN<\/td>\n<td>1 x RJ45<\/td>\n<\/tr>\n<tr>\n<td>USB<\/td>\n<td>1 x Type A (USB 2.0 high speed)<\/td>\n<\/tr>\n<tr>\n<td>3D Sync<\/td>\n<td>Wyj\u015bcie: 1 x Mini DIN (z\u0142\u0105cze 3-pinowe)<\/td>\n<\/tr>\n<\/tbody>\n<\/table>\n<\/dd>\n<dt class=\"js-accordion__toggle accordion__toggle\">FUNKCJE PILOTA<\/dt>\n<dd class=\"js-accordion__content\">\n<table class=\"datalist datalist--divided-inset\">\n<tbody>\n<tr>\n<td>Funkcje pilota<\/td>\n<td>Funkcja przys\u0142ony; Kontrola audio; Korekcja geometryczna; Mo\u017cliwo\u015b\u0107 regulacji ostro\u015bci, powi\u0119kszenia obrazu oraz przesuni\u0119cia obiektywu (lens shift); Nawigacja (g\u00f3ra, d\u00f3\u0142, lewy, prawy); Numer ID; Obraz testowy; Power (On-OFF); Wyb\u00f3r ID; Wyb\u00f3r \u017cr\u00f3d\u0142a sygna\u0142u; Zoom cyfrowy<\/td>\n<\/tr>\n<\/tbody>\n<\/table>\n<\/dd>\n<dt class=\"js-accordion__toggle accordion__toggle\">PARAMETRY ELEKTRYCZNE<\/dt>\n<dd class=\"js-accordion__content\">\n<table class=\"datalist datalist--divided-inset\">\n<tbody>\n<tr>\n<td>Zasilanie<\/td>\n<td>100-240 V AC; 50 &#8211; 60 Hz<\/td>\n<\/tr>\n<tr>\n<td>Pob\u00f3r mocy [W]<\/td>\n<td>725 (Normal) \/ 395 (ECO) \/ 0,8 (Network Stand-by) \/ 0,28 (Stand-by)<\/td>\n<\/tr>\n<\/tbody>\n<\/table>\n<\/dd>\n<dt class=\"js-accordion__toggle accordion__toggle\">PARAMETRY MECHANICZNE<\/dt>\n<dd class=\"js-accordion__content\">\n<table class=\"datalist datalist--divided-inset\">\n<tbody>\n<tr>\n<td>Wymiary [mm]<\/td>\n<td>599 x 208 x 490 (bez n\u00f3\u017cek i obiektywu)<\/td>\n<\/tr>\n<tr>\n<td>Waga [kg]<\/td>\n<td>24.4<\/td>\n<\/tr>\n<tr>\n<td>Poziom szumu [dB (A)]<\/td>\n<td>32 \/ 35 (Eco \/ Normal)<\/td>\n<\/tr>\n<tr>\n<td>Wersje kolorystyczne<\/td>\n<td>Bia\u0142y; Czarny<\/td>\n<\/tr>\n<\/tbody>\n<\/table>\n<\/dd>\n<dt class=\"js-accordion__toggle accordion__toggle\">WARUNKI OTOCZENIA<\/dt>\n<dd class=\"js-accordion__content\">\n<table class=\"datalist datalist--divided-inset\">\n<tbody>\n<tr>\n<td>Temperatura otoczenia podczes pracy [\u00b0C]<\/td>\n<td>0 do 40<\/td>\n<\/tr>\n<tr>\n<td>Wilgotno\u015b\u0107 otoczenia podczas pracy [%]<\/td>\n<td>20 do 80 non-condensing<\/td>\n<\/tr>\n<tr>\n<td>Temperatura przy przechowywaniu [\u00b0C]<\/td>\n<td>-10 do 50<\/td>\n<\/tr>\n<tr>\n<td>Wilgotno\u015b\u0107 przy przechowywaniu [%]<\/td>\n<td>20 do 80 non-condensing<\/td>\n<\/tr>\n<\/tbody>\n<\/table>\n<\/dd>\n<dt class=\"js-accordion__toggle accordion__toggle\">ERGONOMIA<\/dt>\n<dd class=\"js-accordion__content\">\n<table class=\"datalist datalist--divided-inset\">\n<tbody>\n<tr>\n<td>Bezpiecze\u0144stwo i ergonomia<\/td>\n<td>CE; EAC; ErP; RoHS; TUEV Type Approved<\/td>\n<\/tr>\n<\/tbody>\n<\/table>\n<\/dd>\n<dt class=\"js-accordion__toggle accordion__toggle\">DODATKOWE FUNKCJE<\/dt>\n<dd class=\"js-accordion__content\">\n<table class=\"datalist datalist--divided-inset\">\n<tbody>\n<tr>\n<td>Cechy Specjalne<\/td>\n<td>Active 3D; AMX Beacon; Crestron RoomView; Digital 3D Reform\u2122; Funkcja Direct Power-Off; Funkcja wirtualnego pilota; Funkcja zegara; Funkcja \u0142\u0105czenia kraw\u0119dzi (Edge Blending); HDBaseT; Interfejsy 4K\/60\u00a0Hz; Keystone Correction (H=\u00b140\u00b0, V=\u00b140\u00b0); kontrola przez RS232; Konwersja barw Rec2020 do Rec709; Korekcja geometryczna; Lens Shift (vertical +0.5 max\/-0.1 max, horizontal \u00b1 0.3 max.); Menu OSD w 27 j\u0119zykach; Mo\u017cliwo\u015b\u0107 wy\u015bwietlania obraz\u00f3w 3D; NaViSet Administrator 2; Obs\u0142uga HDR10; Obs\u0142uga odtwarzacza UHD; Opcjalane logo u\u017cytkownika; Pami\u0119\u0107 ustawie\u0144 obiektywu; PIP\/Side by Side, HDMI &#8211; Input; PJ LINK; Plansza kontrolna; Przetwarzanie w\u00a0technologii CQP (obraz o\u00a0jako\u015bci kinowej) zapewniaj\u0105ce najlepsz\u0105 jako\u015b\u0107 obrazu; P\u0142ynne prze\u0142\u0105czanie; Regulacja \u017ar\u00f3d\u0142a \u015bwiat\u0142a; R\u0119czna regulacja kompensacji koloru \u015bciany; Stacking Function; Sterowanie przez przegl\u0105dark\u0119 WWW; Sterowanie przez sie\u0107 LAN; Swobodnie wychylany; Symulacja standardu DICOM; System Hollywood Quality Video; Tryb High-altitude; Tryb kompensacji kolor\u00f3w przy konfiguracji wieloekranowej; Ustawienie w\u00a0orientacji pionowej; Wbudowany spliter sygna\u0142u na wy\u015bwietlacz \/ wiele ekran\u00f3w; Zabezpieczenie has\u0142em; Z\u0142\u0105cze sygna\u0142u wyj\u015bcia HDBaseT; \u017bywotno\u015b\u0107 \u017ar\u00f3d\u0142a \u015bwiat\u0142a 20\u00a0000 godz.<\/td>\n<\/tr>\n<\/tbody>\n<\/table>\n<\/dd>\n<dt class=\"js-accordion__toggle accordion__toggle\">FUNKCJE EKO<\/dt>\n<dd class=\"js-accordion__content\">\n<table class=\"datalist datalist--divided-inset\">\n<tbody>\n<tr>\n<td>Wydajno\u015b\u0107 energetyczna<\/td>\n<td>D\u0142u\u017csza \u017cywotno\u015b\u0107 \u017ar\u00f3d\u0142a \u015bwiat\u0142a; Funkcja zegara; Inteligente system zarz\u0105dzania energi\u0105; Oprogramowanie do planowania trybu pracy; Pob\u00f3r mocy w\u00a0trybie czuwania poni\u017cej 0,3\u00a0W; Terminarz ECO<\/td>\n<\/tr>\n<tr>\n<td>Materia\u0142y ekologiczne<\/td>\n<td>Instrukcje do pobrania w wersji elektronicznej; Opakowania w 100% recyklowalne<\/td>\n<\/tr>\n<tr>\n<td>Normy ekologiczne<\/td>\n<td>Zgodno\u015b\u0107 z ErP<\/td>\n<\/tr>\n<\/tbody>\n<\/table>\n<\/dd>\n<dt class=\"js-accordion__toggle accordion__toggle\">GWARANCJA<\/dt>\n<dd class=\"js-accordion__content\">\n<table class=\"datalist datalist--divided-inset\">\n<tbody>\n<tr>\n<td>Na projektor<\/td>\n<td>Serwis w ca\u0142ej Europie przez 3 lata<\/td>\n<\/tr>\n<tr>\n<td>\u0179r\u00f3d\u0142o \u015bwiat\u0142a<\/td>\n<td>3 lat lub 10000 h ( w zale\u017cno\u015bci od tego, co nast\u0105pi wcze\u015bniej)<\/td>\n<\/tr>\n<\/tbody>\n<\/table>\n<\/dd>\n<dt class=\"js-accordion__toggle accordion__toggle\">ZAWARTO\u015a\u0106 OPAKOWANIA<\/dt>\n<dd class=\"js-accordion__content\">\n<table class=\"datalist datalist--divided-inset\">\n<tbody>\n<tr>\n<td>Zawarto\u015b\u0107 opakowania<\/td>\n<td>Kabel zasilaj\u0105cy; Kr\u00f3tka instrukcja obs\u0142ugi; Pilot (RD-480E); Podr\u0119cznik u\u017cytkownika na p\u0142ycie CD; Projektor<\/td>\n<\/tr>\n<\/tbody>\n<\/table>\n<\/dd>\n<dt class=\"js-accordion__toggle accordion__toggle\">WYPOSA\u017bENIE DODATKOWE<\/dt>\n<dd class=\"js-accordion__content\">\n<table class=\"datalist datalist--divided-inset\">\n<tbody>\n<tr>\n<td>Dost\u0119pne akcesoria<\/td>\n<td>10 opcjonalne obiektywy z mocowaniem bagnetowym; Os\u0142ona na przew\u00f3d (NP13CV-W, NP13CV-B); Uniwersalne uchwyty sufitowe (PJ02UCMPF)<\/td>\n<\/tr>\n<tr>\n<td>Obiektywy &#8211; z nap\u0119dem<\/td>\n<td>NP40ZL (0.79-1.11:1); NP41ZL (1.3-3.02:1); NP43ZL (2.99-5.93:1); NP44ML-PA4 (0.32:1); NP50ZL (0.6-0.75:1)<\/td>\n<\/tr>\n<tr>\n<td>Obiektywy &#8211; r\u0119czne<\/td>\n<td>NP11FL (0.79:1); NP12ZL (1.16-1.52:1); NP13ZL (1.46-2.95:1); NP14ZL (2.9-4.68:1); NP15ZL (4.59-7.02:1)<\/td>\n<\/tr>\n<\/tbody>\n<\/table>\n<\/dd>\n<\/dl>\n","protected":false},"excerpt":{"rendered":"<div class=\"columns medium-6 product-features\">\n<table class=\"datalist datalist--divided-fullwidth\">\n<tbody>\n<tr>\n<td>Typ<\/td>\n<td>LCD<\/td>\n<\/tr>\n<tr>\n<td>Jasno\u015b\u0107  [AL]<\/td>\n<td>10000<\/td>\n<\/tr>\n<tr>\n<td>Rozdzielczo\u015b\u0107<\/td>\n<td>1920 x 1200<\/td>\n<\/tr>\n<tr>\n<td>\u0179r\u00f3d\u0142o \u015bwiat\u0142a<\/td>\n<td>Laser<\/td>\n<\/tr>\n<tr>\n<td>\u017bywotno\u015b\u0107 \u017ar\u00f3d\u0142a \u015bwiat\u0142a  [godz]<\/td>\n<td>20000<\/td>\n<\/tr>\n<tr>\n<td>Masa  [kg]<\/td>\n<td>24,4<\/td>\n<\/tr>\n<tr>\n<td>Kod produktu<\/td>\n<td>60004512 (WH),  60005160 (BK)<\/td>\n<\/tr>\n<\/tbody>\n<\/table>\n<\/div>\n","protected":false},"featured_media":712,"template":"","meta":{"inline_featured_image":false,"neve_meta_sidebar":"","neve_meta_container":"","neve_meta_enable_content_width":"off","neve_meta_content_width":100,"neve_meta_title_alignment":"","neve_meta_author_avatar":"","neve_post_elements_order":"","neve_meta_disable_header":"","neve_meta_disable_footer":"","neve_meta_disable_title":""},"pwb-brand":[28],"product_cat":[31],"product_tag":[],"yoast_head":"<!-- This site is optimized with the Yoast SEO plugin v22.6 - https:\/\/yoast.com\/wordpress\/plugins\/seo\/ -->\n<title>NEC PA1004UL - Projektor - Monitory Komercyjne Monitory komercyjne<\/title>\n<meta name=\"robots\" content=\"index, follow, max-snippet:-1, max-image-preview:large, max-video-preview:-1\" \/>\n<link rel=\"canonical\" href=\"https:\/\/monitorykomercyjne.pl\/index.php\/produkt\/nec-pa1004ul-projektor\/\" \/>\n<meta property=\"og:locale\" content=\"pl_PL\" \/>\n<meta property=\"og:type\" content=\"article\" \/>\n<meta property=\"og:title\" content=\"NEC PA1004UL - Projektor - Monitory Komercyjne Monitory komercyjne\" \/>\n<meta property=\"og:description\" content=\"TypLCDJasno\u015b\u0107 [AL]10000Rozdzielczo\u015b\u01071920 x 1200\u0179r\u00f3d\u0142o \u015bwiat\u0142aLaser\u017bywotno\u015b\u0107 \u017ar\u00f3d\u0142a \u015bwiat\u0142a [godz]20000Masa [kg]24,4Kod produktu60004512 (WH), 60005160 (BK)\" \/>\n<meta property=\"og:url\" content=\"https:\/\/monitorykomercyjne.pl\/index.php\/produkt\/nec-pa1004ul-projektor\/\" \/>\n<meta property=\"og:site_name\" content=\"Monitory Komercyjne\" \/>\n<meta property=\"article:modified_time\" content=\"2024-05-09T07:39:45+00:00\" \/>\n<meta property=\"og:image\" content=\"https:\/\/monitorykomercyjne.pl\/wp-content\/uploads\/2024\/03\/NEC-PA1004UL1.jpg\" \/>\n\t<meta property=\"og:image:width\" content=\"1600\" \/>\n\t<meta property=\"og:image:height\" content=\"1200\" \/>\n\t<meta property=\"og:image:type\" content=\"image\/jpeg\" \/>\n<meta name=\"twitter:card\" content=\"summary_large_image\" \/>\n<meta name=\"twitter:label1\" content=\"Szacowany czas czytania\" \/>\n\t<meta name=\"twitter:data1\" content=\"6 minut\" \/>\n<script type=\"application\/ld+json\" class=\"yoast-schema-graph\">{\"@context\":\"https:\/\/schema.org\",\"@graph\":[{\"@type\":\"WebPage\",\"@id\":\"https:\/\/monitorykomercyjne.pl\/index.php\/produkt\/nec-pa1004ul-projektor\/\",\"url\":\"https:\/\/monitorykomercyjne.pl\/index.php\/produkt\/nec-pa1004ul-projektor\/\",\"name\":\"NEC PA1004UL - Projektor - Monitory Komercyjne Monitory komercyjne\",\"isPartOf\":{\"@id\":\"https:\/\/monitorykomercyjne.pl\/#website\"},\"primaryImageOfPage\":{\"@id\":\"https:\/\/monitorykomercyjne.pl\/index.php\/produkt\/nec-pa1004ul-projektor\/#primaryimage\"},\"image\":{\"@id\":\"https:\/\/monitorykomercyjne.pl\/index.php\/produkt\/nec-pa1004ul-projektor\/#primaryimage\"},\"thumbnailUrl\":\"https:\/\/monitorykomercyjne.pl\/wp-content\/uploads\/2024\/03\/NEC-PA1004UL1.jpg\",\"datePublished\":\"2024-03-06T07:48:56+00:00\",\"dateModified\":\"2024-05-09T07:39:45+00:00\",\"breadcrumb\":{\"@id\":\"https:\/\/monitorykomercyjne.pl\/index.php\/produkt\/nec-pa1004ul-projektor\/#breadcrumb\"},\"inLanguage\":\"pl-PL\",\"potentialAction\":[{\"@type\":\"ReadAction\",\"target\":[\"https:\/\/monitorykomercyjne.pl\/index.php\/produkt\/nec-pa1004ul-projektor\/\"]}]},{\"@type\":\"ImageObject\",\"inLanguage\":\"pl-PL\",\"@id\":\"https:\/\/monitorykomercyjne.pl\/index.php\/produkt\/nec-pa1004ul-projektor\/#primaryimage\",\"url\":\"https:\/\/monitorykomercyjne.pl\/wp-content\/uploads\/2024\/03\/NEC-PA1004UL1.jpg\",\"contentUrl\":\"https:\/\/monitorykomercyjne.pl\/wp-content\/uploads\/2024\/03\/NEC-PA1004UL1.jpg\",\"width\":1600,\"height\":1200},{\"@type\":\"BreadcrumbList\",\"@id\":\"https:\/\/monitorykomercyjne.pl\/index.php\/produkt\/nec-pa1004ul-projektor\/#breadcrumb\",\"itemListElement\":[{\"@type\":\"ListItem\",\"position\":1,\"name\":\"Strona g\u0142\u00f3wna\",\"item\":\"https:\/\/monitorykomercyjne.pl\/\"},{\"@type\":\"ListItem\",\"position\":2,\"name\":\"Produkty\",\"item\":\"https:\/\/monitorykomercyjne.pl\/index.php\/produkty\/\"},{\"@type\":\"ListItem\",\"position\":3,\"name\":\"NEC PA1004UL &#8211; Projektor\"}]},{\"@type\":\"WebSite\",\"@id\":\"https:\/\/monitorykomercyjne.pl\/#website\",\"url\":\"https:\/\/monitorykomercyjne.pl\/\",\"name\":\"Monitory Komercyjne\",\"description\":\"\",\"potentialAction\":[{\"@type\":\"SearchAction\",\"target\":{\"@type\":\"EntryPoint\",\"urlTemplate\":\"https:\/\/monitorykomercyjne.pl\/?s={search_term_string}\"},\"query-input\":\"required name=search_term_string\"}],\"inLanguage\":\"pl-PL\"}]}<\/script>\n<!-- \/ Yoast SEO plugin. -->","yoast_head_json":{"title":"NEC PA1004UL - Projektor - Monitory Komercyjne Monitory komercyjne","robots":{"index":"index","follow":"follow","max-snippet":"max-snippet:-1","max-image-preview":"max-image-preview:large","max-video-preview":"max-video-preview:-1"},"canonical":"https:\/\/monitorykomercyjne.pl\/index.php\/produkt\/nec-pa1004ul-projektor\/","og_locale":"pl_PL","og_type":"article","og_title":"NEC PA1004UL - Projektor - Monitory Komercyjne Monitory komercyjne","og_description":"TypLCDJasno\u015b\u0107 [AL]10000Rozdzielczo\u015b\u01071920 x 1200\u0179r\u00f3d\u0142o \u015bwiat\u0142aLaser\u017bywotno\u015b\u0107 \u017ar\u00f3d\u0142a \u015bwiat\u0142a [godz]20000Masa [kg]24,4Kod produktu60004512 (WH), 60005160 (BK)","og_url":"https:\/\/monitorykomercyjne.pl\/index.php\/produkt\/nec-pa1004ul-projektor\/","og_site_name":"Monitory Komercyjne","article_modified_time":"2024-05-09T07:39:45+00:00","og_image":[{"width":1600,"height":1200,"url":"https:\/\/monitorykomercyjne.pl\/wp-content\/uploads\/2024\/03\/NEC-PA1004UL1.jpg","type":"image\/jpeg"}],"twitter_card":"summary_large_image","twitter_misc":{"Szacowany czas czytania":"6 minut"},"schema":{"@context":"https:\/\/schema.org","@graph":[{"@type":"WebPage","@id":"https:\/\/monitorykomercyjne.pl\/index.php\/produkt\/nec-pa1004ul-projektor\/","url":"https:\/\/monitorykomercyjne.pl\/index.php\/produkt\/nec-pa1004ul-projektor\/","name":"NEC PA1004UL - Projektor - Monitory Komercyjne Monitory komercyjne","isPartOf":{"@id":"https:\/\/monitorykomercyjne.pl\/#website"},"primaryImageOfPage":{"@id":"https:\/\/monitorykomercyjne.pl\/index.php\/produkt\/nec-pa1004ul-projektor\/#primaryimage"},"image":{"@id":"https:\/\/monitorykomercyjne.pl\/index.php\/produkt\/nec-pa1004ul-projektor\/#primaryimage"},"thumbnailUrl":"https:\/\/monitorykomercyjne.pl\/wp-content\/uploads\/2024\/03\/NEC-PA1004UL1.jpg","datePublished":"2024-03-06T07:48:56+00:00","dateModified":"2024-05-09T07:39:45+00:00","breadcrumb":{"@id":"https:\/\/monitorykomercyjne.pl\/index.php\/produkt\/nec-pa1004ul-projektor\/#breadcrumb"},"inLanguage":"pl-PL","potentialAction":[{"@type":"ReadAction","target":["https:\/\/monitorykomercyjne.pl\/index.php\/produkt\/nec-pa1004ul-projektor\/"]}]},{"@type":"ImageObject","inLanguage":"pl-PL","@id":"https:\/\/monitorykomercyjne.pl\/index.php\/produkt\/nec-pa1004ul-projektor\/#primaryimage","url":"https:\/\/monitorykomercyjne.pl\/wp-content\/uploads\/2024\/03\/NEC-PA1004UL1.jpg","contentUrl":"https:\/\/monitorykomercyjne.pl\/wp-content\/uploads\/2024\/03\/NEC-PA1004UL1.jpg","width":1600,"height":1200},{"@type":"BreadcrumbList","@id":"https:\/\/monitorykomercyjne.pl\/index.php\/produkt\/nec-pa1004ul-projektor\/#breadcrumb","itemListElement":[{"@type":"ListItem","position":1,"name":"Strona g\u0142\u00f3wna","item":"https:\/\/monitorykomercyjne.pl\/"},{"@type":"ListItem","position":2,"name":"Produkty","item":"https:\/\/monitorykomercyjne.pl\/index.php\/produkty\/"},{"@type":"ListItem","position":3,"name":"NEC PA1004UL &#8211; Projektor"}]},{"@type":"WebSite","@id":"https:\/\/monitorykomercyjne.pl\/#website","url":"https:\/\/monitorykomercyjne.pl\/","name":"Monitory Komercyjne","description":"","potentialAction":[{"@type":"SearchAction","target":{"@type":"EntryPoint","urlTemplate":"https:\/\/monitorykomercyjne.pl\/?s={search_term_string}"},"query-input":"required name=search_term_string"}],"inLanguage":"pl-PL"}]}},"brands":[{"id":28,"name":"SharpNEC","slug":"sharpnec"}],"_links":{"self":[{"href":"https:\/\/monitorykomercyjne.pl\/index.php\/wp-json\/wp\/v2\/product\/711"}],"collection":[{"href":"https:\/\/monitorykomercyjne.pl\/index.php\/wp-json\/wp\/v2\/product"}],"about":[{"href":"https:\/\/monitorykomercyjne.pl\/index.php\/wp-json\/wp\/v2\/types\/product"}],"wp:featuredmedia":[{"embeddable":true,"href":"https:\/\/monitorykomercyjne.pl\/index.php\/wp-json\/wp\/v2\/media\/712"}],"wp:attachment":[{"href":"https:\/\/monitorykomercyjne.pl\/index.php\/wp-json\/wp\/v2\/media?parent=711"}],"wp:term":[{"taxonomy":"pwb-brand","embeddable":true,"href":"https:\/\/monitorykomercyjne.pl\/index.php\/wp-json\/wp\/v2\/pwb-brand?post=711"},{"taxonomy":"product_cat","embeddable":true,"href":"https:\/\/monitorykomercyjne.pl\/index.php\/wp-json\/wp\/v2\/product_cat?post=711"},{"taxonomy":"product_tag","embeddable":true,"href":"https:\/\/monitorykomercyjne.pl\/index.php\/wp-json\/wp\/v2\/product_tag?post=711"}],"curies":[{"name":"wp","href":"https:\/\/api.w.org\/{rel}","templated":true}]}}