{"id":729,"date":"2024-03-06T09:13:19","date_gmt":"2024-03-06T08:13:19","guid":{"rendered":"https:\/\/monitorykomercyjne.pl\/?post_type=product&#038;p=729"},"modified":"2024-05-09T09:39:44","modified_gmt":"2024-05-09T07:39:44","slug":"nec-px1004ul-projektor","status":"publish","type":"product","link":"https:\/\/monitorykomercyjne.pl\/index.php\/produkt\/nec-px1004ul-projektor\/","title":{"rendered":"NEC PX1004UL &#8211; Projektor"},"content":{"rendered":"<section id=\"overview\" class=\"row\">\n<div class=\"columns medium-6\">\n<p><!-- ossproductdescstart --><\/p>\n<p><b>NEC\u00a0PA653U &#8211; wielofunkcyjny projektor instalacyjny<\/b><\/p>\n<p>NEC\u00a0PA653U to projektor pierwszego wyboru wsz\u0119dzie tam, gdzie wyj\u0105tkowa jako\u015b\u0107 wizualizacji, idealne barwy i\u00a0doskona\u0142y kontrast dynamiczny maj\u0105 zasadnicze znaczenie dla prowadzonego biznesu.<\/p>\n<p>Kompaktowy projektor LCD o\u00a0jasno\u015bci 6500 ANSI lumen\u00f3w w\u00a0rozdzielczo\u015bci WUXGA przebija ofert\u0119 konkurencji nie tylko swoj\u0105 niepowtarzaln\u0105 technologi\u0105 przetwarzania kolor\u00f3w, ale tak\u017ce niesamowitymi mo\u017cliwo\u015bciami instalacyjnymi z\u00a0bezproblemow\u0105 konfiguracj\u0105 dzi\u0119ki temu, \u017ce przesuni\u0119cie, ostro\u015b\u0107 i\u00a0powi\u0119kszenie obiektywu s\u0105 regulowane z\u00a0u\u017cyciem nap\u0119du. Wyj\u0105tkowy interfejs wyj\u015bcia HDBaseT umo\u017cliwia szeregowe \u0142\u0105czenie wielu projektor\u00f3w z\u00a0pojedynczym \u017ar\u00f3d\u0142em za pomoc\u0105 ekonomicznych kabli sieciowych, co pomaga zmniejszy\u0107 koszty instalacji. Ten projektor jest jak cz\u0142owiek orkiestra &#8211; zasadnicze funkcje wzbogacono o\u00a0zarz\u0105dzanie najnowszym protoko\u0142em ochrony praw autorskich w\u00a0celu odtwarzania tre\u015bci Blu-ray o\u00a0jako\u015bci 4K i\u00a0Ultra HD, a\u00a0d\u0142ugi czas eksploatacji lampy i\u00a0jeszcze d\u0142u\u017cszy czas eksploatacji filtra przek\u0142adaj\u0105 si\u0119 na najbardziej przyst\u0119pne ca\u0142kowite koszty ponoszone przez w\u0142a\u015bciciela.<\/p>\n<p>Dzi\u0119ki tym wszystkim zaletom projektor NEC\u00a0PA653U doskonale sprawdza si\u0119 w\u00a0instalacjach w\u00a0korporacjach i\u00a0szko\u0142ach wy\u017cszych &#8211; w\u00a0salach konferencyjnych, wyk\u0142adowych i\u00a0seminaryjnych.<\/p>\n<p>W celu ograniczenia koszt\u00f3w instalacji mo\u017cliwy jest zakup projektora w zestawie ze standardowym obiektywem\u00a0NP13ZL spe\u0142niaj\u0105cym wymogi projekcyjne a\u017c w 90% instalacji!<br \/>\nKod zam\u00f3wienia zestawu: 40001119<\/p>\n<p><!-- ossproductdescend --><\/p>\n<\/div>\n<div class=\"columns medium-6\">\n<h3>Korzy\u015bci<\/h3>\n<ul>\n<li><b>Wizualizacje w\u00a0jako\u015bci kinowej<\/b> \u2013doskona\u0142a jako\u015b\u0107 obrazu nawet w\u00a0jasno o\u015bwietlonym otoczeniu z\u00a0wyj\u0105tkow\u0105 technologi\u0105 przetwarzania obrazu i\u00a0barw (do 4K\/60 Hz) na bazie najnowszego chipu uk\u0142adu skaluj\u0105cego firmy NEC.<\/li>\n<li><b>Bezproblemowa zdalna regulacja<\/b> \u2013ustawianie przesuni\u0119cia, ostro\u015bci i\u00a0powi\u0119kszenia obiektywu z\u00a0u\u017cyciem nap\u0119du pozwala na \u0142atw\u0105, elastyczn\u0105 konfiguracj\u0119 bez k\u0142opotliwej konieczno\u015bci zapewnienia fizycznego dost\u0119pu do projektora.<\/li>\n<li><b>Pot\u0119\u017cne i\u00a0ekonomiczne okablowanie<\/b> \u2013dzi\u0119ki standardowi pod\u0142\u0105cze\u0144 HDBaseT wystarczy zastosowa\u0107 kable sieciowe CAT6, aby przenosi\u0107 tre\u015bci na odleg\u0142o\u015b\u0107 do 100\u00a0m. Mo\u017cna zasila\u0107 wiele projektor\u00f3w z\u00a0jednego \u017ar\u00f3d\u0142a i\u00a0korzysta\u0107 z\u00a0wyj\u0105tkowego szeregowego interfejsu wyj\u015bcia HDBaseT.<\/li>\n<li><b>Imponuj\u0105ce kolory i\u00a0kontrast<\/b> \u2013projektor przetwarza szersz\u0105 przestrze\u0144 barw dzi\u0119ki konwersji barw z\u00a0Rec2020 do Rec709 i\u00a0wi\u0119kszemu kontrastowi dynamicznemu z\u00a0obs\u0142ug\u0105 standardu HDR10 przez interfejs HDMI. Takie rozwi\u0105zanie zachwyci ka\u017cd\u0105 publiczno\u015b\u0107.<\/li>\n<li><b>Pewno\u015b\u0107 odtwarzania tre\u015bci chronionych prawem autorskim<\/b> \u2013projektor zarz\u0105dza ochron\u0105 praw autorskich i\u00a0przedstawia tre\u015bci Blu-ray w\u00a0jako\u015bci 4K i Ultra HD przez interfejs HDMI.<\/li>\n<\/ul>\n<\/div>\n<\/section>\n<dl id=\"speciList\" class=\"js-accordion\">\n<dt class=\"js-accordion__toggle accordion__toggle\">PARAMETRY OPTYCZNE<\/dt>\n<dd class=\"js-accordion__content\">\n<table class=\"datalist datalist--divided-inset\">\n<tbody>\n<tr>\n<td>Technologia projekcji<\/td>\n<td>3LCD Technology<\/td>\n<\/tr>\n<tr>\n<td>Rozdzielczo\u015b\u0107 natywna<\/td>\n<td>\n<div class=\"productSpecRes productSpecRes--columns\">1920 x 1200 (WUXGA)<\/div>\n<\/td>\n<\/tr>\n<tr>\n<td>Proporcje obrazu<\/td>\n<td>16:10<\/td>\n<\/tr>\n<tr>\n<td>Kontrast <sup>1<\/sup><\/td>\n<td>8000:1<\/td>\n<\/tr>\n<tr>\n<td>Jasno\u015b\u0107 <sup>1<\/sup><\/td>\n<td>6500 ANSI lumen\u00f3w (ok. 80% w trybie Eko), ze standardowym opcjonalnym obiektywem<\/td>\n<\/tr>\n<tr>\n<td>Moc lampy<\/td>\n<td>370 W UHP AC (280 W UHP AC Tryb Eco)<\/td>\n<\/tr>\n<tr>\n<td>\u017bywotno\u015b\u0107 \u017ar\u00f3d\u0142a \u015bwiat\u0142a [godz.]<\/td>\n<td>4000 (5000 tryb eko)<\/td>\n<\/tr>\n<tr>\n<td>Obiektyw<\/td>\n<td>Liczba opcji obiektyw\u00f3w r\u0119cznych: 5; Liczba opcji obiektyw\u00f3w z nap\u0119dem: 3<\/td>\n<\/tr>\n<tr>\n<td>Regulacja soczewek<\/td>\n<td>Z nap\u0119dem i r\u0119cznie (w\u00a0zale\u017cno\u015bci od obiektywu)<\/td>\n<\/tr>\n<tr>\n<td>Korekcja zniekszta\u0142ce\u0144 trapezowych<\/td>\n<td>+\/-40\u00b0 w\u00a0poziomie (r\u0119cznie) \/ +\/-40\u00b0 w\u00a0pionie (r\u0119cznie)<\/td>\n<\/tr>\n<tr>\n<td>Wsp\u00f3\u0142czynnik projekcji<\/td>\n<td>w zale\u017cno\u015bci od wyboru obiektywu (opcja standardowa NP41ZL, 1,3:3,02:1)<\/td>\n<\/tr>\n<tr>\n<td>Odleg\u0142o\u015b\u0107 projekcji [m]<\/td>\n<td>0.7 \u2013 50.9<\/td>\n<\/tr>\n<tr>\n<td>Wielko\u015b\u0107 (przek\u0105tna) ekranu [cm] \/ [cale]<\/td>\n<td>(zakres pozwalaj\u0105cy na uzyskanie najlepszych osi\u0105g\u00f3w); Maksymalnie: 1\u00a0270 \/ 500&#8243;<\/td>\n<\/tr>\n<tr>\n<td>Zoom<\/td>\n<td>Z nap\u0119dem i r\u0119cznie (w\u00a0zale\u017cno\u015bci od obiektywu)<\/td>\n<\/tr>\n<tr>\n<td>Regulacja ogniskowej<\/td>\n<td>Z nap\u0119dem i r\u0119cznie (w\u00a0zale\u017cno\u015bci od obiektywu)<\/td>\n<\/tr>\n<tr>\n<td>Obs\u0142ugiwane rozdzielczo\u015bci<\/td>\n<td>\n<div class=\"productSpecRes productSpecRes--columns\">1080i\/50\/60; 1080p\/24\/25\/30\/50\/60; 1920&#215;1200 (WUXGA) &#8211; 640&#215;480 (VGA); 2048 x 1080 (2k); 2560 x 1600 (WQXGA); 4096 x 2160 (4k); 480i\/50; 480p\/60; 576i\/50; 576p\/50; 720p\/50; 720p\/60<\/div>\n<\/td>\n<\/tr>\n<tr>\n<td>Cz\u0119stotliwo\u015b\u0107<\/td>\n<td>W\u00a0pionie: analogowe: 48\u2013120\u00a0Hz, cyfrowe: 48\u2013120\u00a0Hz; W\u00a0poziomie: analogowe: 15\/24\u2013100\u00a0kHz, cyfrowe: 15\/24\u2013153\u00a0kHz<\/td>\n<\/tr>\n<\/tbody>\n<\/table>\n<\/dd>\n<dt class=\"js-accordion__toggle accordion__toggle\">MO\u017bLIWO\u015aCI POD\u0141\u0104CZANIA<\/dt>\n<dd class=\"js-accordion__content\">\n<table class=\"datalist datalist--divided-inset\">\n<tbody>\n<tr>\n<td>Komputer (analogowe)<\/td>\n<td>Wej\u015bcie: 1 x Mini D-sub 15-pin, kompatybilne z component (YPbPr)<\/td>\n<\/tr>\n<tr>\n<td>Cyfrowe<\/td>\n<td>Wej\u015bcie: 1 x DisplayPort; 1 x HDBaseT; 2 x HDMI\u2122 z obs\u0142ug\u0105 HDCP 2.2<br \/>\nWyj\u015bcie: 1 x HDBaseT z\u00a0obs\u0142ug\u0105 HDCP 2.2<\/td>\n<\/tr>\n<tr>\n<td>Audio<\/td>\n<td>Wej\u015bcie: 1 x DisplayPort Audio support; 1 x HDBaseT wsparcie dla sygna\u0142u audio; 2 x 3,5 mm wej\u015bcie Stereo Mini Jack; 2 x HDMI wsparcie dla sygna\u0142u audio<br \/>\nWyj\u015bcie: 1 x 3.5 mm Stereo Mini Jack (variable)<\/td>\n<\/tr>\n<tr>\n<td>Control<\/td>\n<td>Wej\u015bcie: 1 x 9-pinowe D-Sub (RS-232), Ethernet; 1 x stereofoniczne gniazdo mini jack 3,5\u00a0mm (pilot kablowy)<\/td>\n<\/tr>\n<tr>\n<td>LAN<\/td>\n<td>1 x RJ45<\/td>\n<\/tr>\n<tr>\n<td>USB<\/td>\n<td>1 x Type A (USB 2.0 high speed)<\/td>\n<\/tr>\n<tr>\n<td>3D Sync<\/td>\n<td>Wyj\u015bcie: 1 x Mini DIN (z\u0142\u0105cze 3-pinowe)<\/td>\n<\/tr>\n<\/tbody>\n<\/table>\n<\/dd>\n<dt class=\"js-accordion__toggle accordion__toggle\">FUNKCJE PILOTA<\/dt>\n<dd class=\"js-accordion__content\">\n<table class=\"datalist datalist--divided-inset\">\n<tbody>\n<tr>\n<td>Funkcje pilota<\/td>\n<td>Kontrola audio; Korekcja geometryczna; Mo\u017cliwo\u015b\u0107 regulacji ostro\u015bci, powi\u0119kszenia obrazu oraz przesuni\u0119cia obiektywu (lens shift); Nawigacja (g\u00f3ra, d\u00f3\u0142, lewy, prawy); Numer ID; Obraz testowy; Power (On-OFF); Wyb\u00f3r ID; Wyb\u00f3r \u017cr\u00f3d\u0142a sygna\u0142u; Zoom cyfrowy<\/td>\n<\/tr>\n<\/tbody>\n<\/table>\n<\/dd>\n<dt class=\"js-accordion__toggle accordion__toggle\">PARAMETRY ELEKTRYCZNE<\/dt>\n<dd class=\"js-accordion__content\">\n<table class=\"datalist datalist--divided-inset\">\n<tbody>\n<tr>\n<td>Zasilanie<\/td>\n<td>100-240 V AC; 50 &#8211; 60 Hz<\/td>\n<\/tr>\n<tr>\n<td>Pob\u00f3r mocy [W]<\/td>\n<td>482 (Normal) \/ 376 (ECO) \/ 1 (Network Stand-by) \/ 0,26 (Stand-by)<\/td>\n<\/tr>\n<\/tbody>\n<\/table>\n<\/dd>\n<dt class=\"js-accordion__toggle accordion__toggle\">PARAMETRY MECHANICZNE<\/dt>\n<dd class=\"js-accordion__content\">\n<table class=\"datalist datalist--divided-inset\">\n<tbody>\n<tr>\n<td>Wymiary [mm]<\/td>\n<td>499 x 163,7 x 406 (bez n\u00f3\u017cek i obiektywu)<\/td>\n<\/tr>\n<tr>\n<td>Waga [kg]<\/td>\n<td>10.2<\/td>\n<\/tr>\n<tr>\n<td>Poziom szumu [dB (A)]<\/td>\n<td>33 \/ 39 (Eco \/ Normal)<\/td>\n<\/tr>\n<\/tbody>\n<\/table>\n<\/dd>\n<dt class=\"js-accordion__toggle accordion__toggle\">WARUNKI OTOCZENIA<\/dt>\n<dd class=\"js-accordion__content\">\n<table class=\"datalist datalist--divided-inset\">\n<tbody>\n<tr>\n<td>Temperatura otoczenia podczes pracy [\u00b0C]<\/td>\n<td>5 do 40<\/td>\n<\/tr>\n<tr>\n<td>Wilgotno\u015b\u0107 otoczenia podczas pracy [%]<\/td>\n<td>20 do 80 non-condensing<\/td>\n<\/tr>\n<tr>\n<td>Temperatura przy przechowywaniu [\u00b0C]<\/td>\n<td>-10 do 50<\/td>\n<\/tr>\n<tr>\n<td>Wilgotno\u015b\u0107 przy przechowywaniu [%]<\/td>\n<td>20 do 80 non-condensing<\/td>\n<\/tr>\n<\/tbody>\n<\/table>\n<\/dd>\n<dt class=\"js-accordion__toggle accordion__toggle\">ERGONOMIA<\/dt>\n<dd class=\"js-accordion__content\">\n<table class=\"datalist datalist--divided-inset\">\n<tbody>\n<tr>\n<td>Bezpiecze\u0144stwo i ergonomia<\/td>\n<td>CE; EAC; ErP; RoHS; TUEV Type Approved<\/td>\n<\/tr>\n<\/tbody>\n<\/table>\n<\/dd>\n<dt class=\"js-accordion__toggle accordion__toggle\">DODATKOWE FUNKCJE<\/dt>\n<dd class=\"js-accordion__content\">\n<table class=\"datalist datalist--divided-inset\">\n<tbody>\n<tr>\n<td>Cechy Specjalne<\/td>\n<td>Active 3D; AMX Beacon; Crestron RoomView; Digital 3D Reform\u2122; D\u0142ugi czas \u017cycia lampy; Funkcja Direct Power-Off; Funkcja wirtualnego pilota; Funkcja zegara; Funkcja \u0142\u0105czenia kraw\u0119dzi (Edge Blending); HDBaseT; Interfejsy 4K\/60\u00a0Hz; Keystone Correction (H=\u00b140\u00b0, V=\u00b140\u00b0); Kontrast 10000:0 z technologi\u0105 Iris; kontrola przez RS232; Konwersja barw Rec2020 do Rec709; Korekcja geometryczna; Lens Shift (vertical +0.5 max\/-0.1 max, horizontal \u00b1 0.3 max.); Menu OSD w 27 j\u0119zykach; Mo\u017cliwo\u015b\u0107 wy\u015bwietlania obraz\u00f3w 3D; NaViSet Administrator 2; Obs\u0142uga HDR10; Obs\u0142uga odtwarzacza UHD; Opcjalane logo u\u017cytkownika; Pami\u0119\u0107 ustawie\u0144 obiektywu; PIP\/Side by Side, HDMI &#8211; Input; PJ LINK; Plansza kontrolna; Przetwarzanie w\u00a0technologii CQP (obraz o\u00a0jako\u015bci kinowej) zapewniaj\u0105ce najlepsz\u0105 jako\u015b\u0107 obrazu; P\u0142ynne prze\u0142\u0105czanie; Regulacja \u017ar\u00f3d\u0142a \u015bwiat\u0142a; R\u0119czna regulacja kompensacji koloru \u015bciany; Stacking Function; Sterowanie przez przegl\u0105dark\u0119 WWW; Sterowanie przez sie\u0107 LAN; Swobodnie wychylany; Symulacja standardu DICOM; System Hollywood Quality Video; Tryb High-altitude; Tryb kompensacji kolor\u00f3w przy konfiguracji wieloekranowej; Ustawienie w\u00a0orientacji pionowej; Wbudowany spliter sygna\u0142u na wy\u015bwietlacz \/ wiele ekran\u00f3w; Zabezpieczenie has\u0142em; Z\u0142\u0105cze sygna\u0142u wyj\u015bcia HDBaseT; \u017bywotno\u015b\u0107 \u017ar\u00f3d\u0142a \u015bwiat\u0142a 5\u00a0000 godz.<\/td>\n<\/tr>\n<\/tbody>\n<\/table>\n<\/dd>\n<dt class=\"js-accordion__toggle accordion__toggle\">FUNKCJE EKO<\/dt>\n<dd class=\"js-accordion__content\">\n<table class=\"datalist datalist--divided-inset\">\n<tbody>\n<tr>\n<td>Wydajno\u015b\u0107 energetyczna<\/td>\n<td>D\u0142u\u017csza \u017cywotno\u015b\u0107 \u017ar\u00f3d\u0142a \u015bwiat\u0142a; Funkcja zegara; Inteligente system zarz\u0105dzania energi\u0105; Oprogramowanie do planowania trybu pracy; Pob\u00f3r mocy w\u00a0trybie czuwania poni\u017cej 0,3\u00a0W; Terminarz ECO<\/td>\n<\/tr>\n<tr>\n<td>Materia\u0142y ekologiczne<\/td>\n<td>Instrukcje do pobrania w wersji elektronicznej; Opakowania w 100% recyklowalne<\/td>\n<\/tr>\n<tr>\n<td>Normy ekologiczne<\/td>\n<td>Zgodno\u015b\u0107 z ErP<\/td>\n<\/tr>\n<\/tbody>\n<\/table>\n<\/dd>\n<dt class=\"js-accordion__toggle accordion__toggle\">GWARANCJA<\/dt>\n<dd class=\"js-accordion__content\">\n<table class=\"datalist datalist--divided-inset\">\n<tbody>\n<tr>\n<td>Na projektor<\/td>\n<td>Serwis w ca\u0142ej Europie przez 3 lata<\/td>\n<\/tr>\n<tr>\n<td>\u0179r\u00f3d\u0142o \u015bwiat\u0142a<\/td>\n<td>6 miesi\u0119cy, maksymalnie. 1000 godzin<\/td>\n<\/tr>\n<\/tbody>\n<\/table>\n<\/dd>\n<dt class=\"js-accordion__toggle accordion__toggle\">ZAWARTO\u015a\u0106 OPAKOWANIA<\/dt>\n<dd class=\"js-accordion__content\">\n<table class=\"datalist datalist--divided-inset\">\n<tbody>\n<tr>\n<td>Zawarto\u015b\u0107 opakowania<\/td>\n<td>Kabel zasilaj\u0105cy; Kr\u00f3tka instrukcja obs\u0142ugi; Pilot (RD &#8211; 480E); Podr\u0119cznik u\u017cytkownika na p\u0142ycie CD; Projektor<\/td>\n<\/tr>\n<\/tbody>\n<\/table>\n<\/dd>\n<dt class=\"js-accordion__toggle accordion__toggle\">WYPOSA\u017bENIE DODATKOWE<\/dt>\n<dd class=\"js-accordion__content\">\n<table class=\"datalist datalist--divided-inset\">\n<tbody>\n<tr>\n<td>Dost\u0119pne akcesoria<\/td>\n<td>8 opcjonalne obiektywy z mocowaniem bagnetowym; Emiter RF XpanD 3D (AD025-RF-X2); Filtr powietrza (NP06FT); Lampa (NP42LP); Okulary XpanD 3D (X105-RF-X2); Os\u0142ona na przew\u00f3d (NP10CV); uchwyt sufitowy<\/td>\n<\/tr>\n<tr>\n<td>Obiektywy &#8211; z nap\u0119dem<\/td>\n<td>NP40ZL (0.79-1.11:1); NP41ZL (1.3-3.02:1); NP43ZL (2.99-5.93:1); NP44ML (0.32:1)<\/td>\n<\/tr>\n<tr>\n<td>Obiektywy &#8211; r\u0119czne<\/td>\n<td>NP11FL (0.81:1); NP12ZL (1.16-1.56:1); NP13ZL (1.46-2.95:1); NP14ZL (2.9-4.68:1); NP30ZL (0.79-1.04:1)<\/td>\n<\/tr>\n<\/tbody>\n<\/table>\n<\/dd>\n<\/dl>\n","protected":false},"excerpt":{"rendered":"<div class=\"columns medium-6 product-features\">\n<table class=\"datalist datalist--divided-fullwidth\">\n<tbody>\n<tr>\n<td>Typ<\/td>\n<td>LCD<\/td>\n<\/tr>\n<tr>\n<td>Jasno\u015b\u0107  [AL]<\/td>\n<td>6500<\/td>\n<\/tr>\n<tr>\n<td>Rozdzielczo\u015b\u0107<\/td>\n<td>1920 x 1200<\/td>\n<\/tr>\n<tr>\n<td>\u0179r\u00f3d\u0142o \u015bwiat\u0142a<\/td>\n<td>Lampy<\/td>\n<\/tr>\n<tr>\n<td>\u017bywotno\u015b\u0107 \u017ar\u00f3d\u0142a \u015bwiat\u0142a  [godz]<\/td>\n<td>5000<\/td>\n<\/tr>\n<tr>\n<td>Masa  [kg]<\/td>\n<td>10,2<\/td>\n<\/tr>\n<tr>\n<td>Kod produktu<\/td>\n<td>60004120<\/td>\n<\/tr>\n<\/tbody>\n<\/table>\n<\/div>\n","protected":false},"featured_media":730,"template":"","meta":{"inline_featured_image":false,"neve_meta_sidebar":"","neve_meta_container":"","neve_meta_enable_content_width":"off","neve_meta_content_width":100,"neve_meta_title_alignment":"","neve_meta_author_avatar":"","neve_post_elements_order":"","neve_meta_disable_header":"","neve_meta_disable_footer":"","neve_meta_disable_title":""},"pwb-brand":[28],"product_cat":[31],"product_tag":[],"yoast_head":"<!-- This site is optimized with the Yoast SEO plugin v22.6 - https:\/\/yoast.com\/wordpress\/plugins\/seo\/ -->\n<title>NEC PX1004UL - Projektor - Monitory Komercyjne Monitory komercyjne<\/title>\n<meta name=\"robots\" content=\"index, follow, max-snippet:-1, max-image-preview:large, max-video-preview:-1\" \/>\n<link rel=\"canonical\" href=\"https:\/\/monitorykomercyjne.pl\/index.php\/produkt\/nec-px1004ul-projektor\/\" \/>\n<meta property=\"og:locale\" content=\"pl_PL\" \/>\n<meta property=\"og:type\" content=\"article\" \/>\n<meta property=\"og:title\" content=\"NEC PX1004UL - Projektor - Monitory Komercyjne Monitory komercyjne\" \/>\n<meta property=\"og:description\" content=\"TypLCDJasno\u015b\u0107 [AL]6500Rozdzielczo\u015b\u01071920 x 1200\u0179r\u00f3d\u0142o \u015bwiat\u0142aLampy\u017bywotno\u015b\u0107 \u017ar\u00f3d\u0142a \u015bwiat\u0142a [godz]5000Masa [kg]10,2Kod produktu60004120\" \/>\n<meta property=\"og:url\" content=\"https:\/\/monitorykomercyjne.pl\/index.php\/produkt\/nec-px1004ul-projektor\/\" \/>\n<meta property=\"og:site_name\" content=\"Monitory Komercyjne\" \/>\n<meta property=\"article:modified_time\" content=\"2024-05-09T07:39:44+00:00\" \/>\n<meta property=\"og:image\" content=\"https:\/\/monitorykomercyjne.pl\/wp-content\/uploads\/2024\/03\/NEC-PX1004UL1.jpg\" \/>\n\t<meta property=\"og:image:width\" content=\"1600\" \/>\n\t<meta property=\"og:image:height\" content=\"1200\" \/>\n\t<meta property=\"og:image:type\" content=\"image\/jpeg\" \/>\n<meta name=\"twitter:card\" content=\"summary_large_image\" \/>\n<meta name=\"twitter:label1\" content=\"Szacowany czas czytania\" \/>\n\t<meta name=\"twitter:data1\" content=\"6 minut\" \/>\n<script type=\"application\/ld+json\" class=\"yoast-schema-graph\">{\"@context\":\"https:\/\/schema.org\",\"@graph\":[{\"@type\":\"WebPage\",\"@id\":\"https:\/\/monitorykomercyjne.pl\/index.php\/produkt\/nec-px1004ul-projektor\/\",\"url\":\"https:\/\/monitorykomercyjne.pl\/index.php\/produkt\/nec-px1004ul-projektor\/\",\"name\":\"NEC PX1004UL - Projektor - Monitory Komercyjne Monitory komercyjne\",\"isPartOf\":{\"@id\":\"https:\/\/monitorykomercyjne.pl\/#website\"},\"primaryImageOfPage\":{\"@id\":\"https:\/\/monitorykomercyjne.pl\/index.php\/produkt\/nec-px1004ul-projektor\/#primaryimage\"},\"image\":{\"@id\":\"https:\/\/monitorykomercyjne.pl\/index.php\/produkt\/nec-px1004ul-projektor\/#primaryimage\"},\"thumbnailUrl\":\"https:\/\/monitorykomercyjne.pl\/wp-content\/uploads\/2024\/03\/NEC-PX1004UL1.jpg\",\"datePublished\":\"2024-03-06T08:13:19+00:00\",\"dateModified\":\"2024-05-09T07:39:44+00:00\",\"breadcrumb\":{\"@id\":\"https:\/\/monitorykomercyjne.pl\/index.php\/produkt\/nec-px1004ul-projektor\/#breadcrumb\"},\"inLanguage\":\"pl-PL\",\"potentialAction\":[{\"@type\":\"ReadAction\",\"target\":[\"https:\/\/monitorykomercyjne.pl\/index.php\/produkt\/nec-px1004ul-projektor\/\"]}]},{\"@type\":\"ImageObject\",\"inLanguage\":\"pl-PL\",\"@id\":\"https:\/\/monitorykomercyjne.pl\/index.php\/produkt\/nec-px1004ul-projektor\/#primaryimage\",\"url\":\"https:\/\/monitorykomercyjne.pl\/wp-content\/uploads\/2024\/03\/NEC-PX1004UL1.jpg\",\"contentUrl\":\"https:\/\/monitorykomercyjne.pl\/wp-content\/uploads\/2024\/03\/NEC-PX1004UL1.jpg\",\"width\":1600,\"height\":1200},{\"@type\":\"BreadcrumbList\",\"@id\":\"https:\/\/monitorykomercyjne.pl\/index.php\/produkt\/nec-px1004ul-projektor\/#breadcrumb\",\"itemListElement\":[{\"@type\":\"ListItem\",\"position\":1,\"name\":\"Strona g\u0142\u00f3wna\",\"item\":\"https:\/\/monitorykomercyjne.pl\/\"},{\"@type\":\"ListItem\",\"position\":2,\"name\":\"Produkty\",\"item\":\"https:\/\/monitorykomercyjne.pl\/index.php\/produkty\/\"},{\"@type\":\"ListItem\",\"position\":3,\"name\":\"NEC PX1004UL &#8211; Projektor\"}]},{\"@type\":\"WebSite\",\"@id\":\"https:\/\/monitorykomercyjne.pl\/#website\",\"url\":\"https:\/\/monitorykomercyjne.pl\/\",\"name\":\"Monitory Komercyjne\",\"description\":\"\",\"potentialAction\":[{\"@type\":\"SearchAction\",\"target\":{\"@type\":\"EntryPoint\",\"urlTemplate\":\"https:\/\/monitorykomercyjne.pl\/?s={search_term_string}\"},\"query-input\":\"required name=search_term_string\"}],\"inLanguage\":\"pl-PL\"}]}<\/script>\n<!-- \/ Yoast SEO plugin. -->","yoast_head_json":{"title":"NEC PX1004UL - Projektor - Monitory Komercyjne Monitory komercyjne","robots":{"index":"index","follow":"follow","max-snippet":"max-snippet:-1","max-image-preview":"max-image-preview:large","max-video-preview":"max-video-preview:-1"},"canonical":"https:\/\/monitorykomercyjne.pl\/index.php\/produkt\/nec-px1004ul-projektor\/","og_locale":"pl_PL","og_type":"article","og_title":"NEC PX1004UL - Projektor - Monitory Komercyjne Monitory komercyjne","og_description":"TypLCDJasno\u015b\u0107 [AL]6500Rozdzielczo\u015b\u01071920 x 1200\u0179r\u00f3d\u0142o \u015bwiat\u0142aLampy\u017bywotno\u015b\u0107 \u017ar\u00f3d\u0142a \u015bwiat\u0142a [godz]5000Masa [kg]10,2Kod produktu60004120","og_url":"https:\/\/monitorykomercyjne.pl\/index.php\/produkt\/nec-px1004ul-projektor\/","og_site_name":"Monitory Komercyjne","article_modified_time":"2024-05-09T07:39:44+00:00","og_image":[{"width":1600,"height":1200,"url":"https:\/\/monitorykomercyjne.pl\/wp-content\/uploads\/2024\/03\/NEC-PX1004UL1.jpg","type":"image\/jpeg"}],"twitter_card":"summary_large_image","twitter_misc":{"Szacowany czas czytania":"6 minut"},"schema":{"@context":"https:\/\/schema.org","@graph":[{"@type":"WebPage","@id":"https:\/\/monitorykomercyjne.pl\/index.php\/produkt\/nec-px1004ul-projektor\/","url":"https:\/\/monitorykomercyjne.pl\/index.php\/produkt\/nec-px1004ul-projektor\/","name":"NEC PX1004UL - Projektor - Monitory Komercyjne Monitory komercyjne","isPartOf":{"@id":"https:\/\/monitorykomercyjne.pl\/#website"},"primaryImageOfPage":{"@id":"https:\/\/monitorykomercyjne.pl\/index.php\/produkt\/nec-px1004ul-projektor\/#primaryimage"},"image":{"@id":"https:\/\/monitorykomercyjne.pl\/index.php\/produkt\/nec-px1004ul-projektor\/#primaryimage"},"thumbnailUrl":"https:\/\/monitorykomercyjne.pl\/wp-content\/uploads\/2024\/03\/NEC-PX1004UL1.jpg","datePublished":"2024-03-06T08:13:19+00:00","dateModified":"2024-05-09T07:39:44+00:00","breadcrumb":{"@id":"https:\/\/monitorykomercyjne.pl\/index.php\/produkt\/nec-px1004ul-projektor\/#breadcrumb"},"inLanguage":"pl-PL","potentialAction":[{"@type":"ReadAction","target":["https:\/\/monitorykomercyjne.pl\/index.php\/produkt\/nec-px1004ul-projektor\/"]}]},{"@type":"ImageObject","inLanguage":"pl-PL","@id":"https:\/\/monitorykomercyjne.pl\/index.php\/produkt\/nec-px1004ul-projektor\/#primaryimage","url":"https:\/\/monitorykomercyjne.pl\/wp-content\/uploads\/2024\/03\/NEC-PX1004UL1.jpg","contentUrl":"https:\/\/monitorykomercyjne.pl\/wp-content\/uploads\/2024\/03\/NEC-PX1004UL1.jpg","width":1600,"height":1200},{"@type":"BreadcrumbList","@id":"https:\/\/monitorykomercyjne.pl\/index.php\/produkt\/nec-px1004ul-projektor\/#breadcrumb","itemListElement":[{"@type":"ListItem","position":1,"name":"Strona g\u0142\u00f3wna","item":"https:\/\/monitorykomercyjne.pl\/"},{"@type":"ListItem","position":2,"name":"Produkty","item":"https:\/\/monitorykomercyjne.pl\/index.php\/produkty\/"},{"@type":"ListItem","position":3,"name":"NEC PX1004UL &#8211; Projektor"}]},{"@type":"WebSite","@id":"https:\/\/monitorykomercyjne.pl\/#website","url":"https:\/\/monitorykomercyjne.pl\/","name":"Monitory Komercyjne","description":"","potentialAction":[{"@type":"SearchAction","target":{"@type":"EntryPoint","urlTemplate":"https:\/\/monitorykomercyjne.pl\/?s={search_term_string}"},"query-input":"required name=search_term_string"}],"inLanguage":"pl-PL"}]}},"brands":[{"id":28,"name":"SharpNEC","slug":"sharpnec"}],"_links":{"self":[{"href":"https:\/\/monitorykomercyjne.pl\/index.php\/wp-json\/wp\/v2\/product\/729"}],"collection":[{"href":"https:\/\/monitorykomercyjne.pl\/index.php\/wp-json\/wp\/v2\/product"}],"about":[{"href":"https:\/\/monitorykomercyjne.pl\/index.php\/wp-json\/wp\/v2\/types\/product"}],"wp:featuredmedia":[{"embeddable":true,"href":"https:\/\/monitorykomercyjne.pl\/index.php\/wp-json\/wp\/v2\/media\/730"}],"wp:attachment":[{"href":"https:\/\/monitorykomercyjne.pl\/index.php\/wp-json\/wp\/v2\/media?parent=729"}],"wp:term":[{"taxonomy":"pwb-brand","embeddable":true,"href":"https:\/\/monitorykomercyjne.pl\/index.php\/wp-json\/wp\/v2\/pwb-brand?post=729"},{"taxonomy":"product_cat","embeddable":true,"href":"https:\/\/monitorykomercyjne.pl\/index.php\/wp-json\/wp\/v2\/product_cat?post=729"},{"taxonomy":"product_tag","embeddable":true,"href":"https:\/\/monitorykomercyjne.pl\/index.php\/wp-json\/wp\/v2\/product_tag?post=729"}],"curies":[{"name":"wp","href":"https:\/\/api.w.org\/{rel}","templated":true}]}}