{"id":764,"date":"2024-03-06T10:03:39","date_gmt":"2024-03-06T09:03:39","guid":{"rendered":"https:\/\/monitorykomercyjne.pl\/?post_type=product&#038;p=764"},"modified":"2024-05-09T09:39:44","modified_gmt":"2024-05-09T07:39:44","slug":"nec-nc1700l-projektor","status":"publish","type":"product","link":"https:\/\/monitorykomercyjne.pl\/index.php\/produkt\/nec-nc1700l-projektor\/","title":{"rendered":"NEC NC1700L &#8211; Projektor"},"content":{"rendered":"<section id=\"overview\" class=\"row\">\n<div class=\"columns medium-6\">\n<p><!-- ossproductdescstart --><\/p>\n<p><b>Laser zapewniaj\u0105cy najwy\u017csze kinowe doznania w\u00a0obiektach \u015bredniej wielko\u015bci<\/b><\/p>\n<p>Projektor NC1700L zosta\u0142 opracowany na potrzeby sal ze \u015bredniej wielko\u015bci ekranami o\u00a0szeroko\u015bci do 17\u00a0m, gdzie zdecydowanie poprawia kinowe wra\u017cenia. Ten nowatorski produkt korzystaj\u0105cy z\u00a0najnowszej technologii lasera RB z\u00a0czerwono-niebieskim laserowym \u017ar\u00f3d\u0142em \u015bwiat\u0142a przekracza ograniczenia barw i\u00a0jasno\u015bci tradycyjnych kinowych system\u00f3w projekcji z\u00a0wykorzystaniem lasera i\u00a0luminoforu. Dzi\u0119ki temu mo\u017cna zachwyca\u0107 publiczno\u015b\u0107 pe\u0142nymi \u017cycia, wyrazistymi barwami i\u00a0wyj\u0105tkow\u0105 jako\u015bci\u0105 obrazu.<\/p>\n<p>Wysoka elastyczno\u015b\u0107, \u0142atwa instalacja i\u00a0brak konieczno\u015bci stosowania specjalnego systemu wentylacyjnego sprawiaj\u0105, \u017ce projektor NC1700L mo\u017cna mocowa\u0107 zar\u00f3wno na pod\u0142odze lub suficie, jak i\u00a0w\u00a0zastosowaniach przeno\u015bnych. Obs\u0142uga projektora nie wymaga praktycznie \u017cadnych czynno\u015bci konserwacyjnych, a\u00a0samo urz\u0105dzenie zu\u017cywa niewiele energii, co przek\u0142ada si\u0119 na mniejsze ca\u0142kowite koszty ponoszone przez w\u0142a\u015bciciela (TCO), a\u00a0przez to na wi\u0119ksz\u0105 mar\u017c\u0119 w\u00a0przeliczeniu na miejsce. Model NC1700L zabiera widza w\u00a0\u015bwiat zupe\u0142nie nowych dozna\u0144 w\u00a0kinie cyfrowym nast\u0119pnej generacji, pe\u0142nym niesamowitych wra\u017ce\u0144 wizualnych rodem ze \u015bwietlanej przysz\u0142o\u015bci.<\/p>\n<p><!-- ossproductdescend --><\/p>\n<\/div>\n<div class=\"columns medium-6\">\n<h3>Korzy\u015bci<\/h3>\n<ul>\n<li><b>Obraz inspiruj\u0105cy publiczno\u015b\u0107<\/b> \u2013idealna jako\u015b\u0107 kinowa w\u00a0rozdzielczo\u015bci 2K z DCI oraz precyzyjne przetwarzanie barw gwarantuj\u0105 najlepsze wra\u017cenia wizualne.<\/li>\n<li><b>Ni\u017cszy ca\u0142kowity koszt posiadania <\/b> \u2013najwi\u0119ksza niezawodno\u015b\u0107, dzia\u0142anie bez prac konserwacyjnych, niskie zu\u017cycie energii oraz czas eksploatacji laserowego \u017ar\u00f3d\u0142a \u015bwiat\u0142a wynosz\u0105cy nawet 30000 godzin zdecydowanie zmniejszaj\u0105 og\u00f3lne koszty ponoszone przez w\u0142a\u015bciciela.<\/li>\n<li><b>Bezproblemowa instalacja<\/b> \u2013oferta szerokich obiektyw\u00f3w z\u00a0mocowaniem bagnetowym i\u00a0automatycznym zoomem, ogniskowaniem i\u00a0przesuwaniem obiektywu umo\u017cliwia instalowanie urz\u0105dzenia zgodnie z\u00a0indywidualnymi potrzebami i\u00a0pozwala na u\u017cycie w\u00a0zastosowaniach przeno\u015bnych, jak r\u00f3wnie\u017c na \u0142atwe zast\u0119powanie dotychczasowych projektor\u00f3w kinowych.<\/li>\n<li><b>Bogactwo zastosowa\u0144<\/b> \u2013jasno\u015b\u0107 mo\u017cna indywidualnie regulowa\u0107, tak aby uzyska\u0107 krystalicznie czysty obraz zar\u00f3wno przy odtwarzaniu film\u00f3w 2D, jak i\u00a03D.<\/li>\n<li><b>Uniwersalne rozwi\u0105zania<\/b> \u2013zintegrowany serwer medi\u00f3w IMS (Integrated Media Server) zapewnia najbardziej elastyczne zarz\u0105dzanie tre\u015bciami oraz udost\u0119pnia opcje pod\u0142\u0105cze\u0144 NAS i\u00a0pozyskiwania (ingestu) materia\u0142\u00f3w w\u00a0czasie rzeczywistym, jednocze\u015bnie zmniejszaj\u0105c liczb\u0119 wymaganych urz\u0105dze\u0144 peryferyjnych.<\/li>\n<\/ul>\n<\/div>\n<\/section>\n<dl id=\"speciList\" class=\"js-accordion\">\n<dt class=\"js-accordion__toggle accordion__toggle\">PARAMETRY OPTYCZNE<\/dt>\n<dd class=\"js-accordion__content\">\n<table class=\"datalist datalist--divided-inset\">\n<tbody>\n<tr>\n<td>Metoda projekcji<\/td>\n<td>Technologia Cinema\u00ae z 3 chipami<\/td>\n<\/tr>\n<tr>\n<td>Rozmiar ekranu [m]<\/td>\n<td>maks. 17 w skali barw zgodna z DCI (ekran o luminancji 1,8)<\/td>\n<\/tr>\n<tr>\n<td>Jasno\u015b\u0107<\/td>\n<td>Maksymalnie 14000\u00a0lumen\u00f3w<\/td>\n<\/tr>\n<tr>\n<td>Wsp\u00f3\u0142czynnik kontrastu<\/td>\n<td>1750:1<\/td>\n<\/tr>\n<tr>\n<td>\u0179r\u00f3d\u0142o \u015bwiat\u0142a<\/td>\n<td>Laserowe \u017ar\u00f3d\u0142o \u015bwiat\u0142a, przewidywany czas eksploatacji: 30000 godz. <sup>1<\/sup><\/td>\n<\/tr>\n<tr>\n<td>Obiektyw<\/td>\n<td>Powi\u0119kszenie \/ ogniskowanie \/ przesuni\u0119cie: mechaniczny<br \/>\nInne: Zakres przesuniecia zale\u017cy od obiektywu<br \/>\nPodstawowe obiektywy: NP-9LS12ZM1: 1.2-1.72:1; NP-9LS13ZM1: 1.33-2.1:1; NP-9LS16ZM1: 1.62-2.7:1; NP-9LS20ZM1: 2.09-3.9:1; NP-9LS40ZM1: 4.07-6.34:1<\/td>\n<\/tr>\n<tr>\n<td>Specyfikacja chipu DMD<\/td>\n<td>2048 x 1080<br \/>\nCzip: 0,69&#8243; S2K, DLP Cinema\u00ae Technology<\/td>\n<\/tr>\n<tr>\n<td>Metoda ch\u0142odzenia<\/td>\n<td>System ch\u0142odzenia kr\u0105\u017c\u0105cym powietrzem<br \/>\nciecz: Ch\u0142odzenie \u017ar\u00f3d\u0142a \u015bwiat\u0142a przez system ch\u0142odzenia (chiller)<\/td>\n<\/tr>\n<\/tbody>\n<\/table>\n<\/dd>\n<dt class=\"js-accordion__toggle accordion__toggle\">PROJEKTOR Z LICZNYMI OPCJAMI POD\u0141\u0104CZANIA<\/dt>\n<dd class=\"js-accordion__content\">\n<table class=\"datalist datalist--divided-inset\">\n<tbody>\n<tr>\n<td>Kontrola zewn\u0119trzna<\/td>\n<td>1 x GPIO (37-pinowe gniazdo \u017ce\u0144skie D-sub); 1 x GPIO (3D) (15-pinowe gniazdo \u017ce\u0144skie D-sub); 1 x RJ45 100Base-T<\/td>\n<\/tr>\n<\/tbody>\n<\/table>\n<\/dd>\n<dt class=\"js-accordion__toggle accordion__toggle\">WARUNKI OTOCZENIA<\/dt>\n<dd class=\"js-accordion__content\">\n<table class=\"datalist datalist--divided-inset\">\n<tbody>\n<tr>\n<td>Temperatura otoczenia przy pracy [\u00b0C]<\/td>\n<td>10 do 35<\/td>\n<\/tr>\n<tr>\n<td>Wilgodno\u015b\u0107 otoczenia [%]<\/td>\n<td>10 do 85 &#8211; non-condensing<\/td>\n<\/tr>\n<\/tbody>\n<\/table>\n<\/dd>\n<dt class=\"js-accordion__toggle accordion__toggle\">PARAMETRY ELEKTRYCZNE<\/dt>\n<dd class=\"js-accordion__content\">\n<table class=\"datalist datalist--divided-inset\">\n<tbody>\n<tr>\n<td>Zasilanie<\/td>\n<td>Wbudowany zasilacz<br \/>\nJednostka zasilaj\u0105ca projektor: 200 do 240V AC, 50\/60Hz, jedna faza<\/td>\n<\/tr>\n<tr>\n<td>Zu\u017cycie energii [W]<\/td>\n<td>Projektor: 1945<\/td>\n<\/tr>\n<\/tbody>\n<\/table>\n<\/dd>\n<dt class=\"js-accordion__toggle accordion__toggle\">PARAMETRY MECHANICZNE<\/dt>\n<dd class=\"js-accordion__content\">\n<table class=\"datalist datalist--divided-inset\">\n<tbody>\n<tr>\n<td>Wymiary (S x W x G) [mm]<\/td>\n<td>700 x 326 x 930<\/td>\n<\/tr>\n<tr>\n<td>Waga [kg]<\/td>\n<td>68,5 (bez obiektywu)<\/td>\n<\/tr>\n<tr>\n<td>G\u0142o\u015bno\u015b\u0107 [dB (A)]<\/td>\n<td>&lt; 55<\/td>\n<\/tr>\n<\/tbody>\n<\/table>\n<\/dd>\n<dt class=\"js-accordion__toggle accordion__toggle\">DODATKOWE FUNKCJE<\/dt>\n<dd class=\"js-accordion__content\">\n<table class=\"datalist datalist--divided-inset\">\n<tbody>\n<tr>\n<td>Cechy Specjalne<\/td>\n<td>Kompaktowa konstrukcja; Metalowy filtr; Najnowsza technologia cyfrowa; Niskie koszty TCO; Pe\u0142ne wsparcie tre\u015bci 3D w HFR; Play Ingest; Py\u0142oszczelny silnik optyczny; System o\u015bwietlenia laserowego<\/td>\n<\/tr>\n<\/tbody>\n<\/table>\n<\/dd>\n<dt class=\"js-accordion__toggle accordion__toggle\">FUNKCJE EKO<\/dt>\n<dd class=\"js-accordion__content\">\n<table class=\"datalist datalist--divided-inset\">\n<tbody>\n<tr>\n<td>Materia\u0142y ekologiczne<\/td>\n<td>Technologia laserowa zmniejsza zu\u017cycie energii i\u00a0ilo\u015b\u0107 wymaganych materia\u0142\u00f3w zamiennych<\/td>\n<\/tr>\n<\/tbody>\n<\/table>\n<\/dd>\n<dt class=\"js-accordion__toggle accordion__toggle\">INTERFEJSY: DOLBY IMS3000 (OPCJONALNE)<\/dt>\n<dd class=\"js-accordion__content\">\n<table class=\"datalist datalist--divided-inset\">\n<tbody>\n<tr>\n<td>Kontrola zewn\u0119trzna<\/td>\n<td>2 x RJ45 (4 GPI i 6 GPO); 2 x RJ45 Gigabit Ethernet<\/td>\n<\/tr>\n<tr>\n<td>Wej\u015bcia<\/td>\n<td>1 x USB typu 2.0; 2 x 3GSDI, dwukierunkowe (wej\u015bcie i wyj\u015bcie); 2 x USB typu 3.0; eSATA; HDMI<\/td>\n<\/tr>\n<tr>\n<td>Z\u0142\u0105cza wyj\u015b\u0107<\/td>\n<td>2 x RJ45 (16-kana\u0142owy d\u017awi\u0119k cyfrowy AES3-EBU)<\/td>\n<\/tr>\n<tr>\n<td>Dodatkowe Funkcje<\/td>\n<td>Obs\u0142uga HFR 3D (48 Hz\/oko, 60 Hz\/oko); Obs\u0142uga NAS; Wbudowana funkcja SMS; Wbudowany twardy dysk: 2 TB (DCP, RAID5)<\/td>\n<\/tr>\n<\/tbody>\n<\/table>\n<\/dd>\n<dt class=\"js-accordion__toggle accordion__toggle\">REGULATIONS<\/dt>\n<dd class=\"js-accordion__content\">\n<table class=\"datalist datalist--divided-inset\">\n<tbody>\n<tr>\n<td>Europa<\/td>\n<td>CE; DCI 1.2; EN 55022 1998, klasa A; EN55024 1998; EN61000-3-2; EN61000-3-3; IEC60825-1 Ed. 3: Class 1; IEC60825-1 Ed3 2014; IEC62471-5 Ed1 2015; T\u00dcV-GS<\/td>\n<\/tr>\n<tr>\n<td>Rosja\/Bia\u0142oru\u015b\/Kazachstan<\/td>\n<td>EAC; EN55022 1998, Class A; EN55024 1998; EN61000-3-2; EN61000-3-3; IEC60825-1 Ed3 2014; IEC60950-1; IEC62471-5 Ed1 2015<\/td>\n<\/tr>\n<\/tbody>\n<\/table>\n<\/dd>\n<dt class=\"js-accordion__toggle accordion__toggle\">GWARANCJA<\/dt>\n<dd class=\"js-accordion__content\">\n<table class=\"datalist datalist--divided-inset\">\n<tbody>\n<tr>\n<td>Gwarancja<\/td>\n<td>2 rok, gwarancja na cz\u0119\u015bci<\/td>\n<\/tr>\n<tr>\n<td>\u0179r\u00f3d\u0142o \u015bwiat\u0142a<\/td>\n<td>2 lat lub 7500 h ( w zale\u017cno\u015bci od tego, co nast\u0105pi wcze\u015bniej)<\/td>\n<\/tr>\n<\/tbody>\n<\/table>\n<\/dd>\n<dt class=\"js-accordion__toggle accordion__toggle\">ZEWN\u0118TRZNY SYSTEM CH\u0141ODZENIA<\/dt>\n<dd class=\"js-accordion__content\">\n<table class=\"datalist datalist--divided-inset\">\n<tbody>\n<tr>\n<td>Wymiary (szer. x wys. x g\u0142\u0119b.) [mm]<\/td>\n<td>700 x 575 x 650; D\u0142ugo\u015b\u0107 w\u0119\u017ca: 2\u00a0m i\u00a05\u00a0m<\/td>\n<\/tr>\n<tr>\n<td>Waga [kg]<\/td>\n<td>108<\/td>\n<\/tr>\n<tr>\n<td>Wymagania dotycz\u0105ce zasilania<\/td>\n<td>200\u2013240\u00a0V, pr\u0105d jednofazowy, 10\u00a0A przy 200\u00a0V AC<\/td>\n<\/tr>\n<tr>\n<td>Zu\u017cycie energii [W]<\/td>\n<td>1640 maks.<\/td>\n<\/tr>\n<tr>\n<td>Poziom szum\u00f3w [dB(A)]<\/td>\n<td>&lt; 60<\/td>\n<\/tr>\n<\/tbody>\n<\/table>\n<\/dd>\n<\/dl>\n","protected":false},"excerpt":{"rendered":"<div class=\"columns medium-6 product-features\">\n<table class=\"datalist datalist--divided-fullwidth\">\n<tbody>\n<tr>\n<td>Typ<\/td>\n<td>DLP<\/td>\n<\/tr>\n<tr>\n<td>Wspierane wymiary ekranu<\/td>\n<td>do 17 metr\u00f3w (56 st\u00f3p)<\/td>\n<\/tr>\n<tr>\n<td>Rozdzielczo\u015b\u0107<\/td>\n<td>2048 x 1080<\/td>\n<\/tr>\n<tr>\n<td>\u0179r\u00f3d\u0142o \u015bwiat\u0142a<\/td>\n<td>Laser czerwono-niebieski<\/td>\n<\/tr>\n<tr>\n<td>Kod produktu<\/td>\n<td>60004088<\/td>\n<\/tr>\n<\/tbody>\n<\/table>\n<\/div>\n","protected":false},"featured_media":758,"template":"","meta":{"inline_featured_image":false,"neve_meta_sidebar":"","neve_meta_container":"","neve_meta_enable_content_width":"off","neve_meta_content_width":100,"neve_meta_title_alignment":"","neve_meta_author_avatar":"","neve_post_elements_order":"","neve_meta_disable_header":"","neve_meta_disable_footer":"","neve_meta_disable_title":""},"pwb-brand":[28],"product_cat":[31],"product_tag":[],"yoast_head":"<!-- This site is optimized with the Yoast SEO plugin v22.6 - https:\/\/yoast.com\/wordpress\/plugins\/seo\/ -->\n<title>NEC NC1700L - Projektor - Monitory Komercyjne Monitory komercyjne<\/title>\n<meta name=\"robots\" content=\"index, follow, max-snippet:-1, max-image-preview:large, max-video-preview:-1\" \/>\n<link rel=\"canonical\" href=\"https:\/\/monitorykomercyjne.pl\/index.php\/produkt\/nec-nc1700l-projektor\/\" \/>\n<meta property=\"og:locale\" content=\"pl_PL\" \/>\n<meta property=\"og:type\" content=\"article\" \/>\n<meta property=\"og:title\" content=\"NEC NC1700L - Projektor - Monitory Komercyjne Monitory komercyjne\" \/>\n<meta property=\"og:description\" content=\"TypDLPWspierane wymiary ekranudo 17 metr\u00f3w (56 st\u00f3p)Rozdzielczo\u015b\u01072048 x 1080\u0179r\u00f3d\u0142o \u015bwiat\u0142aLaser czerwono-niebieskiKod produktu60004088\" \/>\n<meta property=\"og:url\" content=\"https:\/\/monitorykomercyjne.pl\/index.php\/produkt\/nec-nc1700l-projektor\/\" \/>\n<meta property=\"og:site_name\" content=\"Monitory Komercyjne\" \/>\n<meta property=\"article:modified_time\" content=\"2024-05-09T07:39:44+00:00\" \/>\n<meta property=\"og:image\" content=\"https:\/\/monitorykomercyjne.pl\/wp-content\/uploads\/2024\/03\/NEC-NC1402L1.jpg\" \/>\n\t<meta property=\"og:image:width\" content=\"1600\" \/>\n\t<meta property=\"og:image:height\" content=\"1200\" \/>\n\t<meta property=\"og:image:type\" content=\"image\/jpeg\" \/>\n<meta name=\"twitter:card\" content=\"summary_large_image\" \/>\n<meta name=\"twitter:label1\" content=\"Szacowany czas czytania\" \/>\n\t<meta name=\"twitter:data1\" content=\"4 minuty\" \/>\n<script type=\"application\/ld+json\" class=\"yoast-schema-graph\">{\"@context\":\"https:\/\/schema.org\",\"@graph\":[{\"@type\":\"WebPage\",\"@id\":\"https:\/\/monitorykomercyjne.pl\/index.php\/produkt\/nec-nc1700l-projektor\/\",\"url\":\"https:\/\/monitorykomercyjne.pl\/index.php\/produkt\/nec-nc1700l-projektor\/\",\"name\":\"NEC NC1700L - Projektor - Monitory Komercyjne Monitory komercyjne\",\"isPartOf\":{\"@id\":\"https:\/\/monitorykomercyjne.pl\/#website\"},\"primaryImageOfPage\":{\"@id\":\"https:\/\/monitorykomercyjne.pl\/index.php\/produkt\/nec-nc1700l-projektor\/#primaryimage\"},\"image\":{\"@id\":\"https:\/\/monitorykomercyjne.pl\/index.php\/produkt\/nec-nc1700l-projektor\/#primaryimage\"},\"thumbnailUrl\":\"https:\/\/monitorykomercyjne.pl\/wp-content\/uploads\/2024\/03\/NEC-NC1402L1.jpg\",\"datePublished\":\"2024-03-06T09:03:39+00:00\",\"dateModified\":\"2024-05-09T07:39:44+00:00\",\"breadcrumb\":{\"@id\":\"https:\/\/monitorykomercyjne.pl\/index.php\/produkt\/nec-nc1700l-projektor\/#breadcrumb\"},\"inLanguage\":\"pl-PL\",\"potentialAction\":[{\"@type\":\"ReadAction\",\"target\":[\"https:\/\/monitorykomercyjne.pl\/index.php\/produkt\/nec-nc1700l-projektor\/\"]}]},{\"@type\":\"ImageObject\",\"inLanguage\":\"pl-PL\",\"@id\":\"https:\/\/monitorykomercyjne.pl\/index.php\/produkt\/nec-nc1700l-projektor\/#primaryimage\",\"url\":\"https:\/\/monitorykomercyjne.pl\/wp-content\/uploads\/2024\/03\/NEC-NC1402L1.jpg\",\"contentUrl\":\"https:\/\/monitorykomercyjne.pl\/wp-content\/uploads\/2024\/03\/NEC-NC1402L1.jpg\",\"width\":1600,\"height\":1200},{\"@type\":\"BreadcrumbList\",\"@id\":\"https:\/\/monitorykomercyjne.pl\/index.php\/produkt\/nec-nc1700l-projektor\/#breadcrumb\",\"itemListElement\":[{\"@type\":\"ListItem\",\"position\":1,\"name\":\"Strona g\u0142\u00f3wna\",\"item\":\"https:\/\/monitorykomercyjne.pl\/\"},{\"@type\":\"ListItem\",\"position\":2,\"name\":\"Produkty\",\"item\":\"https:\/\/monitorykomercyjne.pl\/index.php\/produkty\/\"},{\"@type\":\"ListItem\",\"position\":3,\"name\":\"NEC NC1700L &#8211; Projektor\"}]},{\"@type\":\"WebSite\",\"@id\":\"https:\/\/monitorykomercyjne.pl\/#website\",\"url\":\"https:\/\/monitorykomercyjne.pl\/\",\"name\":\"Monitory Komercyjne\",\"description\":\"\",\"potentialAction\":[{\"@type\":\"SearchAction\",\"target\":{\"@type\":\"EntryPoint\",\"urlTemplate\":\"https:\/\/monitorykomercyjne.pl\/?s={search_term_string}\"},\"query-input\":\"required name=search_term_string\"}],\"inLanguage\":\"pl-PL\"}]}<\/script>\n<!-- \/ Yoast SEO plugin. -->","yoast_head_json":{"title":"NEC NC1700L - Projektor - Monitory Komercyjne Monitory komercyjne","robots":{"index":"index","follow":"follow","max-snippet":"max-snippet:-1","max-image-preview":"max-image-preview:large","max-video-preview":"max-video-preview:-1"},"canonical":"https:\/\/monitorykomercyjne.pl\/index.php\/produkt\/nec-nc1700l-projektor\/","og_locale":"pl_PL","og_type":"article","og_title":"NEC NC1700L - Projektor - Monitory Komercyjne Monitory komercyjne","og_description":"TypDLPWspierane wymiary ekranudo 17 metr\u00f3w (56 st\u00f3p)Rozdzielczo\u015b\u01072048 x 1080\u0179r\u00f3d\u0142o \u015bwiat\u0142aLaser czerwono-niebieskiKod produktu60004088","og_url":"https:\/\/monitorykomercyjne.pl\/index.php\/produkt\/nec-nc1700l-projektor\/","og_site_name":"Monitory Komercyjne","article_modified_time":"2024-05-09T07:39:44+00:00","og_image":[{"width":1600,"height":1200,"url":"https:\/\/monitorykomercyjne.pl\/wp-content\/uploads\/2024\/03\/NEC-NC1402L1.jpg","type":"image\/jpeg"}],"twitter_card":"summary_large_image","twitter_misc":{"Szacowany czas czytania":"4 minuty"},"schema":{"@context":"https:\/\/schema.org","@graph":[{"@type":"WebPage","@id":"https:\/\/monitorykomercyjne.pl\/index.php\/produkt\/nec-nc1700l-projektor\/","url":"https:\/\/monitorykomercyjne.pl\/index.php\/produkt\/nec-nc1700l-projektor\/","name":"NEC NC1700L - Projektor - Monitory Komercyjne Monitory komercyjne","isPartOf":{"@id":"https:\/\/monitorykomercyjne.pl\/#website"},"primaryImageOfPage":{"@id":"https:\/\/monitorykomercyjne.pl\/index.php\/produkt\/nec-nc1700l-projektor\/#primaryimage"},"image":{"@id":"https:\/\/monitorykomercyjne.pl\/index.php\/produkt\/nec-nc1700l-projektor\/#primaryimage"},"thumbnailUrl":"https:\/\/monitorykomercyjne.pl\/wp-content\/uploads\/2024\/03\/NEC-NC1402L1.jpg","datePublished":"2024-03-06T09:03:39+00:00","dateModified":"2024-05-09T07:39:44+00:00","breadcrumb":{"@id":"https:\/\/monitorykomercyjne.pl\/index.php\/produkt\/nec-nc1700l-projektor\/#breadcrumb"},"inLanguage":"pl-PL","potentialAction":[{"@type":"ReadAction","target":["https:\/\/monitorykomercyjne.pl\/index.php\/produkt\/nec-nc1700l-projektor\/"]}]},{"@type":"ImageObject","inLanguage":"pl-PL","@id":"https:\/\/monitorykomercyjne.pl\/index.php\/produkt\/nec-nc1700l-projektor\/#primaryimage","url":"https:\/\/monitorykomercyjne.pl\/wp-content\/uploads\/2024\/03\/NEC-NC1402L1.jpg","contentUrl":"https:\/\/monitorykomercyjne.pl\/wp-content\/uploads\/2024\/03\/NEC-NC1402L1.jpg","width":1600,"height":1200},{"@type":"BreadcrumbList","@id":"https:\/\/monitorykomercyjne.pl\/index.php\/produkt\/nec-nc1700l-projektor\/#breadcrumb","itemListElement":[{"@type":"ListItem","position":1,"name":"Strona g\u0142\u00f3wna","item":"https:\/\/monitorykomercyjne.pl\/"},{"@type":"ListItem","position":2,"name":"Produkty","item":"https:\/\/monitorykomercyjne.pl\/index.php\/produkty\/"},{"@type":"ListItem","position":3,"name":"NEC NC1700L &#8211; Projektor"}]},{"@type":"WebSite","@id":"https:\/\/monitorykomercyjne.pl\/#website","url":"https:\/\/monitorykomercyjne.pl\/","name":"Monitory Komercyjne","description":"","potentialAction":[{"@type":"SearchAction","target":{"@type":"EntryPoint","urlTemplate":"https:\/\/monitorykomercyjne.pl\/?s={search_term_string}"},"query-input":"required name=search_term_string"}],"inLanguage":"pl-PL"}]}},"brands":[{"id":28,"name":"SharpNEC","slug":"sharpnec"}],"_links":{"self":[{"href":"https:\/\/monitorykomercyjne.pl\/index.php\/wp-json\/wp\/v2\/product\/764"}],"collection":[{"href":"https:\/\/monitorykomercyjne.pl\/index.php\/wp-json\/wp\/v2\/product"}],"about":[{"href":"https:\/\/monitorykomercyjne.pl\/index.php\/wp-json\/wp\/v2\/types\/product"}],"wp:featuredmedia":[{"embeddable":true,"href":"https:\/\/monitorykomercyjne.pl\/index.php\/wp-json\/wp\/v2\/media\/758"}],"wp:attachment":[{"href":"https:\/\/monitorykomercyjne.pl\/index.php\/wp-json\/wp\/v2\/media?parent=764"}],"wp:term":[{"taxonomy":"pwb-brand","embeddable":true,"href":"https:\/\/monitorykomercyjne.pl\/index.php\/wp-json\/wp\/v2\/pwb-brand?post=764"},{"taxonomy":"product_cat","embeddable":true,"href":"https:\/\/monitorykomercyjne.pl\/index.php\/wp-json\/wp\/v2\/product_cat?post=764"},{"taxonomy":"product_tag","embeddable":true,"href":"https:\/\/monitorykomercyjne.pl\/index.php\/wp-json\/wp\/v2\/product_tag?post=764"}],"curies":[{"name":"wp","href":"https:\/\/api.w.org\/{rel}","templated":true}]}}