{"id":77,"date":"2024-02-21T09:57:30","date_gmt":"2024-02-21T08:57:30","guid":{"rendered":"https:\/\/monitorykomercyjne.pl\/?post_type=product&#038;p=77"},"modified":"2024-05-09T09:40:03","modified_gmt":"2024-05-09T07:40:03","slug":"ds-d5sc3b-b-bezprzewodowy-adapter-hikvision","status":"publish","type":"product","link":"https:\/\/monitorykomercyjne.pl\/index.php\/produkt\/ds-d5sc3b-b-bezprzewodowy-adapter-hikvision\/","title":{"rendered":"DS-D5SC3B-B &#8211; bezprzewodowy adapter HIKVISION"},"content":{"rendered":"<div class=\"scroll-item\" style=\"padding-top: 1rem;\" data-v-84c9af30=\"\">\n<div class=\"line-title\" data-v-84c9af30=\"\"><span style=\"vertical-align: inherit;\"><span style=\"vertical-align: inherit;\">Specyfikacja<\/span><\/span><\/div>\n<div data-v-84c9af30=\"\">\n<div class=\"el-table el-table--fit el-table--border el-table--enable-row-hover el-table--enable-row-transition\" style=\"width: 100%;\" data-v-84c9af30=\"\">\n<div class=\"\">\n<div data-v-84c9af30=\"\"><\/div>\n<div data-v-84c9af30=\"\">\n<table class=\"el-table__body\" style=\"width: 1809px;\" border=\"0\" cellspacing=\"0\" cellpadding=\"0\">\n<colgroup>\n<col width=\"180\" \/>\n<col width=\"180\" \/>\n<col width=\"1449\" \/><\/colgroup>\n<tbody>\n<tr class=\"el-table__row\">\n<td class=\"el-table_1_column_10 \">\n<div class=\"cell show-overflow-title\">\n<div class=\"label\"><span style=\"vertical-align: inherit;\"><span style=\"vertical-align: inherit;\">Model produktu<\/span><\/span><\/div>\n<\/div>\n<\/td>\n<td class=\"el-table_1_column_11 \">\n<div class=\"cell show-overflow-title\">\n<div class=\"label\"><span style=\"vertical-align: inherit;\"><span style=\"vertical-align: inherit;\">Model produktu<\/span><\/span><\/div>\n<\/div>\n<\/td>\n<td class=\"el-table_1_column_12 \">\n<div class=\"cell show-overflow-title\">\n<div class=\"label\"><span style=\"vertical-align: inherit;\"><span style=\"vertical-align: inherit;\">DS-D5SC3B-B<\/span><\/span><\/div>\n<\/div>\n<\/td>\n<\/tr>\n<tr class=\"el-table__row\">\n<td class=\"el-table_1_column_10 \">\n<div class=\"cell show-overflow-title\">\n<div class=\"label\"><span style=\"vertical-align: inherit;\"><span style=\"vertical-align: inherit;\">Wy\u015bwietlacz<\/span><\/span><\/div>\n<\/div>\n<\/td>\n<td class=\"el-table_1_column_11 \">\n<div class=\"cell show-overflow-title\">\n<div class=\"label\"><span style=\"vertical-align: inherit;\"><span style=\"vertical-align: inherit;\">Rezolucja<\/span><\/span><\/div>\n<\/div>\n<\/td>\n<td class=\"el-table_1_column_12 \">\n<div class=\"cell show-overflow-title\">\n<div class=\"label\"><span style=\"vertical-align: inherit;\"><span style=\"vertical-align: inherit;\">1080P\/4K<\/span><\/span><\/div>\n<\/div>\n<\/td>\n<\/tr>\n<tr class=\"el-table__row\">\n<td class=\"el-table_1_column_10 \" style=\"background: white;\" colspan=\"1\" rowspan=\"3\">\n<div class=\"cell show-overflow-title\">\n<div class=\"label\"><span style=\"vertical-align: inherit;\"><span style=\"vertical-align: inherit;\">Wbudowany system<\/span><\/span><\/div>\n<\/div>\n<\/td>\n<td class=\"el-table_1_column_11 \">\n<div class=\"cell show-overflow-title\">\n<div class=\"label\"><span style=\"vertical-align: inherit;\"><span style=\"vertical-align: inherit;\">Pami\u0119\u0107<\/span><\/span><\/div>\n<\/div>\n<\/td>\n<td class=\"el-table_1_column_12 \">\n<div class=\"cell show-overflow-title\">\n<div class=\"label\"><span style=\"vertical-align: inherit;\"><span style=\"vertical-align: inherit;\">512 MB<\/span><\/span><\/div>\n<\/div>\n<\/td>\n<\/tr>\n<tr class=\"el-table__row\">\n<td class=\"el-table_1_column_11 \">\n<div class=\"cell show-overflow-title\">\n<div class=\"label\"><span style=\"vertical-align: inherit;\"><span style=\"vertical-align: inherit;\">Wbudowana pami\u0119\u0107<\/span><\/span><\/div>\n<\/div>\n<\/td>\n<td class=\"el-table_1_column_12 \">\n<div class=\"cell show-overflow-title\">\n<div class=\"label\"><span style=\"vertical-align: inherit;\"><span style=\"vertical-align: inherit;\">4 GB<\/span><\/span><\/div>\n<\/div>\n<\/td>\n<\/tr>\n<tr class=\"el-table__row\">\n<td class=\"el-table_1_column_11 \">\n<div class=\"cell show-overflow-title\">\n<div class=\"label\"><span style=\"vertical-align: inherit;\"><span style=\"vertical-align: inherit;\">karta netto<\/span><\/span><\/div>\n<\/div>\n<\/td>\n<td class=\"el-table_1_column_12 \">\n<div class=\"cell show-overflow-title\">\n<div class=\"label\"><span style=\"vertical-align: inherit;\"><span style=\"vertical-align: inherit;\">Wbudowana gigabitowa karta sieciowa obs\u0142uguj\u0105ca 2,4G\/5G.<\/span><\/span><\/div>\n<\/div>\n<\/td>\n<\/tr>\n<tr class=\"el-table__row\">\n<td class=\"el-table_1_column_10 \">\n<div class=\"cell show-overflow-title\">\n<div class=\"label\"><span style=\"vertical-align: inherit;\"><span style=\"vertical-align: inherit;\">Interfejs<\/span><\/span><\/div>\n<\/div>\n<\/td>\n<td class=\"el-table_1_column_11 \">\n<div class=\"cell show-overflow-title\">\n<div class=\"label\"><span style=\"vertical-align: inherit;\"><span style=\"vertical-align: inherit;\">Interfejs zasilania<\/span><\/span><\/div>\n<\/div>\n<\/td>\n<td class=\"el-table_1_column_12 \" title=\"Type-C, obs\u0142uguje komunikacj\u0119 CC i automatycznie prze\u0142\u0105cza kierunek \u0142adowania, osi\u0105gaj\u0105c szybkie \u0142adowanie laptop\u00f3w o mocy 60 W za pomoc\u0105 adaptera i \u0142adowanie telefon\u00f3w kom\u00f3rkowych 5 V\/500 mA z laptop\u00f3w.\">\n<div class=\"cell show-overflow-title\">\n<div class=\"label\"><span style=\"vertical-align: inherit;\"><span style=\"vertical-align: inherit;\">Type-C, obs\u0142uguje komunikacj\u0119 CC i automatycznie prze\u0142\u0105cza kierunek \u0142adowania, osi\u0105gaj\u0105c szybkie \u0142adowanie laptop\u00f3w o mocy 60 W za pomoc\u0105 adaptera i \u0142adowanie telefon\u00f3w kom\u00f3rkowych 5 V\/500 mA z laptop\u00f3w.<\/span><\/span><\/div>\n<\/div>\n<\/td>\n<\/tr>\n<tr class=\"el-table__row\">\n<td class=\"el-table_1_column_10 \" style=\"background: white;\" colspan=\"1\" rowspan=\"2\">\n<div class=\"cell show-overflow-title\">\n<div class=\"label\"><span style=\"vertical-align: inherit;\"><span style=\"vertical-align: inherit;\">Moc<\/span><\/span><\/div>\n<\/div>\n<\/td>\n<td class=\"el-table_1_column_11 \">\n<div class=\"cell show-overflow-title\">\n<div class=\"label\"><span style=\"vertical-align: inherit;\"><span style=\"vertical-align: inherit;\">Pob\u00f3r energii<\/span><\/span><\/div>\n<\/div>\n<\/td>\n<td class=\"el-table_1_column_12 \">\n<div class=\"cell show-overflow-title\">\n<div class=\"label\">2.8 W<\/div>\n<\/div>\n<\/td>\n<\/tr>\n<tr class=\"el-table__row\">\n<td class=\"el-table_1_column_11 \">\n<div class=\"cell show-overflow-title\">\n<div class=\"label\"><span style=\"vertical-align: inherit;\"><span style=\"vertical-align: inherit;\">Moc znamionowa<\/span><\/span><\/div>\n<\/div>\n<\/td>\n<td class=\"el-table_1_column_12 \">\n<div class=\"cell show-overflow-title\">\n<div class=\"label\"><span style=\"vertical-align: inherit;\"><span style=\"vertical-align: inherit;\">5 V\/900 mA<\/span><\/span><\/div>\n<\/div>\n<\/td>\n<\/tr>\n<tr class=\"el-table__row\">\n<td class=\"el-table_1_column_10 \" style=\"background: white;\" colspan=\"1\" rowspan=\"13\">\n<div class=\"cell show-overflow-title\">\n<div class=\"label\"><span style=\"vertical-align: inherit;\"><span style=\"vertical-align: inherit;\">Og\u00f3lny<\/span><\/span><\/div>\n<\/div>\n<\/td>\n<td class=\"el-table_1_column_11 \">\n<div class=\"cell show-overflow-title\">\n<div class=\"label\"><span style=\"vertical-align: inherit;\"><span style=\"vertical-align: inherit;\">Wymiary produktu<\/span><\/span><\/div>\n<\/div>\n<\/td>\n<td class=\"el-table_1_column_12 \">\n<div class=\"cell show-overflow-title\">\n<div class=\"label\"><span style=\"vertical-align: inherit;\"><span style=\"vertical-align: inherit;\">189 \u00d7 58 \u00d7 17 mm<\/span><\/span><\/div>\n<\/div>\n<\/td>\n<\/tr>\n<tr class=\"el-table__row\">\n<td class=\"el-table_1_column_11 \">\n<div class=\"cell show-overflow-title\">\n<div class=\"label\"><span style=\"vertical-align: inherit;\"><span style=\"vertical-align: inherit;\">Wymiary opakowania (szer. \u00d7 wys. \u00d7 g\u0142.)<\/span><\/span><\/div>\n<\/div>\n<\/td>\n<td class=\"el-table_1_column_12 \">\n<div class=\"cell show-overflow-title\">\n<div class=\"label\"><span style=\"vertical-align: inherit;\"><span style=\"vertical-align: inherit;\">235 \u00d7 90 \u00d7 30 mm<\/span><\/span><\/div>\n<\/div>\n<\/td>\n<\/tr>\n<tr class=\"el-table__row\">\n<td class=\"el-table_1_column_11 \">\n<div class=\"cell show-overflow-title\">\n<div class=\"label\"><span style=\"vertical-align: inherit;\"><span style=\"vertical-align: inherit;\">Waga netto<\/span><\/span><\/div>\n<\/div>\n<\/td>\n<td class=\"el-table_1_column_12 \">\n<div class=\"cell show-overflow-title\">\n<div class=\"label\"><span style=\"vertical-align: inherit;\"><span style=\"vertical-align: inherit;\">90 g<\/span><\/span><\/div>\n<\/div>\n<\/td>\n<\/tr>\n<tr class=\"el-table__row\">\n<td class=\"el-table_1_column_11 \">\n<div class=\"cell show-overflow-title\">\n<div class=\"label\"><span style=\"vertical-align: inherit;\"><span style=\"vertical-align: inherit;\">Waga brutto<\/span><\/span><\/div>\n<\/div>\n<\/td>\n<td class=\"el-table_1_column_12 \">\n<div class=\"cell show-overflow-title\">\n<div class=\"label\"><span style=\"vertical-align: inherit;\"><span style=\"vertical-align: inherit;\">210 g<\/span><\/span><\/div>\n<\/div>\n<\/td>\n<\/tr>\n<tr class=\"el-table__row\">\n<td class=\"el-table_1_column_11 \">\n<div class=\"cell show-overflow-title\">\n<div class=\"label\"><span style=\"vertical-align: inherit;\"><span style=\"vertical-align: inherit;\">Lista rzeczy do spakowania<\/span><\/span><\/div>\n<\/div>\n<\/td>\n<td class=\"el-table_1_column_12 \">\n<div class=\"cell show-overflow-title\">\n<div class=\"label\"><span style=\"vertical-align: inherit;\"><span style=\"vertical-align: inherit;\">Host \u00d7 1, instrukcja \u00d7 1, adapter USB typu A\/typu C \u00d7 1<\/span><\/span><\/div>\n<\/div>\n<\/td>\n<\/tr>\n<tr class=\"el-table__row\">\n<td class=\"el-table_1_column_11 \">\n<div class=\"cell show-overflow-title\">\n<div class=\"label\"><span style=\"vertical-align: inherit;\"><span style=\"vertical-align: inherit;\">Cz\u0119stotliwo\u015b\u0107 wy\u015bwietlania klatek<\/span><\/span><\/div>\n<\/div>\n<\/td>\n<td class=\"el-table_1_column_12 \">\n<div class=\"cell show-overflow-title\">\n<div class=\"label\"><span style=\"vertical-align: inherit;\"><span style=\"vertical-align: inherit;\">30 kl.\/s<\/span><\/span><\/div>\n<\/div>\n<\/td>\n<\/tr>\n<tr class=\"el-table__row\">\n<td class=\"el-table_1_column_11 \">\n<div class=\"cell show-overflow-title\">\n<div class=\"label\"><span style=\"vertical-align: inherit;\"><span style=\"vertical-align: inherit;\">Op\u00f3\u017anienie transmisji<\/span><\/span><\/div>\n<\/div>\n<\/td>\n<td class=\"el-table_1_column_12 \">\n<div class=\"cell show-overflow-title\">\n<div class=\"label\"><span style=\"vertical-align: inherit;\"><span style=\"vertical-align: inherit;\">\u2264 350 ms<\/span><\/span><\/div>\n<\/div>\n<\/td>\n<\/tr>\n<tr class=\"el-table__row\">\n<td class=\"el-table_1_column_11 \">\n<div class=\"cell show-overflow-title\">\n<div class=\"label\"><span style=\"vertical-align: inherit;\"><span style=\"vertical-align: inherit;\">Protok\u00f3\u0142 transmisji bezprzewodowej<\/span><\/span><\/div>\n<\/div>\n<\/td>\n<td class=\"el-table_1_column_12 \">\n<div class=\"cell show-overflow-title\">\n<div class=\"label\"><span style=\"vertical-align: inherit;\"><span style=\"vertical-align: inherit;\">IEEE 802.11 a\/g\/n\/ac<\/span><\/span><\/div>\n<\/div>\n<\/td>\n<\/tr>\n<tr class=\"el-table__row\">\n<td class=\"el-table_1_column_11 \">\n<div class=\"cell show-overflow-title\">\n<div class=\"label\"><span style=\"vertical-align: inherit;\"><span style=\"vertical-align: inherit;\">Szyfrowanie<\/span><\/span><\/div>\n<\/div>\n<\/td>\n<td class=\"el-table_1_column_12 \">\n<div class=\"cell show-overflow-title\">\n<div class=\"label\"><span style=\"vertical-align: inherit;\"><span style=\"vertical-align: inherit;\">AES<\/span><\/span><\/div>\n<\/div>\n<\/td>\n<\/tr>\n<tr class=\"el-table__row\">\n<td class=\"el-table_1_column_11 \">\n<div class=\"cell show-overflow-title\">\n<div class=\"label\"><span style=\"vertical-align: inherit;\"><span style=\"vertical-align: inherit;\">NFC<\/span><\/span><\/div>\n<\/div>\n<\/td>\n<td class=\"el-table_1_column_12 \">\n<div class=\"cell show-overflow-title\">\n<div class=\"label\"><span style=\"vertical-align: inherit;\"><span style=\"vertical-align: inherit;\">Protok\u00f3\u0142 ISO\/IEC 14443-A, 13,56 MHz, 106 Kb\/s<\/span><\/span><\/div>\n<\/div>\n<\/td>\n<\/tr>\n<tr class=\"el-table__row\">\n<td class=\"el-table_1_column_11 \">\n<div class=\"cell show-overflow-title\">\n<div class=\"label\"><span style=\"vertical-align: inherit;\"><span style=\"vertical-align: inherit;\">Parametry d\u017awi\u0119ku<\/span><\/span><\/div>\n<\/div>\n<\/td>\n<td class=\"el-table_1_column_12 \">\n<div class=\"cell show-overflow-title\">\n<div class=\"label\"><span style=\"vertical-align: inherit;\"><span style=\"vertical-align: inherit;\">Cz\u0119stotliwo\u015b\u0107 pr\u00f3bkowania 48000 Hz, g\u0142\u0119boko\u015b\u0107 16 bit\u00f3w, kodowanie ACC, podw\u00f3jny kana\u0142<\/span><\/span><\/div>\n<\/div>\n<\/td>\n<\/tr>\n<tr class=\"el-table__row\">\n<td class=\"el-table_1_column_11 \">\n<div class=\"cell show-overflow-title\">\n<div class=\"label\"><span style=\"vertical-align: inherit;\"><span style=\"vertical-align: inherit;\">Parametry wideo<\/span><\/span><\/div>\n<\/div>\n<\/td>\n<td class=\"el-table_1_column_12 \">\n<div class=\"cell show-overflow-title\">\n<div class=\"label\"><span style=\"vertical-align: inherit;\"><span style=\"vertical-align: inherit;\">10-bitowa g\u0142\u0119bia kolor\u00f3w, format kodowania H.264<\/span><\/span><\/div>\n<\/div>\n<\/td>\n<\/tr>\n<tr class=\"el-table__row\">\n<td class=\"el-table_1_column_11 \">\n<div class=\"cell show-overflow-title\">\n<div class=\"label\"><span style=\"vertical-align: inherit;\"><span style=\"vertical-align: inherit;\">Protok\u00f3\u0142 USB<\/span><\/span><\/div>\n<\/div>\n<\/td>\n<td class=\"el-table_1_column_12 \">\n<div class=\"cell show-overflow-title\">\n<div class=\"label\"><span style=\"vertical-align: inherit;\"><span style=\"vertical-align: inherit;\">Obs\u0142uga USB 2.0<\/span><\/span><\/div>\n<\/div>\n<\/td>\n<\/tr>\n<tr class=\"el-table__row\">\n<td class=\"el-table_1_column_10 \" colspan=\"1\" rowspan=\"2\">\n<div class=\"cell show-overflow-title\">\n<div class=\"label\"><span style=\"vertical-align: inherit;\"><span style=\"vertical-align: inherit;\">\u015arodowisko pracy<\/span><\/span><\/div>\n<\/div>\n<\/td>\n<td class=\"el-table_1_column_11 \">\n<div class=\"cell show-overflow-title\">\n<div class=\"label\"><span style=\"vertical-align: inherit;\"><span style=\"vertical-align: inherit;\">Temperatura pracy<\/span><\/span><\/div>\n<\/div>\n<\/td>\n<td class=\"el-table_1_column_12 \">\n<div class=\"cell show-overflow-title\">\n<div class=\"label\"><span style=\"vertical-align: inherit;\"><span style=\"vertical-align: inherit;\">0 \u2103 ~ 40 \u2103<\/span><\/span><\/div>\n<\/div>\n<\/td>\n<\/tr>\n<tr class=\"el-table__row\">\n<td class=\"el-table_1_column_11 \">\n<div class=\"cell show-overflow-title\">\n<div class=\"label\"><span style=\"vertical-align: inherit;\"><span style=\"vertical-align: inherit;\">Wilgotno\u015b\u0107 robocza<\/span><\/span><\/div>\n<\/div>\n<\/td>\n<td class=\"el-table_1_column_12 \">\n<div class=\"cell show-overflow-title\">\n<div class=\"label\"><span style=\"vertical-align: inherit;\"><span style=\"vertical-align: inherit;\">10% ~ 95% wilgotno\u015bci wzgl\u0119dnej<\/span><\/span><\/div>\n<\/div>\n<\/td>\n<\/tr>\n<\/tbody>\n<\/table>\n<\/div>\n<\/div>\n<div class=\"el-table__body-wrapper\">\n<p>&nbsp;<\/p>\n<\/div>\n<p>&nbsp;<\/p>\n<div class=\"el-table__column-resize-proxy\" style=\"display: none;\"><\/div>\n<\/div>\n<\/div>\n<\/div>\n","protected":false},"excerpt":{"rendered":"<div class=\"title\" data-v-45fb1eb0=\"\">Cechy i funkcje<\/div>\n<div class=\"details-feature\" data-v-45fb1eb0=\"\">\n<ul data-v-45fb1eb0=\"\">\n<li data-v-45fb1eb0=\"\">Obs\u0142uga systemu Windows\/Mac OS. Interfejs typu C typu plug-and-play. Obs\u0142uga podw\u00f3jnej cz\u0119stotliwo\u015bci Wi-Fi 2.4G\/5G. Obs\u0142uga rozdzielczo\u015bci do 4K. Obs\u0142uga kontroli odwrotnej w systemie Windows\/Mac. Dodaj modu\u0142 NFC, aby obs\u0142ugiwa\u0107 funkcj\u0119 dublowania ekranu NFC w telefonach z systemem Android. Wsparcie po\u015bredniego \u0142adowania laptop\u00f3w. Obs\u0142uga szybkiego tworzenia kopii lustrzanej ekranu na interaktywnym p\u0142askim panelu Hikvision.<\/li>\n<\/ul>\n<\/div>\n","protected":false},"featured_media":1026,"template":"","meta":{"inline_featured_image":false,"neve_meta_sidebar":"","neve_meta_container":"","neve_meta_enable_content_width":"off","neve_meta_content_width":100,"neve_meta_title_alignment":"","neve_meta_author_avatar":"","neve_post_elements_order":"","neve_meta_disable_header":"","neve_meta_disable_footer":"","neve_meta_disable_title":""},"pwb-brand":[29],"product_cat":[18],"product_tag":[],"yoast_head":"<!-- This site is optimized with the Yoast SEO plugin v22.6 - https:\/\/yoast.com\/wordpress\/plugins\/seo\/ -->\n<title>DS-D5SC3B-B - bezprzewodowy adapter HIKVISION - Monitory Komercyjne Monitory komercyjne<\/title>\n<meta name=\"robots\" content=\"index, follow, max-snippet:-1, max-image-preview:large, max-video-preview:-1\" \/>\n<link rel=\"canonical\" href=\"https:\/\/monitorykomercyjne.pl\/index.php\/produkt\/ds-d5sc3b-b-bezprzewodowy-adapter-hikvision\/\" \/>\n<meta property=\"og:locale\" content=\"pl_PL\" \/>\n<meta property=\"og:type\" content=\"article\" \/>\n<meta property=\"og:title\" content=\"DS-D5SC3B-B - bezprzewodowy adapter HIKVISION - Monitory Komercyjne Monitory komercyjne\" \/>\n<meta property=\"og:description\" content=\"Cechy i funkcje    Obs\u0142uga systemu Windows\/Mac OS. Interfejs typu C typu plug-and-play. Obs\u0142uga podw\u00f3jnej cz\u0119stotliwo\u015bci Wi-Fi 2.4G\/5G. Obs\u0142uga rozdzielczo\u015bci do 4K. Obs\u0142uga kontroli odwrotnej w systemie Windows\/Mac. Dodaj modu\u0142 NFC, aby obs\u0142ugiwa\u0107 funkcj\u0119 dublowania ekranu NFC w telefonach z systemem Android. Wsparcie po\u015bredniego \u0142adowania laptop\u00f3w. Obs\u0142uga szybkiego tworzenia kopii lustrzanej ekranu na interaktywnym p\u0142askim panelu Hikvision.\" \/>\n<meta property=\"og:url\" content=\"https:\/\/monitorykomercyjne.pl\/index.php\/produkt\/ds-d5sc3b-b-bezprzewodowy-adapter-hikvision\/\" \/>\n<meta property=\"og:site_name\" content=\"Monitory Komercyjne\" \/>\n<meta property=\"article:modified_time\" content=\"2024-05-09T07:40:03+00:00\" \/>\n<meta property=\"og:image\" content=\"https:\/\/monitorykomercyjne.pl\/wp-content\/uploads\/2024\/03\/DS-D5SC3B-B1-1.png\" \/>\n\t<meta property=\"og:image:width\" content=\"960\" \/>\n\t<meta property=\"og:image:height\" content=\"720\" \/>\n\t<meta property=\"og:image:type\" content=\"image\/png\" \/>\n<meta name=\"twitter:card\" content=\"summary_large_image\" \/>\n<meta name=\"twitter:label1\" content=\"Szacowany czas czytania\" \/>\n\t<meta name=\"twitter:data1\" content=\"2 minuty\" \/>\n<script type=\"application\/ld+json\" class=\"yoast-schema-graph\">{\"@context\":\"https:\/\/schema.org\",\"@graph\":[{\"@type\":\"WebPage\",\"@id\":\"https:\/\/monitorykomercyjne.pl\/index.php\/produkt\/ds-d5sc3b-b-bezprzewodowy-adapter-hikvision\/\",\"url\":\"https:\/\/monitorykomercyjne.pl\/index.php\/produkt\/ds-d5sc3b-b-bezprzewodowy-adapter-hikvision\/\",\"name\":\"DS-D5SC3B-B - bezprzewodowy adapter HIKVISION - Monitory Komercyjne Monitory komercyjne\",\"isPartOf\":{\"@id\":\"https:\/\/monitorykomercyjne.pl\/#website\"},\"primaryImageOfPage\":{\"@id\":\"https:\/\/monitorykomercyjne.pl\/index.php\/produkt\/ds-d5sc3b-b-bezprzewodowy-adapter-hikvision\/#primaryimage\"},\"image\":{\"@id\":\"https:\/\/monitorykomercyjne.pl\/index.php\/produkt\/ds-d5sc3b-b-bezprzewodowy-adapter-hikvision\/#primaryimage\"},\"thumbnailUrl\":\"https:\/\/monitorykomercyjne.pl\/wp-content\/uploads\/2024\/03\/DS-D5SC3B-B1-1.png\",\"datePublished\":\"2024-02-21T08:57:30+00:00\",\"dateModified\":\"2024-05-09T07:40:03+00:00\",\"breadcrumb\":{\"@id\":\"https:\/\/monitorykomercyjne.pl\/index.php\/produkt\/ds-d5sc3b-b-bezprzewodowy-adapter-hikvision\/#breadcrumb\"},\"inLanguage\":\"pl-PL\",\"potentialAction\":[{\"@type\":\"ReadAction\",\"target\":[\"https:\/\/monitorykomercyjne.pl\/index.php\/produkt\/ds-d5sc3b-b-bezprzewodowy-adapter-hikvision\/\"]}]},{\"@type\":\"ImageObject\",\"inLanguage\":\"pl-PL\",\"@id\":\"https:\/\/monitorykomercyjne.pl\/index.php\/produkt\/ds-d5sc3b-b-bezprzewodowy-adapter-hikvision\/#primaryimage\",\"url\":\"https:\/\/monitorykomercyjne.pl\/wp-content\/uploads\/2024\/03\/DS-D5SC3B-B1-1.png\",\"contentUrl\":\"https:\/\/monitorykomercyjne.pl\/wp-content\/uploads\/2024\/03\/DS-D5SC3B-B1-1.png\",\"width\":960,\"height\":720},{\"@type\":\"BreadcrumbList\",\"@id\":\"https:\/\/monitorykomercyjne.pl\/index.php\/produkt\/ds-d5sc3b-b-bezprzewodowy-adapter-hikvision\/#breadcrumb\",\"itemListElement\":[{\"@type\":\"ListItem\",\"position\":1,\"name\":\"Strona g\u0142\u00f3wna\",\"item\":\"https:\/\/monitorykomercyjne.pl\/\"},{\"@type\":\"ListItem\",\"position\":2,\"name\":\"Produkty\",\"item\":\"https:\/\/monitorykomercyjne.pl\/index.php\/produkty\/\"},{\"@type\":\"ListItem\",\"position\":3,\"name\":\"DS-D5SC3B-B &#8211; bezprzewodowy adapter HIKVISION\"}]},{\"@type\":\"WebSite\",\"@id\":\"https:\/\/monitorykomercyjne.pl\/#website\",\"url\":\"https:\/\/monitorykomercyjne.pl\/\",\"name\":\"Monitory Komercyjne\",\"description\":\"\",\"potentialAction\":[{\"@type\":\"SearchAction\",\"target\":{\"@type\":\"EntryPoint\",\"urlTemplate\":\"https:\/\/monitorykomercyjne.pl\/?s={search_term_string}\"},\"query-input\":\"required name=search_term_string\"}],\"inLanguage\":\"pl-PL\"}]}<\/script>\n<!-- \/ Yoast SEO plugin. -->","yoast_head_json":{"title":"DS-D5SC3B-B - bezprzewodowy adapter HIKVISION - Monitory Komercyjne Monitory komercyjne","robots":{"index":"index","follow":"follow","max-snippet":"max-snippet:-1","max-image-preview":"max-image-preview:large","max-video-preview":"max-video-preview:-1"},"canonical":"https:\/\/monitorykomercyjne.pl\/index.php\/produkt\/ds-d5sc3b-b-bezprzewodowy-adapter-hikvision\/","og_locale":"pl_PL","og_type":"article","og_title":"DS-D5SC3B-B - bezprzewodowy adapter HIKVISION - Monitory Komercyjne Monitory komercyjne","og_description":"Cechy i funkcje    Obs\u0142uga systemu Windows\/Mac OS. Interfejs typu C typu plug-and-play. Obs\u0142uga podw\u00f3jnej cz\u0119stotliwo\u015bci Wi-Fi 2.4G\/5G. Obs\u0142uga rozdzielczo\u015bci do 4K. Obs\u0142uga kontroli odwrotnej w systemie Windows\/Mac. Dodaj modu\u0142 NFC, aby obs\u0142ugiwa\u0107 funkcj\u0119 dublowania ekranu NFC w telefonach z systemem Android. Wsparcie po\u015bredniego \u0142adowania laptop\u00f3w. Obs\u0142uga szybkiego tworzenia kopii lustrzanej ekranu na interaktywnym p\u0142askim panelu Hikvision.","og_url":"https:\/\/monitorykomercyjne.pl\/index.php\/produkt\/ds-d5sc3b-b-bezprzewodowy-adapter-hikvision\/","og_site_name":"Monitory Komercyjne","article_modified_time":"2024-05-09T07:40:03+00:00","og_image":[{"width":960,"height":720,"url":"https:\/\/monitorykomercyjne.pl\/wp-content\/uploads\/2024\/03\/DS-D5SC3B-B1-1.png","type":"image\/png"}],"twitter_card":"summary_large_image","twitter_misc":{"Szacowany czas czytania":"2 minuty"},"schema":{"@context":"https:\/\/schema.org","@graph":[{"@type":"WebPage","@id":"https:\/\/monitorykomercyjne.pl\/index.php\/produkt\/ds-d5sc3b-b-bezprzewodowy-adapter-hikvision\/","url":"https:\/\/monitorykomercyjne.pl\/index.php\/produkt\/ds-d5sc3b-b-bezprzewodowy-adapter-hikvision\/","name":"DS-D5SC3B-B - bezprzewodowy adapter HIKVISION - Monitory Komercyjne Monitory komercyjne","isPartOf":{"@id":"https:\/\/monitorykomercyjne.pl\/#website"},"primaryImageOfPage":{"@id":"https:\/\/monitorykomercyjne.pl\/index.php\/produkt\/ds-d5sc3b-b-bezprzewodowy-adapter-hikvision\/#primaryimage"},"image":{"@id":"https:\/\/monitorykomercyjne.pl\/index.php\/produkt\/ds-d5sc3b-b-bezprzewodowy-adapter-hikvision\/#primaryimage"},"thumbnailUrl":"https:\/\/monitorykomercyjne.pl\/wp-content\/uploads\/2024\/03\/DS-D5SC3B-B1-1.png","datePublished":"2024-02-21T08:57:30+00:00","dateModified":"2024-05-09T07:40:03+00:00","breadcrumb":{"@id":"https:\/\/monitorykomercyjne.pl\/index.php\/produkt\/ds-d5sc3b-b-bezprzewodowy-adapter-hikvision\/#breadcrumb"},"inLanguage":"pl-PL","potentialAction":[{"@type":"ReadAction","target":["https:\/\/monitorykomercyjne.pl\/index.php\/produkt\/ds-d5sc3b-b-bezprzewodowy-adapter-hikvision\/"]}]},{"@type":"ImageObject","inLanguage":"pl-PL","@id":"https:\/\/monitorykomercyjne.pl\/index.php\/produkt\/ds-d5sc3b-b-bezprzewodowy-adapter-hikvision\/#primaryimage","url":"https:\/\/monitorykomercyjne.pl\/wp-content\/uploads\/2024\/03\/DS-D5SC3B-B1-1.png","contentUrl":"https:\/\/monitorykomercyjne.pl\/wp-content\/uploads\/2024\/03\/DS-D5SC3B-B1-1.png","width":960,"height":720},{"@type":"BreadcrumbList","@id":"https:\/\/monitorykomercyjne.pl\/index.php\/produkt\/ds-d5sc3b-b-bezprzewodowy-adapter-hikvision\/#breadcrumb","itemListElement":[{"@type":"ListItem","position":1,"name":"Strona g\u0142\u00f3wna","item":"https:\/\/monitorykomercyjne.pl\/"},{"@type":"ListItem","position":2,"name":"Produkty","item":"https:\/\/monitorykomercyjne.pl\/index.php\/produkty\/"},{"@type":"ListItem","position":3,"name":"DS-D5SC3B-B &#8211; bezprzewodowy adapter HIKVISION"}]},{"@type":"WebSite","@id":"https:\/\/monitorykomercyjne.pl\/#website","url":"https:\/\/monitorykomercyjne.pl\/","name":"Monitory Komercyjne","description":"","potentialAction":[{"@type":"SearchAction","target":{"@type":"EntryPoint","urlTemplate":"https:\/\/monitorykomercyjne.pl\/?s={search_term_string}"},"query-input":"required name=search_term_string"}],"inLanguage":"pl-PL"}]}},"brands":[{"id":29,"name":"Hikvision","slug":"hikvision"}],"_links":{"self":[{"href":"https:\/\/monitorykomercyjne.pl\/index.php\/wp-json\/wp\/v2\/product\/77"}],"collection":[{"href":"https:\/\/monitorykomercyjne.pl\/index.php\/wp-json\/wp\/v2\/product"}],"about":[{"href":"https:\/\/monitorykomercyjne.pl\/index.php\/wp-json\/wp\/v2\/types\/product"}],"wp:featuredmedia":[{"embeddable":true,"href":"https:\/\/monitorykomercyjne.pl\/index.php\/wp-json\/wp\/v2\/media\/1026"}],"wp:attachment":[{"href":"https:\/\/monitorykomercyjne.pl\/index.php\/wp-json\/wp\/v2\/media?parent=77"}],"wp:term":[{"taxonomy":"pwb-brand","embeddable":true,"href":"https:\/\/monitorykomercyjne.pl\/index.php\/wp-json\/wp\/v2\/pwb-brand?post=77"},{"taxonomy":"product_cat","embeddable":true,"href":"https:\/\/monitorykomercyjne.pl\/index.php\/wp-json\/wp\/v2\/product_cat?post=77"},{"taxonomy":"product_tag","embeddable":true,"href":"https:\/\/monitorykomercyjne.pl\/index.php\/wp-json\/wp\/v2\/product_tag?post=77"}],"curies":[{"name":"wp","href":"https:\/\/api.w.org\/{rel}","templated":true}]}}